V/Λ SELECT: Month and Year
OR > Month
Monthly Climatological Summary for Mai 2016
Name: Das Wetter in Pocking City: Pocking State: Germany
Elevation: 324 m Lat: N 48° 24' 09" Lon: E 013° 18' 30"
Temperature (°C), Rain (mm), Wind Speed (m/s)
Heat Cool Avg
Mean Deg Deg Wind Dom
Day Temp High Time Low Time Days Days Rain Speed High Time Dir
----------------------------------------------------------------------------------
01 12,9 16,0 13:30 10,9 22:30 5,4 0,0 5,4 0,3 6,7 14:00 E
02 13,3 18,6 17:00 9,7 06:00 5,1 0,0 0,2 0,2 2,7 09:00 WSW
03 13,5 20,0 16:30 8,4 06:00 4,9 0,2 0,0 0,4 7,2 18:00 NNW
04 11,1 14,1 15:00 8,8 06:30 7,2 0,0 0,6 0,3 5,4 14:00 NNW
05 12,4 17,2 17:00 8,9 05:30 5,9 0,0 0,0 0,0 5,4 14:30 ESE
06 15,7 23,1 16:30 8,7 05:30 3,7 1,1 0,0 0,0 5,8 13:30 ESE
07 17,9 24,7 16:00 11,2 06:30 2,2 1,7 0,0 0,0 6,3 11:30 ESE
08 17,8 24,2 16:00 11,6 05:30 2,1 1,6 0,0 0,2 7,2 12:00 ENE
09 18,6 25,3 16:30 11,9 06:00 1,8 2,1 0,0 0,1 6,3 10:30 ESE
10 18,2 23,5 14:30 13,2 05:00 1,5 1,4 0,0 0,0 6,3 13:30 S
11 18,6 23,9 16:30 14,1 07:00 1,2 1,4 0,0 0,2 7,6 17:00 E
12 17,3 23,7 13:30 13,2 23:00 1,8 0,8 26,6 0,0 6,3 15:00 SW
13 13,5 15,4 16:00 12,3 07:30 4,8 0,0 17,4 0,1 4,9 15:30 SW
14 14,4 19,1 15:30 11,3 23:59 3,9 0,0 2,4 0,2 8,9 16:00 WNW
15 11,0 14,1 17:00 8,7 06:00 7,3 0,0 0,0 0,4 5,4 12:30 NW
16 9,6 11,9 15:30 8,6 05:30 8,7 0,0 5,0 0,2 5,8 09:00 WSW
17 11,3 15,0 17:30 7,9 05:30 7,0 0,0 0,0 0,2 4,5 18:00 W
18 14,4 19,8 15:30 9,8 06:00 4,1 0,1 0,2 0,0 2,7 12:00 E
19 13,4 17,9 15:00 10,3 04:30 4,9 0,0 4,4 0,2 5,8 17:00 S
20 14,4 19,1 17:00 11,6 01:30 4,0 0,1 0,2 0,1 3,6 13:00 S
21 16,5 23,4 16:30 9,6 06:00 3,2 1,3 0,0 0,0 3,6 11:30 ENE
22 20,3 28,6 16:30 12,1 05:30 1,8 3,7 0,0 0,1 5,8 14:30 E
23 16,6 21,3 14:00 10,8 23:59 2,3 0,5 7,0 0,2 8,0 15:30 SSW
24 11,7 12,8 15:00 10,4 06:00 6,6 0,0 17,0 0,0 3,6 11:30 S
25 14,6 18,8 17:00 11,9 01:30 3,8 0,0 0,4 0,0 2,7 17:00 NNW
26 17,1 23,8 16:30 10,8 05:30 2,7 1,4 0,0 0,0 0,0 00:30 NNW
27 20,4 27,5 16:30 14,0 06:30 1,2 3,3 0,0 0,0 0,0 00:30 NNW
28 21,3 26,2 16:30 16,9 06:30 0,1 3,1 0,4 0,2 4,5 17:30 NE
29 21,5 27,5 15:30 16,8 06:00 0,3 3,4 0,0 0,2 4,9 13:30 S
30 19,8 24,6 16:00 16,9 06:00 0,2 1,7 1,2 0,0 3,1 17:00 WSW
31 16,1 17,9 00:30 14,8 23:30 2,3 0,0 33,0 0,0 2,7 16:30 SSE
----------------------------------------------------------------------------------
15,7 28,6 22 7,9 17 112,0 28,9 121,4 0,1 8,9 14 W
Max >= 27,0 3
Max <= 0,0 0
Min <= 0,0 0
Min <= -18,0 0
Max Rain: 33,0 on day 31
Days of Rain: 16 (>= 0,2 mm) 9 (>= 2,0 mm) 2 (>= 20,0 mm)
Heat Base: 18,3 Cool Base: 18,3 Method: Integration