V/Λ SELECT: Month and Year
OR > Month
Monthly Climatological Summary for Mrz 2016
Name: Das Wetter in Pocking City: Pocking State: Germany
Elevation: 324 m Lat: N 48° 24' 09" Lon: E 013° 18' 30"
Temperature (°C), Rain (mm), Wind Speed (m/s)
Heat Cool Avg
Mean Deg Deg Wind Dom
Day Temp High Time Low Time Days Days Rain Speed High Time Dir
----------------------------------------------------------------------------------
01 2,5 3,9 00:30 1,8 06:30 15,8 0,0 1,6 0,3 4,9 11:30 WSW
02 4,9 8,6 15:30 1,9 01:30 13,4 0,0 6,8 0,2 6,7 21:30 W
03 4,5 6,0 14:00 3,4 08:30 13,8 0,0 1,0 0,1 4,0 12:30 WNW
04 5,3 8,2 13:30 3,2 01:30 13,1 0,0 0,0 0,4 5,8 14:30 E
05 5,8 9,1 15:00 3,6 06:00 12,5 0,0 0,2 0,3 4,0 10:00 WSW
06 5,3 7,8 15:00 2,9 23:00 13,0 0,0 1,8 0,5 6,7 11:00 W
07 4,8 7,7 13:30 2,7 07:00 13,6 0,0 0,6 0,1 2,7 15:00 NNE
08 4,3 6,7 14:30 2,7 05:00 14,1 0,0 2,0 0,2 3,1 16:30 SSW
09 4,8 8,5 15:00 2,1 05:30 13,5 0,0 0,0 0,9 7,2 13:30 E
10 3,9 7,7 16:00 0,6 07:00 14,4 0,0 0,0 0,1 2,2 13:00 SSE
11 6,2 9,7 13:30 2,8 05:30 12,2 0,0 0,0 0,2 3,1 11:30 ESE
12 6,2 7,3 16:00 5,3 06:30 12,2 0,0 0,0 0,2 3,1 12:30 ESE
13 6,3 8,4 14:00 5,2 06:30 12,0 0,0 0,4 0,4 4,9 13:30 E
14 5,4 8,3 16:00 2,1 23:59 12,9 0,0 0,0 0,8 7,2 10:00 NNE
15 2,9 4,8 15:30 1,4 03:00 15,4 0,0 5,6 0,0 0,9 14:00 SE
16 4,5 7,8 15:30 1,9 06:30 13,8 0,0 0,0 1,2 8,5 13:30 E
17 5,9 11,3 15:00 1,2 07:00 12,4 0,0 0,0 0,4 5,8 12:30 E
18 6,4 12,4 16:00 1,4 07:00 11,9 0,0 0,0 0,3 4,5 12:00 W
19 7,4 12,8 15:00 3,6 06:00 10,9 0,0 0,0 0,4 3,6 12:00 NW
20 6,9 10,8 15:30 4,3 01:30 11,4 0,0 0,0 0,5 4,0 09:30 W
21 6,8 11,1 14:30 3,6 02:00 11,5 0,0 0,0 0,2 3,6 16:00 WSW
22 7,5 9,7 11:30 5,8 23:59 10,8 0,0 0,2 0,3 4,0 13:00 WNW
23 7,5 10,1 13:00 4,9 06:00 10,8 0,0 0,0 0,2 3,1 14:00 NNW
24 7,4 10,1 15:30 5,4 04:30 10,9 0,0 0,0 0,7 5,8 13:30 SW
25 7,6 10,2 13:30 5,9 05:30 10,7 0,0 3,8 0,2 4,9 20:00 WNW
26 7,4 10,4 16:30 4,8 23:30 10,9 0,0 1,2 0,1 3,1 10:30 E
27 8,7 13,9 15:30 4,1 02:30 9,7 0,0 0,0 0,3 6,3 09:30 NNW
28 11,0 15,1 16:00 8,2 23:59 7,3 0,0 0,8 0,1 4,0 09:30 E
29 10,6 14,8 15:00 6,9 05:00 7,7 0,0 0,2 0,5 8,0 12:00 SSE
30 12,1 17,3 14:30 8,5 05:30 6,2 0,0 0,4 0,2 4,9 15:00 NW
31 14,6 20,7 15:30 8,9 06:30 4,1 0,3 0,0 0,3 4,5 12:00 E
----------------------------------------------------------------------------------
6,6 20,7 31 0,6 10 362,9 0,3 26,6 0,3 8,5 16 ENE
Max >= 27,0 0
Max <= 0,0 0
Min <= 0,0 0
Min <= -18,0 0
Max Rain: 6,8 on day 2
Days of Rain: 15 (>= 0,2 mm) 4 (>= 2,0 mm) 0 (>= 20,0 mm)
Heat Base: 18,3 Cool Base: 18,3 Method: Integration