V/Λ SELECT: Month and Year
OR > Month
Monthly Climatological Summary for Nov 2015
Name: Das Wetter in Pocking City: Pocking State: Germany
Elevation: 324 m Lat: N 48° 24' 09" Lon: E 013° 18' 30"
Temperature (°C), Rain (mm), Wind Speed (m/s)
Heat Cool Avg
Mean Deg Deg Wind Dom
Day Temp High Time Low Time Days Days Rain Speed High Time Dir
----------------------------------------------------------------------------------
01 10,6 14,7 14:30 7,1 08:00 7,8 0,0 0,0 0,2 5,4 16:00 E
02 7,1 11,7 15:00 3,7 06:30 11,2 0,0 0,0 0,0 3,6 15:00 ENE
03 4,6 7,2 14:30 3,4 07:30 13,7 0,0 0,0 0,2 4,9 10:00 ENE
04 5,9 9,0 14:30 3,2 07:30 12,4 0,0 0,0 0,0 1,8 14:30 N
05 8,0 12,1 15:00 5,7 05:30 10,3 0,0 0,0 0,0 0,0 00:30 N
06 7,7 10,8 16:00 5,2 06:30 10,6 0,0 0,0 0,0 0,0 00:30 N
07 10,4 12,6 16:00 7,5 05:00 7,9 0,0 4,8 0,0 0,9 12:30 SW
08 12,3 14,1 13:30 9,9 07:30 6,0 0,0 0,0 0,0 1,3 14:30 ENE
09 12,8 14,6 16:00 11,6 08:00 5,5 0,0 1,4 0,0 2,2 17:00 WSW
10 13,5 16,3 14:30 11,7 21:00 4,8 0,0 0,0 0,2 4,0 04:30 W
11 12,2 14,9 13:30 8,8 23:59 6,2 0,0 0,2 0,1 3,1 14:30 NW
12 8,3 11,8 14:30 5,8 08:00 10,0 0,0 0,0 0,0 1,3 11:00 SSE
13 6,6 8,9 15:00 3,7 06:00 11,8 0,0 0,2 0,0 1,3 13:00 NNW
14 9,1 10,9 13:30 7,9 07:30 9,3 0,0 2,8 0,6 8,5 02:30 W
15 10,6 14,0 21:30 8,3 03:00 7,8 0,0 3,0 0,3 7,2 21:30 W
16 10,1 13,2 15:00 6,7 23:59 8,2 0,0 0,2 0,0 0,0 00:30 W
17 8,7 12,8 22:30 5,1 08:00 9,6 0,0 0,2 0,0 4,9 22:30 WSW
18 13,0 16,1 13:30 7,7 23:59 5,3 0,0 0,0 0,4 11,2 08:30 WNW
19 11,1 15,3 23:59 6,2 05:30 7,3 0,0 0,0 0,3 8,9 11:00 W
20 10,7 15,7 02:00 6,4 23:59 7,6 0,0 29,2 0,0 4,0 07:30 WNW
21 5,6 6,6 14:00 3,4 23:00 12,7 0,0 0,8 0,1 4,0 01:30 WSW
22 3,2 3,9 00:30 1,9 23:00 15,2 0,0 0,6 0,2 5,4 01:00 SW
23 2,8 4,1 14:00 1,4 05:00 15,6 0,0 0,0 0,2 7,2 11:30 WNW
24 1,6 3,4 14:30 -0,6 23:59 16,7 0,0 0,0 0,0 0,9 10:30 WNW
25 1,3 2,7 23:00 -1,0 02:30 17,0 0,0 0,0 0,0 0,0 00:30 WNW
26 3,7 5,1 15:00 2,3 01:00 14,6 0,0 0,0 0,0 1,8 14:30 N
27 4,3 5,7 16:00 3,0 23:59 14,0 0,0 0,0 0,0 0,0 00:30 N
28 3,1 4,2 12:00 1,6 04:30 15,2 0,0 2,8 0,3 6,7 11:30 W
29 4,9 9,1 23:59 1,6 05:00 13,4 0,0 1,2 0,3 9,4 23:30 WNW
30 10,4 11,2 12:00 9,1 00:30 7,9 0,0 0,2 0,6 11,6 02:30 W
----------------------------------------------------------------------------------
7,8 16,3 10 -1,0 25 315,6 0,0 47,6 0,1 11,6 30 W
Max >= 27,0 0
Max <= 0,0 0
Min <= 0,0 2
Min <= -18,0 0
Max Rain: 29,2 on day 20
Days of Rain: 14 (>= 0,2 mm) 5 (>= 2,0 mm) 1 (>= 20,0 mm)
Heat Base: 18,3 Cool Base: 18,3 Method: Integration