V/Λ SELECT: Month and Year
OR > Month
Monthly Climatological Summary for Aug 2015
Name: Das Wetter in Pocking City: Pocking State: Germany
Elevation: 324 m Lat: N 48° 24' 09" Lon: E 013° 18' 30"
Temperature (°C), Rain (mm), Wind Speed (m/s)
Heat Cool Avg
Mean Deg Deg Wind Dom
Day Temp High Time Low Time Days Days Rain Speed High Time Dir
----------------------------------------------------------------------------------
01 20,7 27,1 14:30 14,7 06:00 0,8 3,2 0,0 0,0 4,9 10:00 W
02 19,4 22,1 16:30 17,7 08:00 0,1 1,2 3,8 0,0 2,2 11:30 S
03 21,5 27,6 16:30 17,1 02:00 0,3 3,5 0,0 0,0 2,7 08:00 WNW
04 23,8 31,4 16:30 16,3 07:00 0,3 5,8 0,0 0,1 7,2 22:00 NNE
05 25,6 31,4 17:00 20,5 07:00 0,0 7,2 0,0 0,0 3,1 13:30 NW
06 25,8 33,5 16:30 18,6 06:30 0,0 7,4 0,0 0,0 3,1 15:00 NNW
07 27,1 35,1 17:00 19,2 06:30 0,0 8,7 0,0 0,0 4,9 15:30 ENE
08 27,7 35,7 17:00 20,8 06:30 0,0 9,4 0,0 0,0 4,5 22:00 W
09 27,9 35,4 17:00 21,7 07:30 0,0 9,6 0,0 0,0 5,4 15:30 E
10 27,4 33,8 16:00 21,8 07:00 0,0 9,1 0,0 0,0 4,9 16:00 E
11 25,8 32,6 16:30 19,8 07:30 0,0 7,4 0,0 0,0 4,0 11:00 W
12 26,2 34,1 17:00 18,9 07:00 0,0 7,9 0,0 0,0 2,2 14:30 NNW
13 27,7 35,2 17:00 20,7 07:30 0,0 9,3 0,0 0,0 5,4 11:30 E
14 27,2 33,7 16:30 21,7 07:00 0,0 8,9 0,0 0,1 8,9 21:00 NW
15 24,8 29,9 16:00 21,0 07:30 0,0 6,4 0,0 0,1 4,5 23:30 NW
16 21,1 22,7 00:30 19,6 23:59 0,0 2,7 0,6 0,1 3,6 18:00 W
17 18,4 19,7 00:30 17,3 10:30 0,2 0,3 4,8 0,0 3,6 17:30 W
18 19,4 23,7 14:30 15,9 07:00 0,7 1,7 0,0 0,1 3,6 16:30 NNW
19 18,3 22,2 16:30 14,1 06:00 1,2 1,2 1,2 0,0 2,2 23:00 E
20 18,2 22,3 16:30 16,7 07:00 0,6 0,6 2,8 0,0 2,7 17:30 NE
21 19,2 23,7 17:00 15,9 07:00 0,7 1,6 0,0 0,0 0,0 00:30 NE
22 19,3 25,6 16:00 13,4 07:00 1,3 2,3 0,0 0,0 0,0 00:30 NE
23 20,3 27,1 17:00 13,4 07:00 1,3 3,2 0,0 0,1 4,9 22:30 E
24 23,1 29,3 17:00 17,8 07:30 0,0 4,7 0,0 0,1 10,7 23:00 W
25 19,9 23,7 16:00 16,8 23:59 0,1 1,7 0,0 0,3 4,5 00:30 S
26 19,2 26,8 16:30 12,2 06:30 1,8 2,7 0,0 0,0 4,5 12:00 NE
27 21,5 29,7 16:30 14,2 07:00 1,0 4,2 0,0 0,0 1,8 12:30 E
28 23,4 31,2 16:30 16,3 06:30 0,3 5,3 0,0 0,0 3,1 16:30 W
29 24,9 31,7 17:00 18,5 07:00 0,0 6,6 0,0 0,0 1,3 13:00 ENE
30 25,7 32,6 16:30 19,3 07:00 0,0 7,4 0,0 0,0 2,7 14:00 N
31 26,3 33,1 16:00 20,2 07:00 0,0 7,9 0,0 0,0 1,3 11:30 NNW
----------------------------------------------------------------------------------
23,1 35,7 8 12,2 26 10,7 159,1 13,2 0,0 10,7 24 WNW
Max >= 27,0 21
Max <= 0,0 0
Min <= 0,0 0
Min <= -18,0 0
Max Rain: 4,8 on day 17
Days of Rain: 5 (>= 0,2 mm) 3 (>= 2,0 mm) 0 (>= 20,0 mm)
Heat Base: 18,3 Cool Base: 18,3 Method: Integration