V/Λ SELECT: Month and Year
OR > Month
Monthly Climatological Summary for Mai 2015
Name: Das Wetter in Pocking City: Pocking State: Germany
Elevation: 324 m Lat: N 48° 24' 09" Lon: E 013° 18' 30"
Temperature (°C), Rain (mm), Wind Speed (m/s)
Heat Cool Avg
Mean Deg Deg Wind Dom
Day Temp High Time Low Time Days Days Rain Speed High Time Dir
----------------------------------------------------------------------------------
01 11,4 12,9 15:30 10,0 06:30 6,9 0,0 12,0 0,0 2,7 19:30 E
02 12,9 16,7 17:00 10,4 06:00 5,4 0,0 2,6 0,1 3,1 11:00 WSW
03 13,6 15,8 18:30 11,6 06:00 4,7 0,0 3,2 0,0 3,6 10:00 S
04 17,5 21,4 17:30 14,5 06:00 1,5 0,7 2,2 0,0 2,2 11:30 E
05 20,2 26,8 16:30 15,2 05:30 0,9 2,8 2,4 0,4 5,4 12:00 NNE
06 15,3 18,3 00:30 11,5 23:59 3,0 0,0 10,6 0,2 4,9 12:00 SSW
07 15,0 20,7 16:30 11,1 01:30 3,6 0,2 0,0 0,2 3,6 17:00 NNW
08 16,8 23,5 16:30 10,7 05:30 2,8 1,3 0,0 0,0 4,5 11:00 SSW
09 15,4 18,2 15:00 13,0 23:59 2,9 0,0 10,8 0,1 4,9 18:00 SW
10 15,7 21,4 16:00 11,3 05:00 3,1 0,4 0,2 0,6 5,8 15:30 NW
11 16,1 22,7 16:00 9,9 06:00 3,3 1,0 0,0 0,2 4,5 10:30 NE
12 18,1 25,4 17:00 11,2 05:30 2,3 2,1 0,0 0,0 3,6 08:30 E
13 19,1 23,5 15:30 15,9 09:00 0,6 1,3 1,0 0,2 3,6 12:30 ENE
14 17,9 22,2 17:00 15,3 06:30 1,1 0,7 5,6 0,3 4,5 11:30 SE
15 16,0 18,7 17:00 13,9 23:59 2,3 0,0 0,0 0,1 3,6 16:30 ESE
16 16,6 22,4 17:30 10,7 06:00 2,7 0,9 0,0 0,2 5,4 17:30 W
17 15,8 18,8 17:00 13,9 23:59 2,6 0,0 0,2 0,2 4,0 06:00 W
18 17,9 24,3 16:00 11,2 06:30 2,2 1,8 0,8 0,1 4,9 12:30 SSE
19 15,9 18,1 00:30 14,3 23:59 2,4 0,0 12,0 0,0 3,1 11:00 SE
20 11,6 14,4 00:30 10,0 22:00 6,7 0,0 21,2 0,2 4,5 13:30 W
21 11,3 12,6 12:00 9,8 05:30 7,1 0,0 5,4 0,0 1,3 05:30 WNW
22 13,6 16,6 17:00 10,6 05:30 4,8 0,0 0,2 0,1 3,1 17:30 S
23 12,7 14,0 12:30 11,4 23:59 5,6 0,0 13,2 0,1 3,1 16:00 WSW
24 12,3 15,2 15:30 10,9 05:00 6,0 0,0 8,6 0,0 2,2 11:00 S
25 15,4 19,3 17:00 12,1 05:30 2,9 0,1 0,2 0,2 4,5 22:00 NNW
26 15,3 19,3 15:00 13,4 23:59 3,1 0,0 0,2 0,7 6,3 15:30 W
27 13,2 17,0 17:00 10,4 23:59 5,2 0,0 0,0 0,6 5,8 16:00 NNW
28 14,8 21,4 17:00 8,9 04:30 4,1 0,5 0,0 0,1 3,1 14:00 WNW
29 17,9 25,2 16:00 11,1 06:00 2,4 1,9 1,8 0,1 4,9 23:00 W
30 17,9 22,7 12:30 14,7 05:00 1,3 0,9 1,6 0,8 6,7 00:30 NNW
31 18,3 24,2 15:00 12,9 05:30 1,7 1,7 1,2 0,2 3,1 11:30 N
----------------------------------------------------------------------------------
15,5 26,8 5 8,9 28 105,2 18,3 117,2 0,2 6,7 30 NW
Max >= 27,0 0
Max <= 0,0 0
Min <= 0,0 0
Min <= -18,0 0
Max Rain: 21,2 on day 20
Days of Rain: 23 (>= 0,2 mm) 13 (>= 2,0 mm) 1 (>= 20,0 mm)
Heat Base: 18,3 Cool Base: 18,3 Method: Integration