V/Λ SELECT: Month and Year
OR > Month
Monthly Climatological Summary for Feb 2015
Name: Das Wetter in Pocking City: Pocking State: Germany
Elevation: 324 m Lat: N 48° 24' 09" Lon: E 013° 18' 30"
Temperature (°C), Rain (mm), Wind Speed (m/s)
Heat Cool Avg
Mean Deg Deg Wind Dom
Day Temp High Time Low Time Days Days Rain Speed High Time Dir
----------------------------------------------------------------------------------
01 1,5 3,8 14:30 0,0 05:00 16,9 0,0 0,0 0,0 4,5 15:30 WNW
02 2,1 3,6 13:30 1,2 22:30 16,2 0,0 2,8 0,2 5,4 14:00 W
03 -1,0 2,1 15:00 -3,7 08:00 19,3 0,0 0,0 0,0 2,7 14:30 E
04 -2,9 -0,5 14:00 -4,4 03:30 21,2 0,0 0,0 0,0 0,0 00:30 E
05 -0,9 2,4 14:00 -4,8 05:00 19,3 0,0 0,0 0,9 7,6 20:30 ESE
06 -0,3 1,1 14:30 -1,7 05:30 18,7 0,0 0,0 0,5 8,9 01:00 E
07 -1,1 0,7 14:30 -2,7 23:30 19,4 0,0 0,0 0,0 2,7 12:00 WNW
08 -0,6 2,3 13:30 -2,4 00:30 18,9 0,0 1,2 1,2 7,6 14:00 NW
09 0,2 2,1 22:30 -1,6 08:30 18,2 0,0 1,4 0,2 4,5 00:30 W
10 2,9 4,9 13:00 1,8 02:00 15,4 0,0 0,0 0,4 4,5 06:00 NW
11 2,6 3,8 13:30 1,4 07:00 15,8 0,0 0,0 0,0 2,7 14:30 E
12 2,3 2,9 13:30 1,8 22:30 16,1 0,0 0,0 0,2 4,0 09:00 ESE
13 1,6 2,4 14:30 1,2 06:00 16,7 0,0 0,0 0,0 3,6 14:30 E
14 1,2 2,0 13:00 -0,5 23:59 17,2 0,0 0,0 0,2 4,9 13:00 ESE
15 1,8 5,0 15:00 -0,8 00:30 16,5 0,0 0,0 0,3 6,3 12:00 E
16 1,7 5,4 16:00 -0,4 07:00 16,6 0,0 0,0 0,0 0,0 00:30 E
17 1,2 4,9 16:00 -1,6 07:30 16,8 0,0 0,0 0,0 1,8 20:30 W
18 1,8 2,3 20:00 1,2 08:30 16,5 0,0 0,0 0,0 1,3 03:00 WNW
19 1,4 2,6 15:00 -0,8 23:59 16,9 0,0 0,0 0,0 0,9 16:00 S
20 1,2 5,5 16:00 -1,8 08:30 17,2 0,0 0,0 0,0 2,2 14:30 ESE
21 3,0 7,4 15:30 -0,1 07:00 15,3 0,0 0,0 0,1 4,0 15:30 E
22 4,0 6,7 13:30 2,1 07:00 14,3 0,0 0,6 0,0 3,6 14:30 W
23 5,4 8,2 15:00 3,6 08:30 12,9 0,0 2,2 0,0 6,7 16:30 W
24 5,7 6,7 13:00 4,4 23:59 12,6 0,0 0,4 0,1 3,6 13:30 W
25 4,8 6,9 15:00 2,6 23:59 13,5 0,0 0,0 0,0 3,1 13:00 W
26 3,3 7,0 15:30 1,2 08:30 15,0 0,0 0,2 0,0 2,2 14:30 E
27 3,6 7,4 16:00 -0,2 07:00 14,8 0,0 0,0 0,1 4,5 10:30 WSW
28 4,6 5,7 15:00 3,7 23:30 13,7 0,0 0,6 0,0 1,8 04:00 W
----------------------------------------------------------------------------------
1,8 8,2 23 -4,8 5 461,9 0,0 9,4 0,2 8,9 6 NE
Max >= 27,0 0
Max <= 0,0 1
Min <= 0,0 16
Min <= -18,0 0
Max Rain: 2,8 on day 2
Days of Rain: 8 (>= 0,2 mm) 2 (>= 2,0 mm) 0 (>= 20,0 mm)
Heat Base: 18,3 Cool Base: 18,3 Method: Integration