V/Λ SELECT: Month and Year
OR > Month
Monthly Climatological Summary for Jan 2015
Name: Das Wetter in Pocking City: Pocking State: Germany
Elevation: 324 m Lat: N 48° 24' 09" Lon: E 013° 18' 30"
Temperature (°C), Rain (mm), Wind Speed (m/s)
Heat Cool Avg
Mean Deg Deg Wind Dom
Day Temp High Time Low Time Days Days Rain Speed High Time Dir
----------------------------------------------------------------------------------
01 1,5 3,7 11:00 -0,2 00:30 16,9 0,0 0,0 0,0 0,9 11:30 N
02 0,9 3,1 23:59 -0,6 09:30 17,4 0,0 0,2 0,0 2,7 21:00 W
03 2,9 4,7 13:30 1,9 08:00 15,4 0,0 1,2 0,1 4,9 03:00 WSW
04 2,3 3,1 13:00 1,8 19:30 16,1 0,0 0,0 1,0 8,5 20:30 NNW
05 2,6 3,4 13:00 1,8 01:30 15,7 0,0 0,0 0,5 4,9 04:30 WSW
06 2,1 3,7 13:00 0,9 22:30 16,2 0,0 0,0 0,0 3,6 15:00 E
07 1,2 2,3 13:30 -0,2 08:00 17,2 0,0 0,2 0,0 0,0 00:30 E
08 2,7 5,9 23:59 -0,2 00:30 15,7 0,0 0,4 0,0 5,8 23:59 W
09 6,5 9,0 18:30 3,7 08:30 11,8 0,0 1,6 1,4 13,0 18:00 W
10 12,9 15,6 15:30 8,7 00:30 5,4 0,0 1,8 1,1 14,8 19:00 W
11 5,8 13,3 00:30 3,3 18:30 12,6 0,0 5,4 1,4 11,2 14:00 W
12 4,9 6,4 14:00 2,4 23:59 13,4 0,0 0,2 0,9 9,4 05:30 W
13 2,3 5,8 15:00 -0,2 08:30 16,1 0,0 0,0 0,0 0,4 11:00 W
14 3,4 6,1 14:30 0,6 03:00 14,9 0,0 0,2 0,2 11,6 19:30 WNW
15 3,3 5,9 15:00 1,0 07:30 15,0 0,0 0,0 0,0 3,6 14:30 ESE
16 3,2 4,8 17:00 0,7 07:00 15,2 0,0 0,0 0,4 4,9 07:30 E
17 3,8 4,8 11:00 3,0 05:00 14,6 0,0 4,4 0,0 3,6 12:30 SSW
18 3,8 4,7 14:30 2,9 01:30 14,5 0,0 0,2 0,0 2,2 15:00 E
19 3,8 5,2 12:00 1,4 23:59 14,6 0,0 0,0 0,1 4,0 14:30 E
20 2,5 3,5 14:00 0,9 02:30 15,8 0,0 0,0 0,0 1,8 05:00 E
21 2,8 3,4 23:30 2,2 08:00 15,5 0,0 0,0 0,5 8,0 21:30 E
22 3,4 5,2 13:30 1,6 04:30 14,9 0,0 0,0 0,0 3,6 01:30 WSW
23 3,4 3,9 12:00 2,6 23:00 14,9 0,0 2,4 0,0 1,8 14:00 W
24 2,1 2,8 00:30 1,4 17:30 16,3 0,0 0,0 0,1 3,6 15:30 W
25 2,4 3,5 12:30 1,6 08:00 15,9 0,0 0,0 0,5 4,9 13:30 SW
26 2,4 3,8 16:00 1,4 23:59 15,9 0,0 1,2 0,0 2,7 01:00 SSE
27 2,3 3,8 14:30 1,3 00:30 16,0 0,0 2,2 0,3 4,5 13:30 W
28 2,8 4,7 15:30 1,4 23:00 15,5 0,0 0,0 0,2 4,5 13:00 SSE
29 2,6 3,8 14:00 1,3 01:30 15,8 0,0 3,2 0,1 4,5 12:30 E
30 2,1 3,4 11:30 0,8 22:00 16,3 0,0 0,2 0,4 10,3 13:00 WSW
31 2,0 4,3 14:30 0,2 23:00 16,3 0,0 0,4 0,1 4,5 13:00 WNW
----------------------------------------------------------------------------------
3,2 15,6 10 -0,6 2 467,8 0,0 25,4 0,3 14,8 10 W
Max >= 27,0 0
Max <= 0,0 0
Min <= 0,0 5
Min <= -18,0 0
Max Rain: 5,4 on day 11
Days of Rain: 17 (>= 0,2 mm) 5 (>= 2,0 mm) 0 (>= 20,0 mm)
Heat Base: 18,3 Cool Base: 18,3 Method: Integration