V/Λ SELECT: Month and Year
OR > Month
Monthly Climatological Summary for Mai 2014
Name: Das Wetter in Pocking City: Pocking State: Germany
Elevation: 324 m Lat: N 48° 24' 09" Lon: E 013° 18' 30"
Temperature (°C), Rain (mm), Wind Speed (m/s)
Heat Cool Avg
Mean Deg Deg Wind Dom
Day Temp High Time Low Time Days Days Rain Speed High Time Dir
----------------------------------------------------------------------------------
01 15,8 20,3 16:00 12,9 02:30 2,8 0,3 0,0 0,1 3,1 15:30 NE
02 15,5 19,7 15:30 12,3 04:30 2,9 0,1 10,4 0,1 3,1 13:30 ENE
03 10,4 14,8 00:30 8,2 21:00 7,9 0,0 8,4 0,2 4,0 07:30 NW
04 11,0 15,5 16:00 7,8 06:00 7,3 0,0 0,0 0,1 3,6 14:30 SSE
05 12,4 18,3 16:00 6,5 06:30 5,9 0,0 0,0 0,0 2,7 12:00 NNW
06 15,1 22,4 16:00 7,8 06:00 4,0 0,8 0,0 0,0 3,1 08:00 E
07 14,6 16,3 00:30 12,2 23:30 3,8 0,0 5,6 0,0 5,4 12:00 WNW
08 14,7 19,9 17:00 10,9 06:30 3,7 0,1 0,8 0,0 4,5 10:00 SSE
09 15,8 20,5 15:30 12,9 01:00 2,7 0,2 3,6 0,0 4,0 04:30 W
10 17,2 22,0 17:30 13,6 06:00 1,9 0,8 0,2 0,0 6,3 21:30 NNW
11 13,6 16,1 00:30 11,2 23:59 4,7 0,0 5,2 0,1 5,4 05:30 S
12 12,1 15,6 17:00 9,2 07:00 6,3 0,0 5,4 0,3 7,6 13:30 W
13 11,1 14,1 13:30 9,7 22:00 7,2 0,0 4,2 0,0 3,6 12:00 W
14 11,3 14,8 13:00 8,9 05:30 7,0 0,0 0,8 0,6 7,6 11:30 NW
15 10,9 14,2 15:00 7,4 06:00 7,4 0,0 0,0 0,7 7,2 15:30 NNW
16 10,8 12,6 14:30 9,8 23:59 7,6 0,0 3,6 0,4 6,7 12:00 SSE
17 10,5 11,8 17:30 9,4 06:00 7,8 0,0 10,6 0,0 3,1 11:30 W
18 12,6 16,1 14:00 10,3 03:00 5,8 0,0 5,2 0,2 4,0 09:00 NNE
19 16,7 24,1 16:30 11,7 06:00 2,9 1,3 0,0 0,1 4,0 13:30 E
20 18,6 25,7 16:30 11,9 06:00 2,0 2,3 0,0 0,1 2,7 13:00 ENE
21 20,3 27,6 16:00 13,3 06:00 1,4 3,3 0,0 0,2 6,3 15:00 ENE
22 22,8 29,9 16:00 15,7 06:00 0,4 4,8 0,0 0,1 5,4 13:30 E
23 19,9 22,9 11:30 17,1 06:30 0,1 1,7 0,0 0,1 4,9 12:30 WNW
24 19,7 25,2 16:00 14,7 06:30 0,7 2,1 0,0 0,1 5,4 14:30 WNW
25 21,0 27,7 16:30 14,2 06:00 0,9 3,5 0,0 0,1 7,2 15:30 E
26 21,2 27,6 14:00 17,6 06:30 0,1 2,9 3,8 0,1 8,0 17:00 NNW
27 16,6 17,9 11:00 14,6 23:59 1,8 0,0 24,2 0,0 2,7 12:30 SW
28 13,8 14,6 00:30 13,0 07:30 4,6 0,0 20,4 0,2 5,8 09:00 SSW
29 13,6 14,6 11:30 11,6 23:59 4,8 0,0 18,0 0,1 3,1 12:00 WNW
30 12,0 14,1 15:00 9,7 06:00 6,3 0,0 0,4 0,1 2,7 09:30 N
31 13,6 19,6 15:00 9,1 05:30 4,7 0,0 0,2 0,0 0,0 00:30 N
----------------------------------------------------------------------------------
15,0 29,9 22 6,5 5 127,4 24,2 131,0 0,1 8,0 26 NNW
Max >= 27,0 4
Max <= 0,0 0
Min <= 0,0 0
Min <= -18,0 0
Max Rain: 24,2 on day 27
Days of Rain: 19 (>= 0,2 mm) 14 (>= 2,0 mm) 2 (>= 20,0 mm)
Heat Base: 18,3 Cool Base: 18,3 Method: Integration