V/Λ SELECT: Month and Year
OR > Month
Monthly Climatological Summary for Apr 2014
Name: Das Wetter in Pocking City: Pocking State: Germany
Elevation: 324 m Lat: N 48° 24' 09" Lon: E 013° 18' 30"
Temperature (°C), Rain (mm), Wind Speed (m/s)
Heat Cool Avg
Mean Deg Deg Wind Dom
Day Temp High Time Low Time Days Days Rain Speed High Time Dir
----------------------------------------------------------------------------------
01 10,8 17,1 15:30 5,4 06:00 7,5 0,0 0,0 0,0 1,8 10:30 E
02 12,0 18,3 15:30 6,6 06:00 6,3 0,0 0,0 0,1 3,6 15:00 E
03 12,9 19,5 16:30 6,6 06:00 5,5 0,1 0,0 0,0 2,2 14:00 E
04 13,8 17,9 16:00 10,5 07:00 4,6 0,0 0,0 0,1 4,0 16:30 ESE
05 12,9 17,9 16:00 8,4 06:30 5,4 0,0 0,0 0,0 3,1 17:30 W
06 13,9 17,8 16:30 11,6 06:00 4,4 0,0 0,4 0,2 4,5 14:30 NNE
07 14,1 20,5 16:30 8,3 07:00 4,6 0,3 0,2 0,0 3,1 15:30 E
08 12,4 15,3 14:00 9,3 07:00 5,9 0,0 2,2 0,2 7,2 14:00 W
09 10,6 13,7 15:30 8,0 08:00 7,8 0,0 0,2 1,0 8,0 04:00 W
10 10,0 11,9 15:00 8,0 05:30 8,3 0,0 3,8 0,8 7,2 13:30 W
11 11,3 15,4 16:30 8,0 03:30 7,1 0,0 0,2 0,2 4,0 11:00 W
12 12,9 18,7 17:00 8,0 07:30 5,4 0,0 0,0 0,1 4,5 18:00 E
13 12,8 17,3 17:00 10,2 04:30 5,5 0,0 0,6 0,3 4,9 15:00 W
14 9,8 13,7 13:30 6,9 23:59 8,5 0,0 4,6 0,7 8,9 21:30 WNW
15 6,4 8,3 15:30 4,0 07:30 11,9 0,0 2,0 0,8 6,3 10:30 W
16 7,3 11,6 15:30 4,3 05:00 11,0 0,0 0,8 0,2 5,4 15:30 N
17 7,6 13,7 16:30 1,8 07:00 10,8 0,0 0,0 0,0 2,7 11:00 SE
18 7,1 10,9 13:30 2,7 07:30 11,2 0,0 5,0 0,0 2,2 13:30 WNW
19 11,2 16,8 17:00 6,5 06:30 7,1 0,0 3,8 0,0 4,0 11:30 ESE
20 12,7 16,1 16:00 8,8 07:00 5,7 0,0 0,0 0,9 8,5 14:00 E
21 13,9 20,8 16:30 8,2 04:00 4,7 0,3 0,4 0,0 4,0 08:30 WNW
22 15,3 20,1 16:30 12,2 07:30 3,2 0,2 1,4 0,0 3,6 14:00 ESE
23 14,9 21,7 15:30 9,0 06:30 3,9 0,5 0,2 0,0 3,1 16:00 ESE
24 15,1 21,9 15:00 10,4 06:30 3,5 0,2 3,8 0,0 4,5 20:30 E
25 16,3 22,5 16:00 10,7 07:00 2,9 0,9 0,0 0,2 5,8 15:30 E
26 16,5 22,2 16:00 11,4 06:30 2,6 0,8 0,0 0,0 1,8 15:30 E
27 13,3 16,1 10:00 11,6 23:59 5,0 0,0 0,4 0,0 2,7 13:30 S
28 13,2 16,9 17:00 11,1 04:30 5,2 0,0 0,4 0,0 3,1 16:00 N
29 14,3 18,7 16:00 11,7 06:00 4,1 0,0 0,4 0,1 4,0 15:00 NW
30 15,7 22,1 17:00 10,7 04:30 3,3 0,7 0,0 0,1 5,4 14:00 W
----------------------------------------------------------------------------------
12,4 22,5 25 1,8 17 182,9 4,0 30,8 0,2 8,9 14 WNW
Max >= 27,0 0
Max <= 0,0 0
Min <= 0,0 0
Min <= -18,0 0
Max Rain: 5,0 on day 18
Days of Rain: 19 (>= 0,2 mm) 7 (>= 2,0 mm) 0 (>= 20,0 mm)
Heat Base: 18,3 Cool Base: 18,3 Method: Integration