V/Λ SELECT: Month and Year
OR > Month
Monthly Climatological Summary for Feb 2014
Name: Das Wetter in Pocking City: Pocking State: Germany
Elevation: 324 m Lat: N 48° 24' 09" Lon: E 013° 18' 30"
Temperature (°C), Rain (mm), Wind Speed (m/s)
Heat Cool Avg
Mean Deg Deg Wind Dom
Day Temp High Time Low Time Days Days Rain Speed High Time Dir
----------------------------------------------------------------------------------
01 3,2 8,1 15:00 -0,7 07:00 15,1 0,0 0,0 0,3 5,4 12:30 SSW
02 2,1 3,2 00:30 0,8 09:00 16,2 0,0 0,4 0,0 2,2 18:00 ESE
03 2,2 4,2 15:30 1,3 23:59 16,1 0,0 0,0 0,9 6,7 14:00 E
04 1,4 2,8 14:30 0,1 08:00 16,9 0,0 0,0 0,2 4,0 00:30 E
05 2,8 6,2 16:00 0,6 01:30 15,6 0,0 0,0 0,4 4,9 12:30 SW
06 4,9 9,0 14:30 2,6 07:30 13,4 0,0 0,0 0,0 2,7 13:30 E
07 5,7 8,7 17:30 3,0 08:00 12,7 0,0 0,0 0,4 4,5 16:30 S
08 6,3 9,1 15:00 2,9 07:30 12,0 0,0 0,0 0,2 5,8 13:30 E
09 5,4 6,8 14:30 2,5 23:59 12,9 0,0 0,6 0,2 5,8 05:30 S
10 3,8 6,8 15:30 0,2 05:30 14,5 0,0 0,0 0,4 7,6 11:30 E
11 5,3 7,7 13:30 1,9 23:59 13,0 0,0 2,6 0,0 2,7 12:00 W
12 2,5 5,0 17:00 0,6 07:30 15,8 0,0 0,0 0,2 4,9 13:30 W
13 4,1 8,0 20:30 0,9 00:30 14,2 0,0 0,0 0,5 10,7 20:00 W
14 6,1 8,2 13:30 3,8 07:30 12,3 0,0 0,0 0,5 9,8 02:00 E
15 6,4 10,9 16:30 4,0 07:30 11,9 0,0 0,0 0,1 3,6 09:30 W
16 6,3 7,2 13:00 5,1 00:30 12,1 0,0 2,0 0,0 4,0 13:00 S
17 6,4 8,7 14:00 3,7 23:59 12,0 0,0 0,0 0,0 2,2 13:00 SE
18 5,1 8,7 15:00 2,1 05:30 13,3 0,0 0,0 0,3 6,3 12:30 E
19 5,6 7,5 15:30 3,8 19:00 12,8 0,0 2,8 0,0 2,2 17:00 SSW
20 6,2 9,7 15:00 3,3 23:59 12,1 0,0 0,0 0,1 2,2 13:00 ESE
21 4,9 9,1 15:00 1,2 08:00 13,4 0,0 2,0 0,2 3,6 16:00 NW
22 5,7 8,0 15:30 2,6 23:59 12,6 0,0 0,0 0,0 1,8 14:00 SW
23 3,7 8,1 15:30 -0,3 07:30 14,7 0,0 0,0 0,0 2,2 13:30 E
24 4,7 10,4 16:00 0,2 07:30 13,7 0,0 0,0 0,3 6,3 11:30 ESE
25 4,2 9,3 16:00 0,6 08:30 14,2 0,0 0,0 0,0 1,8 11:00 E
26 3,9 8,1 16:30 0,7 06:30 14,4 0,0 0,0 0,2 4,0 14:30 E
27 4,8 7,8 15:30 2,6 23:30 13,6 0,0 0,0 0,0 1,3 04:00 E
28 5,7 9,6 15:30 2,4 01:00 12,7 0,0 0,4 0,1 5,4 16:00 ENE
----------------------------------------------------------------------------------
4,6 10,9 15 -0,7 1 384,2 0,0 10,8 0,2 10,7 13 ESE
Max >= 27,0 0
Max <= 0,0 0
Min <= 0,0 2
Min <= -18,0 0
Max Rain: 2,8 on day 19
Days of Rain: 7 (>= 0,2 mm) 4 (>= 2,0 mm) 0 (>= 20,0 mm)
Heat Base: 18,3 Cool Base: 18,3 Method: Integration