V/Λ SELECT: Month and Year
OR > Month
Monthly Climatological Summary for Dez 2013
Name: Das Wetter in Pocking City: Pocking State: Germany
Elevation: 324 m Lat: N 48° 24' 09" Lon: E 013° 18' 30"
Temperature (°C), Rain (mm), Wind Speed (m/s)
Heat Cool Avg
Mean Deg Deg Wind Dom
Day Temp High Time Low Time Days Days Rain Speed High Time Dir
----------------------------------------------------------------------------------
01 3,2 5,0 14:30 1,4 05:00 15,1 0,0 0,2 0,0 2,2 22:30 S
02 3,7 5,8 14:00 2,4 23:59 14,6 0,0 0,0 0,2 5,8 14:30 E
03 2,0 3,8 14:30 0,3 23:59 16,3 0,0 0,0 0,1 3,6 10:30 E
04 0,9 3,1 23:30 -1,4 09:00 17,4 0,0 0,0 0,0 4,0 14:30 WNW
05 3,7 5,8 23:59 2,7 04:30 14,6 0,0 0,4 0,2 12,5 22:30 W
06 2,7 6,5 02:30 0,6 23:00 15,7 0,0 3,4 1,3 13,9 02:30 W
07 2,3 3,4 23:59 1,0 07:30 16,1 0,0 1,4 1,1 10,7 06:00 WSW
08 4,4 5,6 15:00 3,1 01:00 13,9 0,0 0,0 0,1 3,6 12:00 WSW
09 5,4 6,3 12:00 4,6 03:30 12,9 0,0 4,4 0,2 5,4 11:00 S
10 6,7 7,9 13:30 5,5 03:30 11,7 0,0 1,0 0,1 3,1 19:00 ESE
11 5,9 6,9 01:00 4,7 23:59 12,4 0,0 0,0 0,1 3,6 04:00 ESE
12 4,4 4,9 00:30 3,8 23:00 13,9 0,0 0,0 0,1 2,7 09:00 E
13 3,4 4,3 00:30 2,7 23:59 14,9 0,0 0,2 0,0 1,8 18:00 SW
14 3,0 4,3 23:30 1,9 08:00 15,3 0,0 0,0 0,0 3,1 22:30 W
15 3,3 4,6 02:00 1,3 21:30 15,0 0,0 0,0 0,0 1,8 02:00 NW
16 1,1 2,9 15:00 -0,3 08:30 17,2 0,0 0,0 0,0 2,7 22:00 E
17 0,3 1,5 14:00 -0,5 23:59 18,1 0,0 0,0 0,5 4,5 16:30 E
18 -0,2 0,6 15:30 -0,9 07:00 18,6 0,0 0,0 0,5 5,4 17:00 E
19 -0,6 0,2 14:00 -1,1 07:30 18,9 0,0 0,0 0,8 5,4 22:30 E
20 0,7 2,1 23:59 -0,8 07:30 17,7 0,0 0,2 0,3 5,4 03:30 ESE
21 2,6 3,7 13:00 1,7 23:59 15,8 0,0 0,0 0,0 2,7 14:00 E
22 2,3 3,8 14:30 1,4 06:30 16,1 0,0 0,0 0,1 2,7 01:00 E
23 3,6 6,6 14:30 1,6 23:59 14,7 0,0 0,0 0,1 2,7 14:00 E
24 1,9 2,8 14:30 1,1 02:30 16,4 0,0 0,0 0,8 4,9 10:30 E
25 4,2 7,3 15:00 1,8 00:30 14,1 0,0 0,0 0,3 4,5 19:30 SSW
26 4,6 8,3 13:00 1,6 06:00 13,7 0,0 0,2 0,3 5,4 13:30 W
27 4,8 6,9 14:30 1,9 23:30 13,5 0,0 0,8 0,2 4,5 13:30 E
28 2,3 4,1 15:00 1,2 07:30 16,1 0,0 0,0 0,0 2,2 09:00 NE
29 3,4 5,6 14:30 1,3 00:30 14,9 0,0 0,2 0,0 1,3 00:30 E
30 2,1 4,4 15:00 -0,1 09:00 16,3 0,0 0,0 0,1 3,1 15:00 E
31 0,8 2,1 23:30 -0,6 09:00 17,6 0,0 0,0 0,1 3,6 12:30 ESE
----------------------------------------------------------------------------------
2,9 8,3 26 -1,4 4 479,5 0,0 12,4 0,2 13,9 6 SE
Max >= 27,0 0
Max <= 0,0 0
Min <= 0,0 8
Min <= -18,0 0
Max Rain: 4,4 on day 9
Days of Rain: 11 (>= 0,2 mm) 2 (>= 2,0 mm) 0 (>= 20,0 mm)
Heat Base: 18,3 Cool Base: 18,3 Method: Integration