V/Λ SELECT: Month and Year
OR > Month
Monthly Climatological Summary for Apr 2024
Name: Das Wetter in Pocking City: Pocking State: Germany
Elevation: 324 m Lat: N 48° 24' 07" Lon: E 013° 18' 30"
Temperature (°C), Rain (mm), Wind Speed (m/s)
Heat Cool Avg
Mean Deg Deg Wind Dom
Day Temp High Time Low Time Days Days Rain Speed High Time Dir
----------------------------------------------------------------------------------
01 12,3 21,5 10:52 8,6 23:31 6,2 0,2 0,8 1,1 15,2 11:45 WSW
02 10,6 15,4 15:26 7,7 02:20 7,7 0,0 0,0 2,1 11,6 13:40 W
03 9,1 15,2 15:01 2,4 06:46 9,2 0,0 1,2 0,5 5,8 19:25 WSW
04 13,3 20,1 14:05 8,6 00:50 5,0 0,1 1,0 1,1 10,3 19:12 W
05 15,9 23,4 17:24 10,7 07:30 3,5 1,0 1,8 0,4 4,9 00:18 S
06 19,0 26,6 15:37 13,1 23:59 1,8 2,5 0,0 0,1 3,1 15:36 WSW
07 17,1 27,1 16:35 7,8 06:54 3,6 2,5 0,0 0,1 3,1 10:54 S
08 18,3 28,5 14:27 10,2 07:18 2,7 2,7 0,0 0,1 4,0 14:47 ESE
09 15,7 26,9 14:11 8,1 23:59 4,1 1,5 0,0 1,4 9,8 17:54 WNW
10 9,2 12,8 16:19 6,7 06:39 9,3 0,0 0,6 0,9 6,7 00:01 W
11 11,4 17,8 14:56 5,3 06:30 6,9 0,0 0,0 0,3 4,5 13:42 NW
12 13,0 21,3 14:46 5,2 06:59 5,7 0,4 0,0 0,4 3,6 12:27 NNW
13 15,5 24,4 15:31 6,9 06:35 4,3 1,5 0,0 0,3 4,0 13:46 NW
14 16,8 26,3 14:57 7,8 06:19 3,7 2,2 0,0 0,5 7,6 15:22 WNW
15 12,7 14,2 00:00 10,8 06:19 5,5 0,0 7,8 0,3 5,4 19:54 SW
16 8,4 11,9 00:00 4,8 07:03 9,8 0,0 0,4 2,3 14,8 00:45 W
17 6,0 9,2 10:38 4,3 21:11 12,3 0,0 10,6 1,0 8,5 15:34 WNW
18 5,5 8,8 14:39 3,3 06:25 12,8 0,0 1,4 1,0 5,8 12:09 WNW
19 5,6 10,1 12:57 3,6 05:40 12,7 0,0 3,6 1,1 8,5 13:12 SW
20 5,6 8,8 13:11 4,1 14:05 12,6 0,0 2,0 1,9 10,3 16:52 WNW
21 4,8 11,0 14:42 2,3 04:20 13,5 0,0 3,6 0,4 6,3 16:08 NNE
22 6,2 10,4 14:02 1,3 06:24 12,0 0,0 0,0 0,6 5,4 01:39 ENE
23 5,5 8,4 14:56 3,2 08:26 12,7 0,0 0,0 0,7 5,8 02:54 E
24 5,3 9,9 15:09 2,0 23:01 12,9 0,0 5,2 0,8 6,3 13:06 W
25 5,5 10,4 13:05 1,8 01:28 12,7 0,0 2,4 0,6 8,0 13:25 WSW
----------------------------------------------------------------------------------
10,7 28,5 8 1,3 22 203,3 14,6 42,4 0,8 15,2 1 W
Max >= 27,0 2
Max <= 0,0 0
Min <= 0,0 0
Min <= -18,0 0
Max Rain: 10,6 on day 17
Days of Rain: 14 (>= 0,2 mm) 7 (>= 2,0 mm) 0 (>= 20,0 mm)
Heat Base: 18,3 Cool Base: 18,3 Method: Integration