V/Λ SELECT: Month and Year
OR > Month
Monthly Climatological Summary for Sep 2021
Name: Das Wetter in Pocking City: Pocking State: Germany
Elevation: 324 m Lat: N 48° 24' 08" Lon: E 013° 18' 30"
Temperature (°C), Rain (mm), Wind Speed (m/s)
Heat Cool Avg
Mean Deg Deg Wind Dom
Day Temp High Time Low Time Days Days Rain Speed High Time Dir
----------------------------------------------------------------------------------
01 15,4 21,3 14:50 10,8 06:52 3,4 0,4 0,0 0,3 4,0 14:53 NW
02 15,5 24,3 15:20 8,3 05:54 4,1 1,3 0,0 0,2 4,9 13:49 ESE
03 16,6 24,7 15:14 9,2 06:16 3,4 1,7 0,0 0,2 5,4 14:37 SE
04 16,6 25,3 14:23 9,1 07:06 3,5 1,8 0,0 0,2 4,5 14:58 SE
05 17,0 25,9 15:26 9,2 07:09 3,3 2,0 0,0 0,2 4,9 14:59 ESE
06 16,8 25,6 15:14 9,3 06:42 3,2 1,8 0,0 0,2 4,9 14:44 SE
07 16,3 24,3 14:55 10,4 06:36 3,2 1,3 0,0 0,1 2,2 10:22 E
08 17,8 26,4 15:27 9,9 06:18 2,8 2,3 0,0 0,2 4,9 15:48 ESE
09 18,8 27,2 14:45 10,6 06:49 2,3 2,7 0,0 0,1 3,6 12:33 E
10 19,0 27,2 15:37 12,4 06:41 2,0 2,6 0,0 0,1 3,1 14:08 NE
11 18,0 23,6 14:18 13,1 06:10 1,7 1,4 0,4 0,0 0,0 00:00 N
12 19,1 24,4 14:38 15,5 08:04 1,1 1,9 0,0 0,1 3,6 15:46 N
13 18,0 25,2 15:08 12,5 07:02 2,1 1,8 0,0 0,1 3,1 15:41 NNE
14 18,3 27,1 14:54 11,3 07:12 2,4 2,5 0,0 0,1 4,5 13:27 ENE
15 18,9 25,5 15:08 12,9 06:06 1,6 2,2 0,0 0,2 4,9 17:52 WNW
16 18,6 22,9 14:12 15,8 23:49 0,5 0,9 4,4 0,2 5,8 21:52 NW
17 15,3 17,6 14:01 11,9 07:01 3,0 0,0 0,0 0,6 6,3 00:02 NW
18 15,0 20,4 14:02 11,0 06:48 3,5 0,2 0,0 0,2 4,9 13:08 NW
19 14,2 21,2 14:20 7,9 07:19 4,4 0,4 0,0 0,3 4,5 12:01 ENE
20 13,1 15,2 15:13 11,2 08:09 5,2 0,0 0,0 0,1 3,1 14:37 N
21 12,8 15,8 17:34 10,3 23:58 5,5 0,0 0,0 0,2 4,0 15:51 NW
22 11,1 16,1 16:47 7,2 04:47 7,2 0,0 0,0 0,5 5,8 11:37 WNW
23 12,1 20,9 14:43 5,3 06:40 6,5 0,3 0,0 0,1 2,2 11:52 N
24 15,5 21,4 14:21 10,9 04:45 3,4 0,6 0,0 0,8 6,3 13:41 WNW
25 14,9 23,8 14:34 7,5 07:06 4,6 1,2 0,0 0,0 3,1 16:47 NNE
26 17,3 25,1 13:57 11,7 07:17 2,6 1,6 0,0 0,2 4,0 14:34 ENE
27 16,9 22,7 14:11 14,2 23:34 2,0 0,6 7,8 0,3 4,9 03:47 W
28 15,1 18,6 16:24 12,5 23:58 3,2 0,0 0,0 0,1 4,0 12:56 NNW
29 13,9 17,1 15:01 11,8 02:49 4,4 0,0 4,2 0,5 8,0 21:24 SW
30 12,0 17,1 14:15 7,0 23:59 6,3 0,0 0,0 0,3 4,5 11:02 WNW
----------------------------------------------------------------------------------
16,0 27,2 9 5,3 23 102,4 33,5 16,8 0,2 8,0 29 NW
Max >= 27,0 3
Max <= 0,0 0
Min <= 0,0 0
Min <= -18,0 0
Max Rain: 7,8 on day 27
Days of Rain: 4 (>= 0,2 mm) 3 (>= 2,0 mm) 0 (>= 20,0 mm)
Heat Base: 18,3 Cool Base: 18,3 Method: Integration