V/Λ SELECT: Month and Year
OR > Month
Monthly Climatological Summary for Jun 2021
Name: Das Wetter in Pocking City: Pocking State: Germany
Elevation: 324 m Lat: N 48° 24' 08" Lon: E 013° 18' 30"
Temperature (°C), Rain (mm), Wind Speed (m/s)
Heat Cool Avg
Mean Deg Deg Wind Dom
Day Temp High Time Low Time Days Days Rain Speed High Time Dir
----------------------------------------------------------------------------------
01 15,3 22,5 15:13 6,4 05:27 4,1 1,0 0,0 0,3 4,5 13:06 ESE
02 18,6 26,9 15:33 8,4 05:30 2,5 2,8 0,0 0,4 5,8 14:57 SE
03 19,9 27,9 15:10 9,8 05:44 2,0 3,6 0,0 0,3 4,0 11:14 SE
04 21,4 29,4 15:56 12,2 05:37 1,3 4,4 0,0 0,2 4,0 12:28 SE
05 20,2 27,6 16:09 15,3 05:09 0,8 2,7 1,6 0,8 5,8 17:08 WNW
06 16,2 19,9 15:39 14,0 06:32 2,1 0,1 3,2 0,3 3,1 14:34 SSW
07 20,6 26,9 16:09 15,8 04:13 0,7 3,0 0,0 0,3 4,0 12:42 E
08 20,7 28,4 14:30 13,6 05:36 1,1 3,4 0,0 0,3 5,8 14:50 ENE
09 19,6 26,9 13:50 13,6 05:14 1,0 2,4 0,0 0,5 7,6 13:54 NNE
10 19,9 26,7 14:02 15,9 05:45 0,5 2,1 1,0 0,3 4,9 16:54 W
11 18,9 26,2 15:05 13,6 05:32 1,5 2,1 1,0 0,4 8,0 19:44 NNW
12 20,3 27,3 14:13 14,6 02:17 1,1 3,2 2,2 0,9 9,4 14:22 NW
13 19,4 23,3 17:18 15,4 23:58 0,5 1,6 0,0 1,8 8,0 00:30 NW
14 18,2 25,2 17:12 10,6 06:04 2,2 2,1 0,0 0,3 4,5 08:50 E
15 20,7 29,1 15:24 11,1 05:08 1,9 4,3 0,0 0,2 3,1 11:39 NE
16 23,4 31,4 15:22 14,3 05:54 0,7 5,8 0,0 0,3 5,4 14:58 ESE
17 25,2 33,4 15:48 15,2 05:31 0,4 7,3 0,0 0,3 4,9 12:30 ESE
18 26,1 33,6 17:32 16,9 05:34 0,1 7,9 0,0 0,2 4,0 09:51 ESE
19 26,3 33,8 15:13 17,7 05:20 0,0 7,8 0,0 0,2 3,1 12:37 S
20 26,0 31,7 15:19 19,3 05:16 0,0 7,7 0,0 0,1 3,6 23:40 SE
21 25,9 31,1 16:00 20,1 06:06 0,0 7,6 0,2 0,7 6,7 15:59 NNW
22 21,7 29,9 17:03 17,3 05:58 0,2 3,6 17,0 0,8 9,4 01:41 NNW
23 21,9 27,7 17:11 17,5 22:24 0,0 3,7 25,4 0,4 8,9 22:11 N
24 20,5 26,3 17:00 16,9 04:26 0,3 2,5 8,0 0,7 10,3 21:21 NW
25 19,0 23,9 16:06 15,8 06:01 0,7 1,4 1,4 0,5 5,8 18:25 WNW
26 20,5 27,0 15:34 14,7 03:52 0,8 3,0 0,0 0,3 5,4 18:27 NNE
27 22,7 29,4 15:55 15,1 05:14 0,5 5,0 0,0 0,2 4,5 12:42 SE
28 24,5 32,4 16:14 15,8 05:39 0,4 6,5 0,0 0,2 4,5 12:59 ESE
29 21,5 29,1 16:09 14,9 23:58 0,6 3,8 13,0 0,9 11,2 18:56 WNW
30 15,8 20,4 13:31 12,3 23:27 2,7 0,2 0,8 0,7 6,7 08:59 WSW
----------------------------------------------------------------------------------
21,0 33,8 19 6,4 1 30,7 112,6 74,8 0,5 11,2 29 NNW
Max >= 27,0 18
Max <= 0,0 0
Min <= 0,0 0
Min <= -18,0 0
Max Rain: 25,4 on day 23
Days of Rain: 12 (>= 0,2 mm) 6 (>= 2,0 mm) 1 (>= 20,0 mm)
Heat Base: 18,3 Cool Base: 18,3 Method: Integration