V/Λ SELECT: Month and Year
OR > Month
Monthly Climatological Summary for Mai 2021
Name: Das Wetter in Pocking City: Pocking State: Germany
Elevation: 324 m Lat: N 48° 24' 08" Lon: E 013° 18' 30"
Temperature (°C), Rain (mm), Wind Speed (m/s)
Heat Cool Avg
Mean Deg Deg Wind Dom
Day Temp High Time Low Time Days Days Rain Speed High Time Dir
----------------------------------------------------------------------------------
01 12,4 17,4 16:32 8,8 04:54 5,9 0,0 0,0 0,5 3,6 00:19 WNW
02 8,4 13,5 00:00 5,3 22:26 9,9 0,0 13,0 2,0 9,4 14:06 W
03 8,5 13,1 15:39 4,1 05:50 9,8 0,0 0,0 0,7 6,7 12:39 NW
04 11,8 20,6 14:37 2,5 06:07 6,7 0,2 0,0 0,7 6,3 17:27 W
05 8,9 12,4 00:10 4,1 23:59 9,4 0,0 4,2 1,1 10,3 18:53 W
06 8,7 13,8 13:16 3,9 00:02 9,6 0,0 4,4 0,7 6,7 09:22 W
07 8,6 11,7 14:24 4,9 23:53 9,7 0,0 2,4 1,5 13,4 14:55 WNW
08 9,5 17,4 15:04 0,6 05:33 8,7 0,0 0,0 0,3 3,6 12:41 ENE
09 17,0 27,3 15:46 6,1 05:51 4,1 2,7 0,0 0,4 5,4 14:55 ESE
10 20,8 30,4 15:08 9,8 05:54 2,0 4,5 0,0 0,3 5,4 14:04 ESE
11 20,8 29,3 12:40 15,4 05:06 0,8 3,3 0,0 0,6 6,7 18:56 SW
12 11,7 15,9 00:00 9,9 07:27 6,5 0,0 22,0 1,2 5,4 01:16 WSW
13 10,5 11,5 14:46 9,8 05:26 7,8 0,0 11,8 1,4 8,5 13:32 W
14 13,3 18,3 17:12 9,1 01:51 5,0 0,0 1,6 0,8 5,8 11:02 W
15 12,4 17,7 16:22 8,9 03:07 5,9 0,0 2,0 0,3 8,5 23:10 WSW
16 12,8 19,7 15:34 7,6 06:09 5,5 0,0 0,4 0,7 5,4 22:18 SW
17 12,1 16,2 16:43 9,5 23:41 6,2 0,0 2,4 1,6 12,1 17:43 W
18 11,7 15,5 15:57 9,2 23:07 6,6 0,0 2,8 1,2 8,9 11:59 W
19 10,6 15,7 15:15 8,4 05:20 7,7 0,0 2,0 1,0 8,0 15:24 WNW
20 11,1 16,0 16:22 7,7 04:03 7,2 0,0 0,4 0,9 8,0 13:40 WNW
21 12,0 19,5 13:26 6,1 05:08 6,3 0,1 0,0 0,5 9,4 14:25 NW
22 13,3 18,9 15:50 8,2 06:12 5,0 0,0 2,4 1,2 7,6 13:43 W
23 12,0 16,2 16:39 8,3 23:41 6,3 0,0 4,8 0,7 7,6 17:05 W
24 12,8 17,8 16:37 8,1 00:44 5,5 0,0 2,8 0,5 6,7 14:13 SSW
25 10,7 15,2 18:33 6,7 23:37 7,6 0,0 1,0 1,1 8,5 04:03 SW
26 12,1 20,1 13:40 4,3 04:57 6,3 0,1 0,2 0,7 8,0 16:18 WNW
27 11,5 16,1 16:56 8,8 06:05 6,8 0,0 6,2 0,8 6,7 17:26 W
28 13,0 17,6 15:00 9,5 00:00 5,3 0,0 0,0 0,5 5,4 12:54 NW
29 13,1 18,1 13:08 8,2 05:56 5,2 0,0 0,2 0,4 5,8 13:51 N
30 13,0 19,1 16:38 6,8 04:53 5,4 0,0 0,0 0,7 5,8 09:21 N
31 13,6 20,4 16:30 5,4 05:45 4,9 0,2 0,0 0,4 5,4 11:40 E
----------------------------------------------------------------------------------
12,2 30,4 10 0,6 8 199,6 11,1 87,0 0,8 13,4 7 W
Max >= 27,0 3
Max <= 0,0 0
Min <= 0,0 0
Min <= -18,0 0
Max Rain: 22,0 on day 12
Days of Rain: 20 (>= 0,2 mm) 14 (>= 2,0 mm) 1 (>= 20,0 mm)
Heat Base: 18,3 Cool Base: 18,3 Method: Integration