V/Λ SELECT: Month and Year
OR > Month
Monthly Climatological Summary for Apr 2021
Name: Das Wetter in Pocking City: Pocking State: Germany
Elevation: 324 m Lat: N 48° 24' 08" Lon: E 013° 18' 30"
Temperature (°C), Rain (mm), Wind Speed (m/s)
Heat Cool Avg
Mean Deg Deg Wind Dom
Day Temp High Time Low Time Days Days Rain Speed High Time Dir
----------------------------------------------------------------------------------
01 13,8 23,8 15:00 4,0 07:09 5,6 1,1 0,0 0,7 8,9 19:00 WNW
02 11,3 14,9 16:00 6,9 22:37 6,9 0,0 0,0 1,5 7,6 13:39 WNW
03 6,1 10,1 16:59 3,2 02:52 12,2 0,0 0,0 1,8 8,9 13:55 NW
04 5,5 11,8 15:58 -0,9 06:12 12,8 0,0 0,0 0,6 6,3 15:28 WNW
05 6,7 16,2 14:17 -0,9 06:36 11,7 0,0 0,6 2,2 13,4 19:23 WNW
06 0,6 4,9 16:56 -2,0 06:52 17,7 0,0 0,2 2,3 10,3 18:29 W
07 0,9 5,1 15:58 -1,2 07:20 17,3 0,0 1,8 2,1 10,7 13:09 W
08 2,5 6,7 15:27 -0,9 23:55 15,3 0,0 0,6 2,0 8,9 00:58 W
09 6,1 15,8 14:16 -2,0 06:22 12,1 0,0 0,0 0,3 4,9 18:08 SE
10 9,9 19,5 16:31 0,4 04:59 8,4 0,1 0,0 0,3 4,5 13:48 SSW
11 12,1 21,5 15:05 2,8 06:21 6,7 0,5 0,0 0,3 6,3 15:44 ESE
12 5,4 9,7 08:42 1,7 23:23 12,9 0,0 2,4 1,8 10,7 10:23 WNW
13 2,7 5,9 15:19 0,4 08:03 15,6 0,0 2,0 1,0 6,7 15:46 WNW
14 4,0 9,1 15:42 0,4 06:31 14,3 0,0 0,0 1,0 7,2 16:19 NW
15 3,7 8,8 16:32 -1,4 06:14 14,6 0,0 0,0 0,8 7,2 12:51 NNW
16 3,6 8,7 14:02 -2,1 06:13 14,7 0,0 0,0 0,5 4,0 14:08 NW
17 5,5 8,6 15:45 2,7 06:13 12,8 0,0 0,0 0,2 3,6 11:19 WNW
18 6,2 8,2 16:35 4,4 06:14 12,1 0,0 0,0 0,1 3,6 13:08 WNW
19 7,1 12,4 15:30 4,7 06:03 11,2 0,0 3,0 0,2 4,9 16:20 N
20 8,3 14,6 16:14 4,7 23:50 10,0 0,0 2,6 0,4 4,9 13:27 W
21 8,9 17,3 15:00 2,8 07:09 9,4 0,0 0,4 0,4 7,2 18:14 NNW
22 9,5 14,8 16:19 4,1 05:59 8,8 0,0 0,0 1,1 8,0 15:54 NW
23 8,3 15,6 17:11 -0,1 06:26 10,0 0,0 0,0 0,7 6,3 16:05 WNW
24 10,1 18,8 16:34 0,7 05:55 8,2 0,0 0,0 0,4 5,4 08:30 NNW
25 9,8 16,7 14:04 2,4 06:06 8,5 0,0 0,0 0,8 7,2 15:27 NW
26 9,7 16,5 15:31 1,9 06:19 8,6 0,0 0,0 0,4 5,4 15:52 E
27 10,6 18,1 15:17 2,4 06:21 7,7 0,0 0,0 0,8 8,0 10:45 SE
28 12,9 21,6 15:41 2,8 06:10 6,0 0,6 0,0 0,4 4,5 08:51 ESE
29 14,1 18,4 16:00 10,0 05:14 4,2 0,0 0,0 0,9 6,3 11:31 W
30 14,1 20,9 16:30 9,5 05:50 4,5 0,4 14,6 0,7 7,6 21:40 W
----------------------------------------------------------------------------------
7,7 23,8 1 -2,1 16 320,8 2,7 28,2 0,9 13,4 5 WNW
Max >= 27,0 0
Max <= 0,0 0
Min <= 0,0 9
Min <= -18,0 0
Max Rain: 14,6 on day 30
Days of Rain: 10 (>= 0,2 mm) 5 (>= 2,0 mm) 0 (>= 20,0 mm)
Heat Base: 18,3 Cool Base: 18,3 Method: Integration