V/Λ SELECT: Month and Year
OR > Month
Monthly Climatological Summary for Mrz 2021
Name: Das Wetter in Pocking City: Pocking State: Germany
Elevation: 324 m Lat: N 48° 24' 09" Lon: E 013° 18' 30"
Temperature (°C), Rain (mm), Wind Speed (m/s)
Heat Cool Avg
Mean Deg Deg Wind Dom
Day Temp High Time Low Time Days Days Rain Speed High Time Dir
----------------------------------------------------------------------------------
01 5,2 13,7 13:58 -2,2 07:02 13,0 0,0 0,0 0,3 6,3 14:59 ESE
02 4,2 10,4 15:59 -0,3 07:01 14,1 0,0 0,0 0,3 4,0 07:36 ESE
03 2,8 8,7 15:24 -1,6 04:20 15,7 0,0 0,0 0,0 2,2 07:57 SE
04 4,8 10,9 16:16 0,7 04:10 13,5 0,0 0,0 0,0 2,7 12:24 NNE
05 3,2 6,6 01:07 -1,7 23:58 15,1 0,0 4,0 1,1 8,9 01:32 NW
06 0,1 5,8 13:32 -4,8 06:33 18,2 0,0 0,0 0,4 5,8 12:18 ESE
07 1,2 8,4 15:50 -5,6 06:30 17,1 0,0 0,0 0,2 3,1 14:10 NW
08 2,3 7,4 15:28 -3,2 06:39 16,0 0,0 0,0 0,3 4,9 12:49 NW
09 3,3 7,9 13:42 -1,5 06:08 15,0 0,0 0,0 0,5 4,5 09:50 E
10 2,7 6,4 15:40 -0,6 23:46 15,6 0,0 1,2 0,5 6,7 12:53 WNW
11 5,0 9,9 15:36 -0,7 00:19 13,3 0,0 2,8 0,5 10,3 21:53 SW
12 7,4 11,2 13:43 2,3 23:17 10,9 0,0 1,6 2,4 9,8 00:10 W
13 7,4 13,3 13:40 2,5 01:57 10,9 0,0 0,4 1,3 11,2 18:35 W
14 4,6 6,6 03:04 2,3 21:43 13,7 0,0 1,8 1,9 12,1 14:03 W
15 4,2 7,6 11:16 2,3 23:58 14,1 0,0 2,6 1,9 7,2 14:16 W
16 3,8 6,4 12:49 0,7 23:46 14,5 0,0 0,4 2,5 9,8 09:46 WNW
17 2,8 6,7 13:59 0,5 23:59 15,5 0,0 0,8 1,2 7,6 12:25 WNW
18 1,3 5,2 11:17 -0,1 05:12 16,9 0,0 0,8 0,5 6,7 12:06 W
19 1,4 5,0 14:47 -0,1 00:24 16,8 0,0 4,8 0,4 4,9 14:50 NNW
20 -0,7 1,7 11:51 -3,7 23:58 19,0 0,0 0,4 0,8 5,8 14:39 NE
21 -0,1 2,1 21:12 -4,3 01:27 18,4 0,0 0,4 1,0 6,3 12:12 WSW
22 3,7 7,3 14:09 1,8 00:02 14,6 0,0 0,2 1,6 7,6 13:26 NW
23 3,8 7,3 12:15 1,0 04:32 11,9 0,0 0,0 0,6 6,3 12:36 WNW
24 6,5 11,9 16:46 1,8 23:58 11,6 0,0 0,0 0,4 4,5 10:45 WNW
25 7,2 16,4 15:54 -1,1 06:24 11,1 0,0 0,0 0,2 3,6 16:00 W
26 8,9 17,8 15:38 0,5 06:08 9,4 0,0 0,0 0,1 3,6 15:40 ESE
27 7,7 10,7 13:25 4,3 06:05 10,6 0,0 0,0 1,1 8,9 13:29 W
28 8,6 13,7 16:33 4,1 06:27 9,3 0,0 0,0 0,5 5,8 13:06 WNW
29 10,0 18,6 17:22 2,8 07:16 8,3 0,0 0,0 0,3 5,4 13:43 WNW
30 11,1 21,5 16:14 1,7 06:31 7,7 0,5 0,0 0,1 3,1 14:34 WSW
31 12,7 22,8 17:24 3,1 07:08 6,5 1,0 0,0 0,1 4,0 11:53 SW
----------------------------------------------------------------------------------
4,7 22,8 31 -5,6 7 418,3 1,5 22,2 0,7 12,1 14 WNW
Max >= 27,0 0
Max <= 0,0 0
Min <= 0,0 15
Min <= -18,0 0
Max Rain: 4,8 on day 19
Days of Rain: 14 (>= 0,2 mm) 4 (>= 2,0 mm) 0 (>= 20,0 mm)
Heat Base: 18,3 Cool Base: 18,3 Method: Integration