V/Λ SELECT: Month and Year
OR > Month
Monthly Climatological Summary for Feb 2021
Name: Das Wetter in Pocking City: Pocking State: Germany
Elevation: 324 m Lat: N 48° 24' 09" Lon: E 013° 18' 30"
Temperature (°C), Rain (mm), Wind Speed (m/s)
Heat Cool Avg
Mean Deg Deg Wind Dom
Day Temp High Time Low Time Days Days Rain Speed High Time Dir
----------------------------------------------------------------------------------
01 0,1 2,3 13:46 -2,2 07:20 18,0 0,0 2,8 0,6 6,3 10:57 SE
02 5,3 9,2 13:09 0,8 00:09 13,0 0,0 5,8 0,1 4,0 23:18 SSW
03 8,7 10,5 23:32 7,4 04:44 9,7 0,0 4,8 0,6 8,9 18:05 SW
04 8,0 10,6 00:16 4,4 21:22 10,3 0,0 0,0 1,5 13,9 04:43 W
05 6,4 9,1 14:11 3,8 07:30 11,9 0,0 0,0 0,1 4,0 11:02 E
06 4,9 6,1 14:26 3,6 23:53 13,4 0,0 0,0 0,8 6,7 15:57 SE
07 2,7 3,8 13:21 0,8 23:52 15,6 0,0 2,0 0,9 8,9 04:06 SE
08 1,6 4,1 13:51 -0,1 21:45 16,7 0,0 1,2 0,3 4,5 02:15 N
09 0,2 1,0 00:28 -0,5 21:20 18,1 0,0 0,0 0,5 4,5 12:59 N
10 -0,8 1,2 13:41 -5,4 23:59 19,1 0,0 0,6 0,4 4,5 22:27 NNW
11 -6,2 -4,1 13:08 -9,4 08:17 20,0 0,0 0,0 1,5 5,8 00:12 W
12 -6,8 -2,8 14:20 -10,9 07:37 25,1 0,0 0,2 0,6 5,8 18:02 E
13 -7,0 -2,3 16:01 -11,5 07:09 25,3 0,0 0,0 0,3 4,9 10:04 SE
14 -6,9 -0,4 15:55 -12,2 06:56 25,2 0,0 0,0 0,1 2,7 12:52 N
15 -4,5 0,4 14:41 -10,4 04:17 22,8 0,0 0,2 0,2 4,0 11:47 ESE
16 0,4 2,1 15:28 -2,4 00:00 17,9 0,0 5,2 0,0 1,8 13:30 NE
17 4,7 9,9 12:02 0,6 03:52 13,5 0,0 2,4 0,7 6,7 11:56 WNW
18 4,1 10,8 14:22 -1,6 06:45 14,3 0,0 0,0 0,2 5,4 11:55 SE
19 4,0 7,7 16:02 1,1 23:55 14,3 0,0 1,2 0,0 4,5 01:37 NW
20 5,3 11,8 15:22 -0,5 02:29 13,0 0,0 0,0 0,3 4,9 13:27 SE
21 4,2 6,1 16:04 2,8 04:40 14,1 0,0 0,0 1,1 8,0 18:06 SE
22 5,4 10,4 16:12 1,2 23:59 12,8 0,0 0,0 0,4 4,9 02:18 SE
23 4,5 13,4 15:33 -0,4 06:10 13,8 0,0 0,0 0,0 1,8 09:20 ENE
24 5,8 15,3 15:19 -1,2 07:16 12,4 0,0 0,2 0,0 1,8 13:06 E
25 6,0 15,9 15:25 -0,4 07:07 12,3 0,0 0,0 0,0 1,8 13:00 ENE
26 7,3 15,8 15:55 -0,8 07:05 11,0 0,0 0,2 0,2 4,9 23:08 NNW
27 5,5 9,8 14:14 -0,1 23:57 12,8 0,0 0,8 0,4 6,3 00:01 N
28 3,8 10,6 15:42 -1,9 06:58 14,5 0,0 0,0 0,3 5,8 11:02 SE
----------------------------------------------------------------------------------
2,4 15,9 25 -12,2 14 440,9 0,0 27,6 0,4 13,9 4 S
Max >= 27,0 0
Max <= 0,0 4
Min <= 0,0 18
Min <= -18,0 0
Max Rain: 5,8 on day 2
Days of Rain: 14 (>= 0,2 mm) 6 (>= 2,0 mm) 0 (>= 20,0 mm)
Heat Base: 18,3 Cool Base: 18,3 Method: Integration