V/Λ SELECT: Month and Year
OR > Month
Monthly Climatological Summary for Jan 2021
Name: Das Wetter in Pocking City: Pocking State: Germany
Elevation: 324 m Lat: N 48° 24' 09" Lon: E 013° 18' 30"
Temperature (°C), Rain (mm), Wind Speed (m/s)
Heat Cool Avg
Mean Deg Deg Wind Dom
Day Temp High Time Low Time Days Days Rain Speed High Time Dir
----------------------------------------------------------------------------------
01 -2,2 1,3 14:01 -5,1 05:21 20,6 0,0 0,0 0,0 3,1 20:00 ESE
02 -1,5 -0,6 15:25 -2,4 00:30 19,9 0,0 0,0 0,2 4,0 10:00 ESE
03 -0,3 0,6 13:21 -1,3 00:19 18,6 0,0 0,2 0,0 1,8 00:08 WNW
04 -0,2 0,4 15:29 -0,7 06:55 18,5 0,0 0,0 0,0 1,8 03:38 NE
05 -0,1 0,5 15:09 -0,8 05:22 18,3 0,0 0,2 0,1 1,8 08:15 WNW
06 0,1 0,7 13:32 -0,2 08:58 18,0 0,0 2,4 0,1 1,3 02:12 SW
07 -0,3 2,1 11:55 -2,1 23:04 18,6 0,0 4,8 0,0 2,2 17:48 SW
08 -0,8 1,6 12:49 -2,6 06:58 18,9 0,0 1,4 0,1 2,2 12:35 SW
09 -1,5 0,9 13:01 -6,4 23:40 19,6 0,0 1,4 0,2 3,1 14:54 NW
10 -5,9 -2,7 14:32 -9,7 23:55 24,1 0,0 0,0 0,1 2,2 05:40 NE
11 -7,8 -5,0 14:49 -10,7 04:57 26,1 0,0 0,0 0,1 1,8 14:00 NW
12 -2,8 2,1 20:55 -7,1 05:47 21,1 0,0 6,6 0,7 5,8 19:57 WSW
13 1,0 2,6 13:25 -0,7 06:54 17,3 0,0 0,0 1,8 7,6 14:52 W
14 0,5 2,1 04:23 -1,4 23:56 17,8 0,0 0,2 2,1 8,9 10:20 WNW
15 -3,1 -0,9 22:07 -6,8 08:27 21,3 0,0 0,0 0,3 5,4 22:48 WNW
16 -2,3 -1,4 00:18 -3,4 23:30 20,6 0,0 0,0 1,0 5,4 20:35 WNW
17 -4,0 -2,5 14:31 -6,8 06:09 22,2 0,0 0,2 0,2 2,2 00:47 N
18 -0,5 2,3 13:30 -3,3 04:32 18,8 0,0 5,2 0,9 6,3 22:55 W
19 0,2 2,4 19:02 -2,7 08:26 18,1 0,0 10,4 0,4 4,5 00:08 SW
20 0,0 2,6 15:46 -2,3 08:26 13,8 0,0 0,2 0,1 1,8 12:48 NE
21 -2,2 1,9 12:41 -6,1 05:30 20,3 0,0 0,0 0,1 4,0 18:05 ENE
22 3,0 8,8 13:40 -1,9 00:00 15,3 0,0 0,0 0,2 6,3 03:48 NE
23 2,4 4,6 01:19 -0,3 23:52 15,9 0,0 1,6 1,1 8,5 05:28 WSW
24 1,0 2,9 12:08 -1,6 07:27 17,3 0,0 0,0 1,9 9,4 12:14 W
25 -2,0 0,7 00:00 -5,5 08:20 20,3 0,0 0,0 0,1 1,8 00:02 WSW
26 -0,4 0,8 14:40 -1,8 00:00 18,7 0,0 0,2 2,1 10,7 17:34 W
27 0,2 2,1 14:42 -0,8 09:27 18,1 0,0 0,2 0,6 7,2 00:22 W
28 3,1 8,2 23:58 0,1 00:00 15,2 0,0 12,4 0,9 9,4 22:11 W
29 8,0 11,7 13:31 6,1 21:17 10,3 0,0 2,6 2,1 12,1 13:29 WSW
30 5,8 9,1 13:42 -0,6 23:25 12,5 0,0 3,4 2,2 12,1 04:57 W
31 0,0 1,6 13:34 -0,9 05:12 18,3 0,0 1,4 0,5 6,3 09:42 SE
----------------------------------------------------------------------------------
-0,4 11,7 29 -10,7 11 574,4 0,0 55,0 0,6 12,1 29 W
Max >= 27,0 0
Max <= 0,0 6
Min <= 0,0 29
Min <= -18,0 0
Max Rain: 12,4 on day 28
Days of Rain: 19 (>= 0,2 mm) 8 (>= 2,0 mm) 0 (>= 20,0 mm)
Heat Base: 18,3 Cool Base: 18,3 Method: Integration