V/Λ SELECT: Month and Year
OR > Month
Monthly Climatological Summary for Nov 2020
Name: Das Wetter in Pocking City: Pocking State: Germany
Elevation: 324 m Lat: N 48° 24' 09" Lon: E 013° 18' 30"
Temperature (°C), Rain (mm), Wind Speed (m/s)
Heat Cool Avg
Mean Deg Deg Wind Dom
Day Temp High Time Low Time Days Days Rain Speed High Time Dir
----------------------------------------------------------------------------------
01 7,8 11,6 23:59 4,6 06:57 10,4 0,0 5,0 0,0 2,2 22:57 SSW
02 14,5 19,6 13:28 11,6 00:00 4,0 0,2 0,6 0,0 2,7 12:07 SW
03 12,3 15,8 10:22 9,8 21:57 6,0 0,0 8,6 0,3 5,8 23:19 WNW
04 9,6 10,9 11:42 8,1 07:16 8,7 0,0 0,8 0,2 3,1 01:42 WNW
05 7,6 10,2 13:58 1,7 23:59 10,6 0,0 0,0 0,1 3,1 10:09 SE
06 3,5 9,7 14:55 -1,0 07:19 14,8 0,0 0,0 0,2 4,9 11:27 SE
07 3,9 10,8 13:46 -0,5 05:25 14,4 0,0 0,2 0,0 2,2 10:08 SE
08 2,1 3,7 19:28 0,4 00:00 16,2 0,0 0,2 0,0 2,7 22:55 ESE
09 3,7 4,9 22:30 2,2 01:36 14,6 0,0 0,0 0,2 3,6 11:18 SE
10 5,1 6,4 14:41 3,9 08:43 12,9 0,0 0,0 0,2 3,6 01:52 SE
11 5,3 6,4 15:02 4,3 05:24 13,1 0,0 0,2 0,0 1,8 00:03 NE
12 6,4 7,1 15:30 5,6 03:58 11,9 0,0 0,0 0,0 2,7 03:18 SSE
13 6,3 8,1 15:00 5,5 01:51 12,1 0,0 0,0 0,1 3,1 08:16 SE
14 7,3 12,4 15:06 4,8 03:55 11,1 0,0 0,0 0,1 4,5 14:09 SE
15 5,1 6,3 13:50 4,5 21:40 13,1 0,0 0,0 0,5 5,4 14:19 SE
16 6,9 10,6 15:41 4,7 00:00 11,4 0,0 1,0 0,1 3,6 02:57 SE
17 7,3 11,9 12:46 3,1 23:46 11,0 0,0 0,0 0,2 4,5 11:56 W
18 4,7 11,3 13:44 -0,1 07:17 13,6 0,0 0,0 0,1 4,0 13:53 SE
19 3,7 7,7 17:03 -0,3 04:32 14,6 0,0 2,4 0,4 8,9 17:48 W
20 4,6 6,7 00:00 0,3 23:58 13,7 0,0 0,4 1,2 6,3 14:54 WNW
21 0,1 5,3 15:15 -2,7 08:16 18,2 0,0 0,0 0,1 2,2 11:36 NE
22 -0,2 4,7 14:39 -4,6 07:35 18,5 0,0 0,0 0,0 1,8 14:55 ESE
23 3,3 4,9 15:23 0,9 04:38 15,0 0,0 0,2 0,0 1,8 00:59 NE
24 3,6 6,7 14:09 1,1 19:45 14,6 0,0 0,0 0,2 4,5 11:55 E
25 1,1 2,0 13:43 -0,3 23:21 17,2 0,0 0,0 0,3 4,0 01:56 SE
26 -0,6 0,1 14:38 -1,1 23:28 18,9 0,0 0,0 0,1 3,1 03:46 ESE
27 -0,8 0,6 14:44 -1,4 07:32 19,1 0,0 0,0 0,1 3,1 23:02 E
28 -0,5 0,9 23:11 -1,7 06:09 18,8 0,0 0,0 0,1 3,6 04:44 ENE
29 0,1 3,8 14:14 -3,6 08:27 18,2 0,0 0,2 0,2 3,1 01:14 NE
30 -1,1 3,4 14:30 -4,2 23:58 19,1 0,0 0,0 0,0 2,7 14:30 SSW
----------------------------------------------------------------------------------
4,4 19,6 2 -4,6 22 415,8 0,2 19,8 0,2 8,9 19 SSW
Max >= 27,0 0
Max <= 0,0 0
Min <= 0,0 12
Min <= -18,0 0
Max Rain: 8,6 on day 3
Days of Rain: 12 (>= 0,2 mm) 3 (>= 2,0 mm) 0 (>= 20,0 mm)
Heat Base: 18,3 Cool Base: 18,3 Method: Integration