V/Λ SELECT: Month and Year
OR > Month
Monthly Climatological Summary for Okt 2020
Name: Das Wetter in Pocking City: Pocking State: Germany
Elevation: 324 m Lat: N 48° 24' 09" Lon: E 013° 18' 30"
Temperature (°C), Rain (mm), Wind Speed (m/s)
Heat Cool Avg
Mean Deg Deg Wind Dom
Day Temp High Time Low Time Days Days Rain Speed High Time Dir
----------------------------------------------------------------------------------
01 10,8 18,3 15:00 5,9 05:00 7,6 0,0 0,2 0,0 1,8 15:00 NW
02 14,5 20,3 15:30 9,1 06:30 4,1 0,2 0,0 0,2 5,8 12:00 E
03 14,7 20,7 14:30 8,7 23:59 3,8 0,2 0,0 0,4 9,8 15:00 W
04 11,1 18,2 14:30 5,9 06:30 7,3 0,0 0,0 0,2 5,8 12:30 NNE
05 11,3 15,3 16:30 8,8 00:30 7,1 0,0 0,0 0,3 6,7 10:30 S
06 12,0 16,9 13:00 9,2 05:00 6,3 0,0 1,2 0,2 3,6 12:30 WNW
07 11,1 14,4 15:30 9,1 06:00 7,2 0,0 5,6 0,7 8,9 13:30 W
08 13,2 17,4 16:30 9,6 07:30 5,1 0,0 0,0 0,4 5,8 14:30 W
09 13,9 19,8 14:00 9,4 07:30 4,6 0,1 0,0 0,0 3,6 16:00 NW
10 10,2 13,8 11:00 8,6 05:00 8,1 0,0 0,4 0,3 7,2 12:30 SSW
11 8,2 10,3 15:00 5,4 23:59 10,1 0,0 2,8 0,1 4,0 23:59 SSW
12 7,3 10,8 13:30 5,1 00:30 11,0 0,0 0,8 0,4 4,9 17:00 SW
13 7,8 10,4 13:30 6,6 03:00 10,5 0,0 0,0 0,5 4,9 14:00 W
14 7,0 8,2 13:00 6,1 05:30 11,3 0,0 1,8 1,4 7,2 12:30 W
15 8,0 10,1 16:00 6,1 08:00 10,3 0,0 1,0 0,0 1,8 00:30 SSW
16 7,3 8,8 15:30 6,5 05:00 11,1 0,0 6,4 0,3 3,6 15:30 WNW
17 7,8 10,3 15:30 5,7 07:00 10,6 0,0 0,0 0,5 4,0 13:30 WNW
18 7,9 11,6 16:30 5,6 23:30 10,4 0,0 0,4 0,2 3,6 13:00 W
19 6,9 12,7 14:30 2,7 23:59 11,4 0,0 0,0 0,1 3,1 14:00 ENE
20 6,2 10,6 14:00 1,8 02:30 12,1 0,0 0,0 0,2 4,5 07:00 NNE
21 7,7 12,3 16:00 2,6 03:30 10,6 0,0 0,0 0,2 4,0 07:00 NE
22 8,3 13,2 16:00 4,8 05:00 10,0 0,0 0,0 0,1 2,2 11:00 ENE
23 11,7 17,3 15:00 7,8 02:30 6,7 0,0 0,0 0,0 0,9 00:30 ENE
24 12,3 14,8 17:00 7,9 23:59 6,0 0,0 10,0 0,1 4,0 05:30 SW
25 10,2 13,1 14:00 7,8 02:30 8,1 0,0 0,0 0,2 4,0 12:30 SSE
26 9,7 11,4 13:00 5,8 23:59 8,6 0,0 2,4 0,7 6,7 19:30 WSW
27 5,9 9,6 14:00 2,2 23:59 12,4 0,0 3,2 0,2 3,1 00:30 ESE
28 5,4 9,9 16:00 1,2 02:30 12,9 0,0 0,2 0,0 2,2 09:00 WSW
29 8,6 11,2 14:00 4,9 00:30 9,7 0,0 8,6 0,4 6,7 15:00 SW
30 11,2 13,4 13:30 7,8 00:30 7,1 0,0 4,6 0,5 5,8 13:30 W
31 11,4 15,8 13:00 5,7 23:30 6,9 0,0 0,0 0,1 4,5 01:00 ENE
----------------------------------------------------------------------------------
9,7 20,7 3 1,2 28 269,0 0,5 49,6 0,3 9,8 3 W
Max >= 27,0 0
Max <= 0,0 0
Min <= 0,0 0
Min <= -18,0 0
Max Rain: 10,0 on day 24
Days of Rain: 16 (>= 0,2 mm) 8 (>= 2,0 mm) 0 (>= 20,0 mm)
Heat Base: 18,3 Cool Base: 18,3 Method: Integration