V/Λ SELECT: Month and Year
OR > Month
Monthly Climatological Summary for Aug 2020
Name: Das Wetter in Pocking City: Pocking State: Germany
Elevation: 324 m Lat: N 48° 24' 09" Lon: E 013° 18' 30"
Temperature (°C), Rain (mm), Wind Speed (m/s)
Heat Cool Avg
Mean Deg Deg Wind Dom
Day Temp High Time Low Time Days Days Rain Speed High Time Dir
----------------------------------------------------------------------------------
01 24,5 33,0 18:30 15,1 06:00 0,5 6,7 0,0 0,3 3,6 10:00 SSW
02 21,2 24,6 11:30 18,7 23:59 0,0 2,8 1,0 0,4 5,4 11:30 NW
03 18,2 20,6 17:00 15,6 23:59 0,5 0,4 1,2 0,3 4,0 10:00 NNW
04 14,3 16,1 18:00 12,4 10:30 4,1 0,0 1,2 0,9 6,7 08:00 SSW
05 16,8 22,2 14:30 11,5 03:00 2,6 0,9 1,0 0,2 3,1 14:00 ESE
06 20,2 27,4 16:00 12,3 06:30 1,6 3,4 4,0 0,2 3,6 13:30 SE
07 23,2 31,2 15:30 15,8 06:30 0,5 5,3 4,6 0,3 6,7 14:30 SE
08 23,6 32,6 16:00 15,0 06:30 0,6 5,8 1,2 0,2 4,9 14:30 SE
09 23,7 31,9 15:00 15,6 06:30 0,4 5,8 0,0 0,1 4,0 14:00 SW
10 24,7 33,1 15:00 16,6 06:30 0,2 6,6 0,0 0,3 5,4 13:30 NNE
11 23,3 31,6 16:00 17,4 06:00 0,1 5,1 0,0 0,2 7,2 16:30 SSE
12 24,2 31,7 15:30 17,2 06:30 0,1 6,0 0,0 0,3 4,9 13:30 SSE
13 22,7 31,1 15:30 17,1 07:00 0,1 4,4 0,0 0,4 10,7 17:00 SSW
14 21,8 28,6 16:00 17,2 06:00 0,1 3,6 0,0 0,4 4,0 15:00 S
15 19,9 23,6 12:00 17,5 04:30 0,1 1,7 0,0 0,2 6,7 13:00 S
16 22,3 28,7 16:30 17,3 07:30 0,1 4,0 0,0 0,3 5,4 14:30 ENE
17 20,8 25,2 17:00 15,9 06:30 0,3 2,8 0,0 0,5 5,8 13:00 NW
18 19,1 24,2 15:30 16,5 23:59 0,3 1,1 0,0 0,3 7,6 16:00 E
19 19,8 25,9 15:00 15,3 02:30 0,9 2,4 0,0 0,3 4,0 09:30 NNE
20 21,2 29,6 16:00 12,9 07:00 1,4 4,3 0,0 0,2 3,6 11:00 ENE
21 24,1 32,6 16:00 16,4 05:00 0,3 6,0 0,0 0,2 3,6 13:30 SSE
22 20,9 27,8 12:00 17,4 07:00 0,1 2,7 0,0 0,9 10,3 13:00 SSW
23 19,5 24,6 16:30 15,9 07:30 0,6 1,8 0,0 0,5 6,7 17:30 SSW
24 18,7 23,6 16:00 14,8 07:30 1,1 1,5 0,0 0,3 4,5 16:00 NW
25 18,6 25,4 15:30 11,9 06:30 1,8 2,1 0,0 0,2 3,1 14:00 S
26 22,1 28,8 14:30 16,1 02:00 0,6 4,3 0,0 1,7 11,6 10:00 WNW
27 18,4 24,4 14:00 13,3 23:59 1,6 1,6 0,0 0,6 5,4 13:30 NE
28 18,6 28,4 15:30 11,1 06:00 2,3 2,6 0,0 0,4 8,9 19:00 S
29 15,8 16,9 00:30 14,6 23:30 2,5 0,0 0,0 0,2 4,0 15:00 NW
30 16,2 19,9 14:30 14,1 23:59 2,3 0,2 0,0 0,5 5,8 14:00 WSW
31 15,2 18,9 14:30 11,4 07:00 3,2 0,0 0,0 0,4 4,9 03:30 NNE
----------------------------------------------------------------------------------
20,4 33,1 10 11,1 28 30,9 95,9 14,2 0,4 11,6 26 SW
Max >= 27,0 16
Max <= 0,0 0
Min <= 0,0 0
Min <= -18,0 0
Max Rain: 4,6 on day 7
Days of Rain: 7 (>= 0,2 mm) 2 (>= 2,0 mm) 0 (>= 20,0 mm)
Heat Base: 18,3 Cool Base: 18,3 Method: Integration