V/Λ SELECT: Month and Year
OR > Month
Monthly Climatological Summary for Mai 2020
Name: Das Wetter in Pocking City: Pocking State: Germany
Elevation: 324 m Lat: N 48° 24' 09" Lon: E 013° 18' 30"
Temperature (°C), Rain (mm), Wind Speed (m/s)
Heat Cool Avg
Mean Deg Deg Wind Dom
Day Temp High Time Low Time Days Days Rain Speed High Time Dir
----------------------------------------------------------------------------------
01 12,3 17,8 16:00 7,9 07:00 6,0 0,0 3,6 0,8 9,8 19:00 SW
02 10,4 14,8 13:00 8,0 22:30 7,9 0,0 1,0 1,1 8,9 18:30 W
03 10,1 15,1 15:00 6,7 04:30 8,2 0,0 0,0 0,8 6,7 15:30 ESE
04 11,5 18,4 12:30 5,7 06:00 6,8 0,0 4,4 0,3 6,7 21:00 WNW
05 11,9 15,7 17:00 8,4 23:59 6,4 0,0 0,2 0,9 5,4 17:00 NE
06 9,7 15,6 15:30 2,8 06:00 8,6 0,0 0,0 0,5 4,5 12:30 WNW
07 12,3 20,3 18:30 3,2 06:00 6,3 0,3 0,0 0,7 6,3 11:30 NNE
08 15,6 25,0 17:30 6,1 06:00 4,5 1,7 0,0 0,2 3,6 10:30 SE
09 19,2 27,2 17:00 10,6 06:30 2,2 3,1 0,8 0,2 5,8 23:30 NNE
10 16,4 20,9 16:30 12,4 05:30 2,3 0,3 1,6 0,2 4,0 13:00 E
11 13,8 20,8 13:30 6,1 23:59 4,7 0,1 9,6 0,9 16,5 18:30 NNE
12 7,3 13,2 15:30 3,9 04:30 11,0 0,0 1,8 0,3 6,7 00:30 SE
13 8,3 11,8 12:00 4,5 01:30 10,1 0,0 3,2 0,1 4,0 17:00 WNW
14 10,3 13,1 16:00 8,3 06:30 8,1 0,0 2,4 0,0 4,0 14:00 ENE
15 9,3 11,0 03:30 7,4 10:30 9,1 0,0 7,8 0,1 5,4 06:00 SW
16 12,2 19,1 15:00 4,8 07:00 6,2 0,0 0,0 0,0 4,5 12:00 SSW
17 14,7 21,9 15:30 6,5 06:30 4,4 0,7 0,0 0,3 4,5 12:30 NW
18 15,8 23,9 15:30 6,8 06:00 4,1 1,6 0,0 0,3 4,5 18:00 N
19 18,1 25,8 17:30 9,1 05:30 2,7 2,5 0,0 0,3 4,0 15:00 NNE
20 17,3 21,0 17:30 14,6 23:59 1,4 0,4 0,0 0,3 3,6 04:00 NNE
21 17,4 23,4 16:00 11,8 02:30 2,3 1,4 0,0 0,4 4,9 12:30 NW
22 17,7 24,2 16:00 10,6 04:30 2,3 1,6 0,0 0,2 8,0 22:00 NE
23 16,4 24,8 16:00 10,4 22:00 2,8 0,8 3,2 0,6 11,2 17:00 W
24 13,5 18,8 16:30 9,4 04:00 4,8 0,0 0,6 1,4 9,8 13:30 WNW
25 13,3 17,8 13:00 11,2 04:00 5,0 0,0 1,8 1,4 10,3 17:30 WNW
26 13,0 18,3 18:00 9,2 06:00 5,3 0,0 0,0 0,7 8,5 14:00 S
27 13,9 21,4 16:00 5,8 06:00 4,9 0,5 0,0 0,2 4,5 14:30 SW
28 12,5 17,6 14:30 8,9 23:59 5,8 0,0 4,0 0,2 9,4 15:30 NW
29 11,4 16,6 15:30 7,8 03:00 6,9 0,0 0,2 0,1 2,7 12:00 SSW
30 11,1 16,1 17:30 5,9 06:00 7,3 0,0 0,0 0,2 4,0 13:30 WNW
31 10,6 16,2 14:30 5,0 05:30 7,8 0,0 3,4 0,4 6,3 15:30 SW
----------------------------------------------------------------------------------
13,1 27,2 9 2,8 6 176,2 15,0 49,6 0,4 16,5 11 NW
Max >= 27,0 1
Max <= 0,0 0
Min <= 0,0 0
Min <= -18,0 0
Max Rain: 9,6 on day 11
Days of Rain: 17 (>= 0,2 mm) 9 (>= 2,0 mm) 0 (>= 20,0 mm)
Heat Base: 18,3 Cool Base: 18,3 Method: Integration