V/Λ SELECT: Month and Year
OR > Month
Monthly Climatological Summary for Apr 2020
Name: Das Wetter in Pocking City: Pocking State: Germany
Elevation: 324 m Lat: N 48° 24' 09" Lon: E 013° 18' 30"
Temperature (°C), Rain (mm), Wind Speed (m/s)
Heat Cool Avg
Mean Deg Deg Wind Dom
Day Temp High Time Low Time Days Days Rain Speed High Time Dir
----------------------------------------------------------------------------------
01 2,1 9,1 15:30 -4,7 07:00 16,2 0,0 0,0 0,3 5,4 10:30 ENE
02 4,0 13,1 17:30 -4,7 07:00 14,3 0,0 0,0 0,3 4,5 16:30 WNW
03 6,4 14,1 15:30 -1,4 06:30 11,9 0,0 0,0 0,7 7,2 13:30 SW
04 9,0 15,6 16:30 4,1 04:00 9,3 0,0 0,0 0,2 4,0 17:00 ESE
05 10,8 19,2 16:00 1,4 07:00 7,6 0,1 0,0 0,8 10,7 13:00 SSE
06 14,3 22,7 15:30 6,6 07:00 4,9 0,9 0,0 0,5 5,8 02:00 SSE
07 13,1 23,1 15:00 3,0 07:00 6,1 0,9 0,0 0,2 5,8 15:00 E
08 13,1 22,5 15:30 3,3 07:00 6,1 0,8 0,0 0,2 6,3 10:00 NW
09 12,5 22,1 15:30 2,7 07:00 6,7 0,8 0,0 0,5 5,4 15:00 WNW
10 13,4 22,2 16:00 5,1 05:00 5,6 0,7 0,0 0,3 4,5 10:30 ESE
11 13,4 21,4 16:00 5,2 07:00 5,6 0,6 0,0 0,3 4,5 18:30 NNE
12 13,9 23,6 16:00 3,7 07:00 5,6 1,2 0,0 0,2 4,0 17:00 NNE
13 13,4 22,7 15:30 6,8 23:59 5,6 0,6 0,0 1,4 10,7 16:30 NNE
14 5,1 8,2 15:30 0,6 23:59 13,3 0,0 0,0 1,3 6,7 11:00 SW
15 6,8 15,9 17:00 -2,8 06:30 11,5 0,0 0,0 0,3 3,1 13:30 NNE
16 12,2 22,9 15:00 1,4 06:30 7,1 0,9 0,0 0,3 4,9 17:30 WNW
17 14,8 25,2 15:00 4,4 06:30 5,2 1,7 0,0 0,2 3,6 16:00 WNW
18 15,9 24,5 15:30 10,8 02:00 3,2 0,8 0,2 0,3 6,3 17:00 W
19 14,0 19,9 16:00 10,1 07:00 4,4 0,0 0,0 0,6 8,0 19:00 ENE
20 13,1 19,6 15:00 7,2 06:30 5,3 0,1 0,0 1,4 10,3 18:00 NE
21 14,3 20,7 16:00 8,9 06:00 4,3 0,2 0,0 1,6 10,3 12:30 ENE
22 14,7 22,2 15:30 7,1 06:30 4,4 0,7 0,0 1,1 9,8 11:00 NE
23 14,2 22,2 16:00 5,5 07:00 4,8 0,7 0,0 0,6 7,6 14:00 NE
24 13,2 22,3 15:00 3,1 06:30 6,0 0,8 0,0 0,7 8,9 17:30 WSW
25 13,8 20,1 16:00 6,8 06:00 4,7 0,1 0,0 1,3 7,6 11:30 NE
26 11,9 19,4 15:30 3,3 06:30 6,5 0,1 0,0 0,4 4,5 10:00 NNE
27 12,2 19,7 18:00 4,6 04:30 6,2 0,1 0,0 0,2 4,0 14:00 SE
28 14,6 24,8 15:00 5,2 06:30 5,2 1,6 4,0 0,5 7,2 20:00 NW
29 12,1 14,8 15:00 10,7 23:59 6,3 0,0 8,4 0,8 6,3 10:00 WSW
30 13,4 20,7 14:00 6,1 06:30 5,2 0,3 4,0 0,7 8,0 21:00 SW
----------------------------------------------------------------------------------
11,9 25,2 17 -4,7 1 209,1 14,7 16,6 0,6 10,7 5 NE
Max >= 27,0 0
Max <= 0,0 0
Min <= 0,0 4
Min <= -18,0 0
Max Rain: 8,4 on day 29
Days of Rain: 4 (>= 0,2 mm) 3 (>= 2,0 mm) 0 (>= 20,0 mm)
Heat Base: 18,3 Cool Base: 18,3 Method: Integration