V/Λ SELECT: Month and Year
OR > Month
Monthly Climatological Summary for Mrz 2020
Name: Das Wetter in Pocking City: Pocking State: Germany
Elevation: 324 m Lat: N 48° 24' 09" Lon: E 013° 18' 30"
Temperature (°C), Rain (mm), Wind Speed (m/s)
Heat Cool Avg
Mean Deg Deg Wind Dom
Day Temp High Time Low Time Days Days Rain Speed High Time Dir
----------------------------------------------------------------------------------
01 7,9 13,1 14:00 4,6 01:00 10,4 0,0 0,0 0,5 7,2 07:00 S
02 7,2 10,4 12:00 2,2 07:30 11,2 0,0 0,0 0,5 12,1 00:30 W
03 4,6 7,9 01:30 2,0 23:59 13,7 0,0 0,0 1,2 10,7 11:00 WSW
04 3,6 7,1 13:30 0,2 23:59 14,7 0,0 0,0 0,5 5,4 12:00 E
05 4,6 10,1 14:30 -1,7 05:30 13,8 0,0 0,0 0,2 4,5 12:00 ESE
06 6,9 10,3 12:30 4,7 04:00 11,4 0,0 0,0 1,6 10,7 19:00 WSW
07 4,7 5,8 13:30 3,3 23:59 13,6 0,0 0,0 2,1 8,0 10:30 WSW
08 4,9 10,3 14:00 -0,1 07:00 13,4 0,0 0,0 0,2 4,5 14:00 SE
09 4,4 7,2 17:00 1,9 04:00 13,9 0,0 0,0 0,2 4,9 15:00 SW
10 5,2 8,2 23:59 1,6 06:30 13,1 0,0 0,0 0,7 7,6 11:00 SW
11 12,8 15,7 14:30 8,2 00:30 5,5 0,0 0,0 2,4 10,3 07:00 SW
12 12,6 18,6 14:30 6,7 06:00 5,7 0,0 0,0 1,5 10,7 14:00 NNE
13 7,7 11,5 16:00 2,7 23:59 10,7 0,0 0,0 1,8 9,4 14:30 W
14 4,9 11,1 15:00 -0,7 06:00 13,4 0,0 0,0 0,1 3,1 13:30 E
15 5,6 11,8 15:30 0,3 06:30 12,7 0,0 0,0 0,7 8,0 15:00 SE
16 7,6 16,5 16:30 -0,4 06:00 10,7 0,0 0,0 0,2 2,7 12:30 SSE
17 7,2 12,2 13:30 2,2 06:00 11,1 0,0 0,0 0,1 1,8 09:30 W
18 8,6 17,0 15:00 2,8 07:30 9,8 0,0 0,0 0,1 3,1 15:30 NE
19 9,6 18,9 14:00 1,7 06:30 8,7 0,0 0,0 0,1 2,7 12:30 WSW
20 10,6 19,0 14:00 2,6 06:30 7,7 0,0 1,2 0,1 4,0 11:30 NW
21 5,3 9,6 01:00 2,4 23:59 13,1 0,0 10,0 1,1 7,6 06:00 ENE
22 1,8 5,7 13:30 -1,4 23:59 16,5 0,0 0,0 1,1 6,7 15:30 E
23 0,3 5,7 13:30 -4,2 06:00 18,1 0,0 0,0 0,8 7,6 12:00 NE
24 1,3 6,6 14:30 -3,7 06:00 17,0 0,0 0,0 0,6 5,8 09:30 E
25 1,8 7,0 14:00 -2,4 05:00 16,5 0,0 0,0 1,1 11,2 13:30 SSE
26 4,7 9,5 15:00 -0,4 01:30 13,6 0,0 0,0 1,5 10,7 14:00 SSE
27 11,2 16,9 15:30 6,7 01:30 7,2 0,0 0,0 1,5 11,6 14:30 SE
28 9,9 17,7 14:30 0,8 06:30 8,4 0,0 0,0 0,3 4,0 23:00 WNW
29 8,0 12,9 15:00 2,9 07:30 9,9 0,0 0,0 1,0 6,7 19:00 NNE
30 3,1 6,8 17:00 -0,1 23:59 15,2 0,0 0,0 1,3 7,2 03:00 SSE
31 1,4 8,3 14:00 -2,8 05:00 16,9 0,0 0,0 0,4 6,3 14:30 ENE
----------------------------------------------------------------------------------
6,1 19,0 20 -4,2 23 377,6 0,0 11,2 0,8 12,1 2 S
Max >= 27,0 0
Max <= 0,0 0
Min <= 0,0 11
Min <= -18,0 0
Max Rain: 10,0 on day 21
Days of Rain: 2 (>= 0,2 mm) 1 (>= 2,0 mm) 0 (>= 20,0 mm)
Heat Base: 18,3 Cool Base: 18,3 Method: Integration