V/Λ SELECT: Month and Year
OR > Month
Monthly Climatological Summary for Feb 2020
Name: Das Wetter in Pocking City: Pocking State: Germany
Elevation: 324 m Lat: N 48° 24' 09" Lon: E 013° 18' 30"
Temperature (°C), Rain (mm), Wind Speed (m/s)
Heat Cool Avg
Mean Deg Deg Wind Dom
Day Temp High Time Low Time Days Days Rain Speed High Time Dir
----------------------------------------------------------------------------------
01 10,9 15,4 15:00 5,1 08:00 7,4 0,0 0,0 0,8 9,8 18:00 W
02 8,9 13,2 20:00 3,8 05:30 9,4 0,0 0,0 1,3 15,2 02:00 W
03 6,6 12,1 00:30 5,1 23:30 11,7 0,0 0,0 1,5 10,7 00:30 SSW
04 4,3 9,1 06:30 1,7 18:30 14,1 0,0 0,0 2,7 17,0 07:30 W
05 2,7 5,2 13:30 -0,5 23:59 15,7 0,0 0,0 2,3 11,6 05:30 W
06 0,2 5,6 16:00 -3,2 06:30 18,2 0,0 0,0 0,2 4,9 13:30 W
07 -0,2 5,3 15:30 -4,3 07:30 18,5 0,0 0,0 0,0 3,6 15:30 ESE
08 0,8 5,4 15:30 -2,9 05:30 17,5 0,0 0,0 0,0 3,6 12:30 E
09 1,5 8,7 15:30 -3,9 07:00 16,8 0,0 0,0 0,0 2,2 16:00 SE
10 6,8 15,6 09:00 1,3 07:00 11,6 0,0 0,0 2,5 18,3 09:00 SW
11 5,1 8,6 00:30 3,0 23:59 13,2 0,0 0,0 3,4 16,5 23:59 W
12 3,3 7,3 14:00 0,6 22:30 15,0 0,0 0,0 2,4 11,2 13:00 WSW
13 3,1 6,5 22:30 -0,5 07:30 15,3 0,0 0,0 0,3 6,7 13:00 W
14 6,3 8,2 14:30 5,1 02:00 12,0 0,0 0,0 1,5 8,5 06:30 WNW
15 5,1 10,7 14:30 0,6 07:30 13,2 0,0 0,0 0,0 4,0 13:30 ENE
16 5,0 10,7 15:30 -0,7 06:30 13,3 0,0 0,0 0,0 2,7 10:30 SE
17 7,4 14,4 14:30 1,9 07:00 10,9 0,0 0,0 0,2 6,7 18:00 W
18 6,3 9,5 13:30 1,7 23:59 12,1 0,0 0,0 1,1 12,5 04:30 WNW
19 4,0 6,9 11:00 1,7 00:30 14,3 0,0 0,0 0,9 10,7 13:00 SW
20 3,4 8,3 15:30 -0,4 23:59 14,9 0,0 0,0 0,1 4,5 01:30 NW
21 4,5 8,1 14:30 -0,4 00:30 13,8 0,0 0,0 1,8 12,5 04:30 SW
22 6,9 14,1 16:00 -0,6 07:30 11,4 0,0 0,0 0,0 4,9 15:00 NW
23 10,7 16,2 20:30 6,7 09:00 7,6 0,0 0,0 2,5 17,0 21:00 W
24 6,0 12,9 01:30 4,4 08:30 12,3 0,0 0,0 1,4 14,8 01:30 SSE
25 6,1 12,0 15:30 2,6 07:30 12,2 0,0 0,0 0,4 8,0 16:30 S
26 4,2 7,4 00:30 1,4 21:00 14,1 0,0 0,0 2,1 11,2 16:00 WSW
27 3,4 7,4 12:30 0,4 21:30 14,9 0,0 0,0 1,6 15,6 22:30 W
28 2,1 5,2 16:00 -0,7 22:00 16,3 0,0 0,0 2,6 17,4 00:30 WNW
29 4,3 9,4 14:30 -0,1 04:30 14,1 0,0 0,0 0,2 5,4 16:00 SE
----------------------------------------------------------------------------------
4,8 16,2 23 -4,3 7 391,8 0,0 0,0 1,2 18,3 10 WSW
Max >= 27,0 0
Max <= 0,0 0
Min <= 0,0 12
Min <= -18,0 0
Max Rain: 0,0 on day 0
Days of Rain: 0 (>= 0,2 mm) 0 (>= 2,0 mm) 0 (>= 20,0 mm)
Heat Base: 18,3 Cool Base: 18,3 Method: Integration