V/Λ SELECT: Month and Year
OR > Month
Monthly Climatological Summary for Nov 2019
Name: Das Wetter in Pocking City: Pocking State: Germany
Elevation: 324 m Lat: N 48° 24' 09" Lon: E 013° 18' 30"
Temperature (°C), Rain (mm), Wind Speed (m/s)
Heat Cool Avg
Mean Deg Deg Wind Dom
Day Temp High Time Low Time Days Days Rain Speed High Time Dir
----------------------------------------------------------------------------------
01 4,9 6,6 15:00 3,8 08:30 13,4 0,0 0,0 0,5 5,4 02:30 ENE
02 7,4 11,8 15:00 5,2 06:30 10,9 0,0 1,4 0,1 5,4 10:00 NNW
03 7,2 10,6 23:30 4,1 04:00 11,2 0,0 4,8 0,2 4,0 23:00 SW
04 10,6 14,7 12:30 6,6 08:00 7,8 0,0 1,0 0,3 4,5 19:30 SSE
05 7,5 8,8 10:00 4,1 23:59 10,8 0,0 9,8 0,2 4,0 09:00 WSW
06 5,4 8,2 15:00 2,3 07:00 12,9 0,0 2,0 0,1 2,2 11:30 ESE
07 5,9 9,9 15:30 3,2 06:00 12,4 0,0 0,2 0,1 4,0 12:30 NNE
08 6,6 10,1 13:00 3,6 05:00 11,7 0,0 0,0 0,3 4,5 23:59 W
09 4,1 6,7 15:00 -0,5 23:59 14,3 0,0 7,4 0,5 4,5 00:30 WSW
10 2,0 4,5 14:30 -0,7 02:00 16,3 0,0 0,2 0,1 2,2 09:30 SE
11 1,8 2,4 15:00 0,6 03:30 16,6 0,0 0,0 0,4 5,8 15:30 NW
12 3,6 6,1 15:00 1,2 23:30 14,8 0,0 13,6 0,0 1,8 15:00 SW
13 1,7 3,3 13:30 0,2 23:59 16,6 0,0 10,2 0,1 2,7 12:00 SSW
14 2,6 6,6 14:30 -0,8 02:30 15,7 0,0 0,2 0,4 6,3 15:30 SE
15 8,0 14,1 13:30 3,9 00:30 10,3 0,0 0,0 0,8 11,2 11:00 SSW
16 3,9 5,5 00:30 0,6 08:00 14,4 0,0 0,0 0,4 4,9 03:30 ENE
17 6,7 13,3 21:00 2,0 08:00 11,6 0,0 0,0 0,4 8,0 20:30 SW
18 4,7 8,3 15:00 0,6 23:59 13,6 0,0 3,8 0,4 5,4 00:30 NW
19 0,7 3,0 16:00 -1,2 07:30 17,7 0,0 0,2 0,0 1,8 04:30 NNE
20 1,4 2,9 23:00 -0,4 03:00 16,9 0,0 3,8 0,0 1,8 12:30 W
21 3,9 5,3 15:30 2,8 00:30 14,4 0,0 2,6 0,0 2,2 21:00 ENE
22 4,6 5,9 21:00 3,8 02:00 13,7 0,0 0,4 0,3 4,0 16:30 ENE
23 7,8 13,9 14:00 0,8 08:00 10,6 0,0 0,0 0,3 6,3 13:30 ENE
24 6,7 11,2 14:30 2,8 23:59 11,6 0,0 0,0 0,1 3,6 11:00 ENE
25 4,3 5,3 14:00 2,3 02:00 14,1 0,0 0,0 0,1 4,0 12:30 NNE
26 4,5 5,9 15:00 3,3 05:30 13,8 0,0 0,2 0,1 3,1 20:30 SE
27 4,6 6,1 15:30 3,4 03:30 13,8 0,0 0,0 0,5 7,6 05:30 NW
28 5,6 9,7 15:00 1,1 04:30 12,8 0,0 0,2 0,3 5,4 23:30 WSW
29 7,0 10,3 11:30 2,4 23:30 11,3 0,0 0,0 1,6 8,9 16:00 W
30 2,6 5,1 14:30 -1,9 23:59 15,8 0,0 0,0 0,7 5,4 04:30 NE
----------------------------------------------------------------------------------
4,9 14,7 4 -1,9 30 401,8 0,0 62,0 0,3 11,2 15 W
Max >= 27,0 0
Max <= 0,0 0
Min <= 0,0 6
Min <= -18,0 0
Max Rain: 13,6 on day 12
Days of Rain: 18 (>= 0,2 mm) 9 (>= 2,0 mm) 0 (>= 20,0 mm)
Heat Base: 18,3 Cool Base: 18,3 Method: Integration