V/Λ SELECT: Month and Year
OR > Month
Monthly Climatological Summary for Okt 2019
Name: Das Wetter in Pocking City: Pocking State: Germany
Elevation: 324 m Lat: N 48° 24' 09" Lon: E 013° 18' 30"
Temperature (°C), Rain (mm), Wind Speed (m/s)
Heat Cool Avg
Mean Deg Deg Wind Dom
Day Temp High Time Low Time Days Days Rain Speed High Time Dir
----------------------------------------------------------------------------------
01 15,4 24,0 14:30 7,1 07:00 4,2 1,3 0,0 0,2 3,1 13:30 NW
02 13,7 16,7 17:00 7,4 23:59 4,7 0,0 0,0 1,2 8,5 18:00 WNW
03 8,8 11,4 16:00 6,4 05:30 9,6 0,0 0,0 1,0 7,6 14:00 NNW
04 8,7 14,3 14:30 3,7 08:00 9,6 0,0 0,0 0,2 3,6 12:30 SSW
05 10,5 12,8 15:00 7,9 23:30 7,8 0,0 0,0 1,5 10,7 14:00 WNW
06 9,6 12,9 13:00 6,4 08:00 8,7 0,0 0,0 0,2 4,5 12:30 S
07 8,0 10,3 15:00 5,8 07:30 10,3 0,0 0,0 0,2 3,6 02:00 S
08 11,1 17,8 14:30 7,2 08:00 7,2 0,0 0,0 0,2 4,0 16:30 SW
09 11,5 12,9 10:00 8,9 23:30 6,8 0,0 0,0 0,3 4,9 19:00 SSW
10 10,4 14,1 13:30 8,3 01:30 7,9 0,0 0,0 0,7 7,6 15:30 SSW
11 10,6 17,9 15:00 4,9 08:00 7,7 0,0 0,0 0,1 3,6 16:00 E
12 11,1 20,5 17:00 4,3 07:30 7,6 0,3 0,0 0,0 2,2 13:30 S
13 13,2 21,6 15:00 6,6 07:30 5,6 0,5 0,0 0,1 4,0 17:00 ENE
14 12,7 20,5 14:30 7,9 07:00 5,7 0,1 0,0 0,1 3,6 14:30 E
15 12,5 15,1 15:00 11,4 08:00 5,8 0,0 0,0 0,2 4,9 17:30 SSW
16 12,6 16,9 16:00 6,7 23:59 5,8 0,0 0,0 0,6 6,7 02:30 SW
17 10,1 17,8 16:00 4,1 07:30 8,2 0,0 0,0 0,0 2,2 12:00 NE
18 11,6 19,3 15:00 5,3 05:00 6,8 0,1 0,0 0,1 3,6 12:00 NW
19 10,4 13,3 16:30 8,2 03:00 7,9 0,0 0,0 0,2 6,3 22:00 SSE
20 11,8 15,7 14:30 10,0 08:30 6,6 0,0 0,0 0,3 4,9 16:00 ENE
21 12,6 17,2 16:30 9,4 23:59 5,8 0,0 0,0 0,1 4,0 03:30 SE
22 10,8 12,1 15:30 9,2 01:00 7,6 0,0 0,0 0,0 2,2 14:00 NNE
23 13,2 18,4 15:00 9,6 23:59 5,2 0,0 0,0 0,1 4,5 14:00 S
24 12,9 19,1 16:00 9,3 08:00 5,4 0,1 0,0 0,3 4,5 20:30 WNW
25 13,1 17,0 15:30 8,9 23:59 5,3 0,0 0,0 0,1 3,6 15:30 NNW
26 9,5 13,5 16:30 7,2 22:30 8,8 0,0 0,0 0,0 1,8 09:30 NE
27 10,8 18,2 15:00 5,9 07:30 7,6 0,0 0,0 0,0 1,8 11:30 NNE
28 9,8 13,0 01:30 8,1 23:59 8,5 0,0 1,2 0,3 4,0 06:30 ENE
29 7,8 8,6 14:00 7,2 22:30 10,5 0,0 0,6 0,1 2,7 12:30 NNE
30 6,3 9,7 13:00 3,8 23:59 12,0 0,0 0,0 0,3 5,4 13:30 NE
31 3,9 6,9 13:30 0,6 07:30 14,4 0,0 0,0 0,5 5,8 11:30 SE
----------------------------------------------------------------------------------
10,8 24,0 1 0,6 31 235,6 2,4 1,8 0,3 10,7 5 W
Max >= 27,0 0
Max <= 0,0 0
Min <= 0,0 0
Min <= -18,0 0
Max Rain: 1,2 on day 28
Days of Rain: 2 (>= 0,2 mm) 0 (>= 2,0 mm) 0 (>= 20,0 mm)
Heat Base: 18,3 Cool Base: 18,3 Method: Integration