V/Λ SELECT: Month and Year
OR > Month
Monthly Climatological Summary for Aug 2019
Name: Das Wetter in Pocking City: Pocking State: Germany
Elevation: 324 m Lat: N 48° 24' 09" Lon: E 013° 18' 30"
Temperature (°C), Rain (mm), Wind Speed (m/s)
Heat Cool Avg
Mean Deg Deg Wind Dom
Day Temp High Time Low Time Days Days Rain Speed High Time Dir
----------------------------------------------------------------------------------
01 20,0 27,2 16:00 14,7 06:00 1,2 2,8 0,0 0,2 4,5 18:00 WSW
02 20,7 26,3 18:00 15,6 07:00 0,6 2,9 0,0 0,5 5,8 14:30 WNW
03 17,9 23,2 14:30 15,3 23:59 1,2 0,8 6,0 0,6 5,8 15:30 SSW
04 19,4 26,2 16:30 14,1 06:00 1,4 2,4 0,0 0,2 4,9 13:30 SSW
05 20,7 27,4 17:00 13,4 05:30 1,3 3,7 0,0 0,2 3,6 15:00 NE
06 22,7 29,0 16:30 17,8 06:00 0,1 4,4 0,0 0,4 4,0 12:30 SSW
07 21,1 26,9 13:00 17,3 23:59 0,1 2,8 0,8 0,4 8,5 16:30 NW
08 20,5 26,6 15:00 16,1 03:30 0,6 2,8 0,0 0,4 4,9 15:30 NNE
09 23,2 31,9 15:30 13,2 06:00 1,1 6,0 0,0 0,3 4,5 12:30 E
10 21,0 26,3 12:30 16,6 23:00 0,2 2,9 1,0 0,4 6,3 14:00 WNW
11 22,8 29,7 16:00 16,3 06:00 0,6 5,1 0,4 0,4 5,8 15:30 NW
12 17,8 23,9 00:30 15,6 23:30 0,9 0,4 11,8 0,9 7,6 00:30 ENE
13 17,0 20,9 13:30 13,8 23:59 1,8 0,4 10,2 0,3 7,2 19:30 SW
14 17,0 22,1 16:00 13,1 23:59 2,2 0,9 0,6 0,4 5,4 16:30 WNW
15 16,6 23,8 14:30 9,2 06:30 2,9 1,2 0,0 0,3 5,4 16:00 W
16 18,2 23,3 16:00 13,6 23:59 1,4 1,3 1,6 0,7 6,7 11:30 WNW
17 17,9 24,9 16:00 10,2 05:30 2,6 2,1 0,0 0,2 3,6 16:00 SE
18 24,4 33,0 16:30 16,7 06:00 0,2 6,3 0,0 0,2 6,3 23:00 NW
19 21,9 25,8 15:00 18,8 23:59 0,0 3,6 0,0 0,6 9,8 04:30 SE
20 19,7 23,7 11:30 16,1 23:59 0,3 1,7 3,2 0,9 7,6 22:00 NW
21 16,7 21,9 15:00 13,8 23:59 2,2 0,5 4,0 0,6 6,7 01:00 ENE
22 18,1 23,8 16:00 13,2 02:00 1,8 1,6 0,0 0,4 5,4 14:00 S
23 20,2 25,8 16:00 14,8 04:30 1,0 2,8 0,0 0,2 4,9 13:00 E
24 22,6 30,4 16:00 15,2 07:00 0,6 4,8 0,0 0,2 4,0 14:30 ENE
25 22,0 29,1 15:30 15,1 07:00 0,5 4,2 0,0 0,3 3,6 12:00 S
26 22,6 29,8 16:00 16,3 07:00 0,3 4,6 31,6 0,3 8,9 22:30 SW
27 21,9 29,4 15:30 16,2 06:00 0,4 4,0 0,2 0,2 3,6 14:00 NE
28 21,7 28,4 15:30 15,7 06:00 0,5 3,9 0,0 0,1 2,7 11:30 NW
29 20,6 24,6 17:00 16,9 05:00 0,2 2,4 0,6 0,1 4,0 13:00 SE
30 21,9 27,5 16:00 18,3 07:00 0,0 3,6 0,0 0,2 3,6 00:30 NNE
31 22,9 31,3 15:00 15,3 07:00 0,6 5,2 0,0 0,2 4,0 10:00 WNW
----------------------------------------------------------------------------------
20,4 33,0 18 9,2 15 28,8 92,1 72,0 0,4 9,8 19 WNW
Max >= 27,0 13
Max <= 0,0 0
Min <= 0,0 0
Min <= -18,0 0
Max Rain: 31,6 on day 26
Days of Rain: 13 (>= 0,2 mm) 6 (>= 2,0 mm) 1 (>= 20,0 mm)
Heat Base: 18,3 Cool Base: 18,3 Method: Integration