V/Λ SELECT: Month and Year
OR > Month
Monthly Climatological Summary for Jul 2019
Name: Das Wetter in Pocking City: Pocking State: Germany
Elevation: 324 m Lat: N 48° 24' 09" Lon: E 013° 18' 30"
Temperature (°C), Rain (mm), Wind Speed (m/s)
Heat Cool Avg
Mean Deg Deg Wind Dom
Day Temp High Time Low Time Days Days Rain Speed High Time Dir
----------------------------------------------------------------------------------
01 23,9 33,7 14:00 17,8 06:00 0,0 5,6 0,6 0,4 8,9 16:00 NNE
02 21,8 27,6 17:00 17,6 23:59 0,0 3,5 3,0 0,4 4,9 15:30 WNW
03 20,3 26,2 15:30 13,6 05:30 1,1 3,0 0,0 0,5 5,4 16:30 N
04 20,2 27,3 18:30 11,8 05:30 1,6 3,5 0,0 0,4 4,9 13:30 NNW
05 20,3 27,7 15:00 12,3 05:30 1,6 3,5 0,0 0,6 7,2 15:00 NE
06 22,7 31,4 14:00 13,0 06:00 1,1 5,6 0,0 0,5 7,6 13:00 NW
07 20,3 24,6 18:30 16,6 23:59 0,1 2,0 1,6 0,9 8,5 18:30 WNW
08 17,7 22,3 15:30 13,3 05:30 1,7 0,9 0,8 0,7 5,8 15:30 NW
09 16,8 22,2 16:30 11,4 06:00 2,3 0,8 0,0 0,7 6,3 16:30 WNW
10 16,7 22,8 17:00 9,9 06:30 2,8 1,2 0,0 0,7 5,4 15:30 WNW
11 16,2 23,6 16:30 9,5 05:30 3,3 1,1 0,8 0,5 7,2 19:00 WNW
12 17,1 21,8 14:30 14,2 03:00 1,7 0,4 11,4 0,4 9,8 15:00 NW
13 15,4 19,7 15:30 13,2 08:00 2,9 0,1 21,4 1,0 8,5 18:00 SSW
14 16,4 22,2 14:30 13,7 04:30 2,3 0,4 9,2 0,4 5,4 13:00 NNE
15 17,5 24,9 15:00 10,7 05:30 2,6 1,7 0,2 0,3 4,9 19:00 NNE
16 18,9 25,8 16:30 11,6 06:00 1,9 2,5 0,0 0,8 8,0 13:00 WNW
17 20,0 28,2 16:30 11,6 06:00 1,8 3,4 0,0 0,3 5,4 13:30 N
18 20,8 27,9 16:00 12,6 06:00 1,3 3,8 0,0 0,3 4,9 17:30 NNE
19 20,8 27,7 17:30 14,1 05:30 0,8 3,2 0,0 0,1 2,7 16:30 NW
20 23,9 32,1 17:00 14,9 06:00 0,6 6,2 0,0 0,2 3,6 13:00 SSW
21 21,2 26,8 16:30 17,6 10:00 0,1 2,9 7,6 0,6 5,4 15:00 SSW
22 22,6 29,2 16:00 15,7 06:30 0,4 4,6 0,0 0,2 4,0 14:30 SSE
23 24,2 31,7 18:00 15,8 06:00 0,3 6,2 0,0 0,2 4,0 11:00 SSW
24 26,0 34,8 16:00 16,9 06:00 0,1 7,8 0,0 0,3 4,0 10:00 NNE
25 27,1 35,8 16:00 17,6 06:30 0,1 8,7 0,0 0,3 4,5 10:30 NE
26 26,6 35,2 16:00 18,0 06:30 0,0 8,2 0,0 0,2 3,1 14:00 NNE
27 23,4 28,4 18:00 19,4 05:30 0,0 5,1 0,0 0,5 4,9 09:30 NE
28 21,0 24,0 17:00 17,7 06:00 0,1 2,7 9,6 0,2 4,0 08:30 SSE
29 19,2 20,3 09:00 18,3 23:59 0,0 0,8 0,2 0,6 5,4 13:00 SSW
30 22,2 27,4 18:00 17,8 04:30 0,1 3,9 0,0 0,5 4,0 11:00 NNE
31 19,0 22,4 11:00 16,6 06:00 0,3 0,9 1,8 0,6 6,7 13:30 SSW
----------------------------------------------------------------------------------
20,7 35,8 25 9,5 11 33,0 104,2 68,2 0,5 9,8 12 NW
Max >= 27,0 16
Max <= 0,0 0
Min <= 0,0 0
Min <= -18,0 0
Max Rain: 21,4 on day 13
Days of Rain: 13 (>= 0,2 mm) 6 (>= 2,0 mm) 1 (>= 20,0 mm)
Heat Base: 18,3 Cool Base: 18,3 Method: Integration