V/Λ SELECT: Month and Year
OR > Month
Monthly Climatological Summary for Mai 2019
Name: Das Wetter in Pocking City: Pocking State: Germany
Elevation: 324 m Lat: N 48° 24' 09" Lon: E 013° 18' 30"
Temperature (°C), Rain (mm), Wind Speed (m/s)
Heat Cool Avg
Mean Deg Deg Wind Dom
Day Temp High Time Low Time Days Days Rain Speed High Time Dir
----------------------------------------------------------------------------------
01 11,1 17,0 17:00 4,1 06:30 7,2 0,0 0,0 0,6 5,4 13:00 NNW
02 13,3 21,3 15:30 3,9 06:30 5,7 0,6 0,2 0,6 7,6 17:00 WNW
03 10,6 13,4 14:30 9,1 05:00 7,7 0,0 9,2 0,8 5,8 16:30 SSW
04 8,9 15,2 13:00 4,1 23:59 9,4 0,0 0,4 1,1 7,6 22:00 NW
05 5,7 9,4 16:30 2,9 05:30 12,6 0,0 1,8 1,1 5,8 00:30 SSW
06 7,2 11,3 14:30 3,5 07:00 11,2 0,0 0,0 1,1 7,6 15:00 WNW
07 9,0 14,9 16:00 2,6 06:30 9,3 0,0 0,0 0,4 4,5 16:30 SE
08 11,6 18,6 16:00 3,4 04:00 6,7 0,0 0,0 0,4 5,4 13:30 SE
09 12,1 17,2 15:00 8,8 07:00 6,2 0,0 7,2 0,6 8,9 16:00 S
10 13,0 17,4 14:00 9,8 02:00 5,3 0,0 0,8 0,8 6,7 09:30 NW
11 11,2 18,3 14:30 8,9 23:30 7,1 0,0 0,4 0,4 6,3 18:00 WSW
12 8,6 9,3 08:30 7,6 23:30 9,7 0,0 0,4 0,6 6,3 11:30 WNW
13 11,1 15,3 14:00 6,8 06:00 7,3 0,0 0,6 0,7 6,3 15:00 E
14 8,3 13,2 13:00 3,7 06:00 10,0 0,0 0,4 1,2 10,7 15:30 N
15 7,2 9,3 16:00 5,9 04:00 11,2 0,0 0,2 0,8 4,9 16:00 NNE
16 8,6 12,3 16:00 5,6 05:00 9,8 0,0 0,2 0,1 2,7 15:30 NNE
17 14,2 21,4 16:00 6,2 06:00 4,7 0,6 0,2 0,5 7,2 11:30 SE
18 16,6 23,8 16:00 8,1 06:00 3,2 1,4 0,4 0,5 5,4 19:00 SW
19 17,1 25,3 16:00 8,5 06:30 3,0 1,7 0,2 0,5 5,8 18:30 NNE
20 13,2 14,7 11:00 11,2 23:30 5,2 0,0 0,4 0,7 5,8 23:59 SSW
21 12,2 13,7 17:30 10,6 06:00 6,1 0,0 0,4 1,2 6,7 12:00 SSW
22 12,7 15,0 15:30 11,6 04:00 5,6 0,0 0,6 1,6 7,6 16:30 WNW
23 14,0 19,6 17:30 8,8 06:30 4,4 0,1 0,6 0,8 5,4 14:30 NW
24 15,3 22,8 16:00 7,1 05:30 4,2 1,2 0,4 0,3 4,0 14:30 NW
25 17,4 24,8 15:00 9,5 06:00 2,8 1,8 0,4 0,5 5,4 21:00 SW
26 17,8 23,2 16:30 13,9 06:30 1,7 1,2 0,0 0,5 4,0 14:30 SSW
27 15,7 20,3 17:00 11,0 05:30 3,1 0,4 5,0 0,1 3,1 18:30 WNW
28 13,7 16,3 13:00 11,2 22:00 4,7 0,0 3,0 0,6 5,8 17:30 SW
29 11,6 13,5 13:00 10,5 06:00 6,8 0,0 0,8 0,6 5,4 14:00 NE
30 14,1 19,1 17:30 10,2 05:30 4,3 0,0 0,2 0,4 4,9 15:00 W
31 14,5 20,2 16:00 8,9 03:30 4,1 0,2 0,0 0,3 4,0 15:00 SSW
----------------------------------------------------------------------------------
12,2 25,3 19 2,6 7 200,3 9,2 34,4 0,7 10,7 14 W
Max >= 27,0 0
Max <= 0,0 0
Min <= 0,0 0
Min <= -18,0 0
Max Rain: 9,2 on day 3
Days of Rain: 25 (>= 0,2 mm) 4 (>= 2,0 mm) 0 (>= 20,0 mm)
Heat Base: 18,3 Cool Base: 18,3 Method: Integration