V/Λ SELECT: Month and Year
OR > Month
Monthly Climatological Summary for Jan 2019
Name: Das Wetter in Pocking City: Pocking State: Germany
Elevation: 324 m Lat: N 48° 24' 09" Lon: E 013° 18' 30"
Temperature (°C), Rain (mm), Wind Speed (m/s)
Heat Cool Avg
Mean Deg Deg Wind Dom
Day Temp High Time Low Time Days Days Rain Speed High Time Dir
----------------------------------------------------------------------------------
01 5,2 6,1 12:30 3,2 23:59 13,2 0,0 3,0 2,1 12,1 23:59 NW
02 1,2 3,8 13:00 -1,3 23:00 17,2 0,0 0,4 3,7 13,9 09:30 NW
03 -1,4 0,0 14:00 -3,1 09:00 19,7 0,0 0,0 2,4 10,3 15:30 NW
04 -1,3 0,4 23:59 -3,3 07:00 19,6 0,0 0,0 1,5 7,6 22:00 W
05 0,8 1,7 23:00 0,2 05:00 17,5 0,0 11,6 2,7 8,5 01:30 W
06 2,2 3,3 14:00 1,4 23:59 16,2 0,0 1,0 1,7 8,0 07:30 W
07 2,5 3,5 12:00 1,4 00:30 15,8 0,0 0,6 1,9 6,3 15:00 WSW
08 2,8 4,4 13:30 0,6 05:30 15,6 0,0 6,2 3,0 11,6 21:00 W
09 0,8 2,7 00:30 -0,3 20:30 17,6 0,0 3,4 3,0 12,5 00:30 W
10 0,4 2,3 15:30 -0,9 23:59 17,9 0,0 1,2 1,1 6,7 03:00 NW
11 -1,8 -0,4 14:30 -3,3 08:30 20,1 0,0 0,0 1,4 5,4 06:30 WSW
12 1,6 2,9 15:30 -1,2 00:30 16,7 0,0 7,6 2,3 7,6 10:30 WSW
13 3,2 5,7 23:59 1,1 00:30 15,2 0,0 9,8 2,7 11,6 23:30 W
14 3,5 5,9 01:30 0,9 23:59 14,8 0,0 2,0 3,1 11,6 02:00 WNW
15 2,4 4,2 23:00 0,6 04:00 15,9 0,0 0,0 2,9 7,6 01:00 W
16 2,7 5,7 13:00 -1,6 23:59 15,6 0,0 0,0 1,0 6,7 00:30 S
17 2,3 8,9 15:00 -3,7 07:00 16,0 0,0 0,2 0,6 7,2 23:59 WSW
18 0,6 4,6 00:30 -4,0 23:30 17,8 0,0 0,0 1,5 7,2 00:30 WSW
19 -3,3 0,2 14:30 -6,4 08:00 21,6 0,0 0,0 0,3 4,9 13:30 ENE
20 -4,4 -2,1 14:30 -6,3 23:59 22,7 0,0 0,0 0,2 3,1 10:00 NE
21 -4,6 0,5 14:30 -8,4 06:30 22,9 0,0 0,0 0,2 4,5 12:00 SE
22 -4,3 -2,5 13:30 -6,9 02:00 22,6 0,0 0,0 0,3 5,4 20:30 SE
23 -3,8 -3,1 15:30 -4,8 04:30 22,2 0,0 0,0 0,7 5,4 20:00 SE
24 -2,9 -1,9 15:30 -3,7 00:30 21,2 0,0 0,0 0,1 3,6 01:00 NW
25 -3,5 -1,6 12:30 -5,2 06:00 21,8 0,0 0,0 1,0 5,4 12:30 NW
26 -0,2 3,7 19:30 -3,7 05:00 18,6 0,0 6,2 0,5 4,0 17:00 SW
27 1,1 4,2 15:00 -2,2 08:00 17,2 0,0 0,6 0,1 3,6 21:00 SSW
28 2,4 4,2 15:30 0,7 21:30 15,9 0,0 1,6 1,7 10,3 23:30 WSW
29 0,0 2,6 13:00 -4,6 23:00 18,3 0,0 0,8 1,3 8,5 01:00 NE
30 -1,9 1,7 14:30 -5,9 08:30 20,3 0,0 0,0 0,1 4,5 11:30 SE
31 -2,0 2,8 14:30 -5,7 07:30 20,3 0,0 0,0 0,2 4,9 23:30 SE
----------------------------------------------------------------------------------
0,0 8,9 17 -8,4 21 568,0 0,0 56,2 1,4 13,9 2 W
Max >= 27,0 0
Max <= 0,0 7
Min <= 0,0 22
Min <= -18,0 0
Max Rain: 11,6 on day 5
Days of Rain: 16 (>= 0,2 mm) 8 (>= 2,0 mm) 0 (>= 20,0 mm)
Heat Base: 18,3 Cool Base: 18,3 Method: Integration