V/Λ SELECT: Month and Year
OR > Month
Monthly Climatological Summary for Dez 2018
Name: Das Wetter in Pocking City: Pocking State: Germany
Elevation: 324 m Lat: N 48° 24' 09" Lon: E 013° 18' 30"
Temperature (°C), Rain (mm), Wind Speed (m/s)
Heat Cool Avg
Mean Deg Deg Wind Dom
Day Temp High Time Low Time Days Days Rain Speed High Time Dir
----------------------------------------------------------------------------------
01 1,1 2,3 18:00 -0,3 01:30 17,3 0,0 3,6 0,1 3,1 22:30 SE
02 1,1 2,0 00:30 -0,1 07:30 17,3 0,0 5,2 0,4 4,5 10:00 ENE
03 7,2 14,0 14:30 1,8 00:30 11,1 0,0 7,0 0,1 7,2 23:59 SW
04 7,8 11,4 01:00 2,1 23:59 10,5 0,0 3,0 1,9 10,3 01:00 W
05 1,7 4,1 14:00 -0,9 04:30 16,7 0,0 0,0 0,2 5,8 21:00 ESE
06 2,6 3,4 15:00 1,3 07:30 15,7 0,0 1,2 0,1 2,7 16:30 NE
07 7,9 13,4 13:00 3,3 00:30 10,4 0,0 0,0 0,1 6,3 23:00 SW
08 7,6 9,4 14:00 4,7 06:00 10,7 0,0 2,8 2,8 11,2 16:30 WSW
09 7,1 10,2 05:30 5,7 23:00 11,2 0,0 3,6 2,8 11,2 07:00 W
10 3,5 6,1 00:30 0,4 21:30 14,8 0,0 3,0 2,7 10,3 14:30 W
11 2,1 3,2 16:00 0,9 00:30 16,3 0,0 6,0 2,7 9,4 16:30 W
12 1,6 3,3 13:00 0,3 23:59 16,8 0,0 2,4 1,1 6,7 03:00 SE
13 0,1 1,9 14:00 -1,1 23:00 18,3 0,0 0,0 0,6 6,3 23:59 SE
14 -1,0 0,2 13:30 -2,1 06:00 19,3 0,0 0,0 0,7 8,0 02:00 NE
15 -1,9 -0,5 14:00 -6,0 23:59 20,3 0,0 0,0 0,3 3,1 13:30 S
16 -3,7 -1,4 23:00 -7,2 03:00 22,1 0,0 0,0 0,3 5,4 11:30 ENE
17 -0,7 0,4 14:00 -2,7 04:00 19,0 0,0 0,4 0,1 2,2 02:00 S
18 1,3 4,9 14:00 -0,7 23:30 17,0 0,0 1,6 0,2 3,6 13:00 SE
19 -0,5 0,7 14:30 -1,8 07:30 18,8 0,0 0,0 0,2 4,0 04:00 ESE
20 0,6 4,1 15:00 -0,7 00:30 17,7 0,0 1,4 0,1 2,2 15:00 ENE
21 3,3 10,6 23:00 -0,1 03:30 15,1 0,0 3,4 0,4 7,6 23:00 W
22 9,5 12,6 11:30 7,1 22:00 8,8 0,0 16,0 3,2 14,8 16:00 W
23 7,2 10,0 23:59 6,2 21:30 11,2 0,0 9,0 1,2 8,0 23:59 W
24 5,4 11,5 04:30 2,6 22:00 12,9 0,0 11,2 2,7 12,5 04:00 W
25 1,9 3,3 01:00 1,1 23:30 16,4 0,0 0,0 1,6 6,7 02:00 W
26 0,6 3,8 14:00 -1,1 05:30 17,7 0,0 0,0 0,7 4,9 15:00 WNW
27 0,1 2,6 13:00 -1,3 09:00 18,3 0,0 0,0 0,3 3,6 16:00 NNE
28 -0,2 2,6 14:00 -1,7 04:00 18,6 0,0 0,0 0,4 4,5 12:00 WNW
29 -0,8 0,2 16:00 -2,3 02:30 19,2 0,0 0,0 0,6 4,9 09:30 SW
30 3,3 5,1 13:30 -0,1 00:30 15,1 0,0 4,0 2,0 8,5 14:30 W
31 3,8 4,3 01:00 2,9 19:00 14,6 0,0 1,8 1,3 7,2 00:30 SW
----------------------------------------------------------------------------------
2,6 14,0 3 -7,2 16 489,2 0,0 86,6 1,0 14,8 22 W
Max >= 27,0 0
Max <= 0,0 2
Min <= 0,0 17
Min <= -18,0 0
Max Rain: 16,0 on day 22
Days of Rain: 19 (>= 0,2 mm) 14 (>= 2,0 mm) 0 (>= 20,0 mm)
Heat Base: 18,3 Cool Base: 18,3 Method: Integration