V/Λ SELECT: Month and Year
OR > Month
Monthly Climatological Summary for Nov 2018
Name: Das Wetter in Pocking City: Pocking State: Germany
Elevation: 324 m Lat: N 48° 24' 09" Lon: E 013° 18' 30"
Temperature (°C), Rain (mm), Wind Speed (m/s)
Heat Cool Avg
Mean Deg Deg Wind Dom
Day Temp High Time Low Time Days Days Rain Speed High Time Dir
----------------------------------------------------------------------------------
01 10,2 17,9 15:00 4,4 07:30 7,4 0,0 0,0 0,1 4,5 13:00 SW
02 6,9 9,1 14:30 4,1 06:30 11,4 0,0 4,2 0,1 2,2 02:30 SSW
03 9,9 11,6 14:30 8,3 00:30 8,4 0,0 0,2 0,0 1,8 20:00 NE
04 11,2 12,8 19:00 9,9 04:00 7,1 0,0 0,0 0,1 4,9 20:00 SE
05 12,2 16,5 16:00 9,5 23:59 6,1 0,0 0,0 0,6 8,5 14:00 SSE
06 11,8 20,1 14:00 4,9 06:30 6,7 0,2 0,0 0,2 5,8 12:30 NNE
07 9,8 15,9 14:00 4,7 07:30 8,6 0,0 0,0 0,1 2,7 15:00 SW
08 7,8 9,2 13:30 5,8 22:30 10,5 0,0 0,0 0,1 2,7 04:00 ENE
09 9,9 10,9 12:30 6,7 00:30 8,4 0,0 0,0 0,1 4,0 04:00 SE
10 9,4 10,6 13:30 8,8 20:30 8,9 0,0 0,0 0,6 5,4 22:00 SE
11 8,8 11,9 16:00 4,8 23:00 9,5 0,0 0,0 0,2 3,6 01:30 SE
12 7,8 8,8 12:00 5,8 00:30 10,5 0,0 0,0 0,5 4,5 08:30 SE
13 7,4 9,5 15:00 4,9 23:30 10,9 0,0 0,0 0,2 4,5 13:00 E
14 5,8 9,6 15:30 1,7 21:30 12,6 0,0 0,2 0,1 3,1 10:00 NNE
15 4,5 9,4 15:30 1,5 23:30 13,8 0,0 0,0 0,3 2,7 07:00 NNE
16 3,3 9,2 14:00 -1,7 07:00 15,0 0,0 0,2 0,3 4,9 14:00 ESE
17 3,8 8,8 14:00 -0,7 23:59 14,6 0,0 0,0 0,6 6,7 16:00 SE
18 2,1 7,7 14:00 -2,3 06:30 16,3 0,0 0,4 0,2 4,5 20:00 NNE
19 0,8 2,3 13:00 -0,7 07:30 17,6 0,0 0,6 0,9 9,8 23:30 SE
20 2,7 6,1 13:00 -0,5 23:00 15,7 0,0 0,0 1,3 9,8 05:30 ESE
21 3,1 4,8 16:00 -0,1 00:30 15,2 0,0 0,0 0,3 4,5 04:30 NW
22 4,0 6,1 13:30 2,6 01:30 14,3 0,0 0,0 0,2 4,5 15:00 SE
23 3,4 4,9 23:59 2,3 07:30 14,9 0,0 0,0 0,6 4,9 15:30 ESE
24 4,4 6,0 14:00 2,2 23:59 13,9 0,0 0,4 0,3 4,0 01:30 NNE
25 3,2 4,8 12:00 0,2 06:30 15,1 0,0 0,0 0,2 4,5 14:30 NE
26 3,3 4,7 00:30 1,0 23:59 15,1 0,0 13,8 0,3 3,6 11:30 WNW
27 0,9 1,9 15:30 -1,2 23:59 17,4 0,0 5,6 0,3 4,0 14:30 SW
28 -0,9 1,5 14:30 -3,8 23:59 19,2 0,0 0,0 0,3 4,5 11:00 E
29 -1,9 1,1 14:30 -4,4 01:30 20,3 0,0 0,0 0,9 6,7 11:00 SE
30 -1,4 -0,1 23:59 -2,8 02:30 19,7 0,0 0,6 0,4 4,9 00:30 E
----------------------------------------------------------------------------------
5,5 20,1 6 -4,4 29 385,1 0,2 26,2 0,3 9,8 19 ESE
Max >= 27,0 0
Max <= 0,0 1
Min <= 0,0 10
Min <= -18,0 0
Max Rain: 13,8 on day 26
Days of Rain: 10 (>= 0,2 mm) 3 (>= 2,0 mm) 0 (>= 20,0 mm)
Heat Base: 18,3 Cool Base: 18,3 Method: Integration