V/Λ SELECT: Month and Year
OR > Month
Monthly Climatological Summary for Okt 2018
Name: Das Wetter in Pocking City: Pocking State: Germany
Elevation: 324 m Lat: N 48° 24' 09" Lon: E 013° 18' 30"
Temperature (°C), Rain (mm), Wind Speed (m/s)
Heat Cool Avg
Mean Deg Deg Wind Dom
Day Temp High Time Low Time Days Days Rain Speed High Time Dir
----------------------------------------------------------------------------------
01 9,5 13,6 16:00 5,7 03:00 8,8 0,0 3,4 0,5 8,5 19:30 W
02 9,3 12,4 15:00 5,5 07:30 9,0 0,0 0,0 1,3 7,6 14:00 W
03 12,3 15,8 13:30 9,5 23:59 6,0 0,0 0,0 1,7 8,0 13:00 W
04 10,9 17,4 14:30 6,2 07:30 7,4 0,0 0,0 0,1 2,7 15:00 ESE
05 10,8 19,4 14:30 3,4 07:00 7,6 0,1 0,0 0,1 4,9 16:00 SE
06 12,3 21,0 16:00 5,1 07:00 6,4 0,4 0,0 0,0 0,4 14:30 NNE
07 13,6 16,1 15:00 11,5 00:30 4,7 0,0 5,2 0,0 2,2 14:30 NE
08 14,4 20,1 15:00 8,9 08:00 4,2 0,2 0,2 0,2 6,3 12:30 SSE
09 12,0 17,4 16:00 7,3 07:30 6,3 0,0 0,2 0,3 5,4 13:00 SSW
10 14,4 23,1 16:00 6,8 05:30 4,9 1,0 0,2 0,3 6,3 15:00 SSE
11 16,9 24,3 14:30 10,8 08:00 2,8 1,4 0,0 0,4 7,2 15:00 ENE
12 14,8 23,3 14:30 8,8 04:30 4,5 1,0 0,2 0,0 0,0 00:30 ENE
13 14,8 22,3 15:00 8,1 07:30 4,3 0,7 0,0 0,2 6,7 13:00 S
14 17,4 24,4 14:30 12,3 07:00 2,3 1,4 0,0 0,3 6,7 21:30 NNE
15 14,7 19,0 15:30 9,7 23:59 3,7 0,0 0,0 0,1 3,6 11:30 NE
16 11,9 20,3 14:30 5,0 07:30 6,7 0,2 0,0 0,0 0,0 00:30 NE
17 11,1 19,1 16:30 5,2 08:00 7,3 0,1 0,0 0,0 2,2 16:00 NNW
18 9,9 18,1 16:30 4,8 07:00 8,4 0,0 0,0 0,0 1,3 12:00 NE
19 10,4 18,1 16:30 5,6 08:00 7,9 0,0 0,0 0,0 2,2 13:30 WNW
20 8,8 13,9 16:30 4,2 05:30 9,5 0,0 0,2 0,1 2,2 17:00 NE
21 10,2 14,1 15:00 6,3 23:59 8,2 0,0 0,0 0,1 4,9 12:00 SW
22 7,8 14,1 14:30 1,3 08:30 10,6 0,0 0,0 0,1 3,1 12:30 SSW
23 10,3 12,3 14:00 8,5 08:00 8,0 0,0 0,6 1,2 9,4 22:00 W
24 11,4 13,1 14:30 9,1 05:30 6,9 0,0 5,4 3,1 11,6 13:00 W
25 12,2 15,2 12:30 9,7 23:30 6,2 0,0 1,8 1,5 7,2 16:00 W
26 10,4 14,5 16:00 5,8 23:59 7,9 0,0 0,0 0,1 2,7 11:00 ESE
27 7,2 8,6 12:30 5,6 01:00 11,2 0,0 16,2 0,2 3,1 04:00 NE
28 6,2 8,1 14:30 5,1 03:00 12,2 0,0 0,6 0,6 4,9 05:30 NNE
29 11,6 20,2 23:30 5,6 01:30 6,8 0,1 0,2 0,5 11,6 23:30 SSE
30 12,3 19,9 12:30 2,8 23:59 6,1 0,1 0,0 1,4 8,5 04:00 WNW
31 6,3 13,8 14:30 0,1 06:30 12,1 0,0 0,0 0,1 5,4 11:00 SE
----------------------------------------------------------------------------------
11,5 24,4 14 0,1 31 218,9 6,7 34,4 0,5 11,6 24 W
Max >= 27,0 0
Max <= 0,0 0
Min <= 0,0 0
Min <= -18,0 0
Max Rain: 16,2 on day 27
Days of Rain: 13 (>= 0,2 mm) 4 (>= 2,0 mm) 0 (>= 20,0 mm)
Heat Base: 18,3 Cool Base: 18,3 Method: Integration