V/Λ SELECT: Month and Year
OR > Month
Monthly Climatological Summary for Aug 2018
Name: Das Wetter in Pocking City: Pocking State: Germany
Elevation: 324 m Lat: N 48° 24' 09" Lon: E 013° 18' 30"
Temperature (°C), Rain (mm), Wind Speed (m/s)
Heat Cool Avg
Mean Deg Deg Wind Dom
Day Temp High Time Low Time Days Days Rain Speed High Time Dir
----------------------------------------------------------------------------------
01 27,7 35,3 16:30 20,4 07:00 0,0 9,3 0,0 0,2 4,5 16:30 NNE
02 26,2 33,3 16:00 20,2 06:00 0,0 7,9 0,0 0,4 5,8 17:00 SSE
03 26,3 32,9 16:00 19,8 06:00 0,0 7,9 0,0 0,2 5,8 15:00 SSE
04 25,5 34,9 15:30 18,7 06:00 0,0 7,2 0,0 0,3 6,3 16:00 NW
05 25,7 33,3 14:30 18,3 06:30 0,0 7,4 0,0 0,4 6,7 16:30 NNW
06 25,4 32,4 15:30 18,2 06:30 0,0 7,1 0,0 0,3 5,4 13:30 ENE
07 25,2 34,2 16:00 16,8 05:30 0,1 7,0 0,0 0,4 5,8 19:00 NE
08 25,8 33,0 16:00 17,3 06:00 0,1 7,6 0,0 0,6 6,7 14:00 SW
09 26,2 35,1 16:00 17,9 06:30 0,0 7,9 2,4 0,6 10,7 22:30 NW
10 17,6 21,6 00:30 14,9 14:30 1,3 0,6 6,0 0,6 9,4 12:00 NNE
11 17,9 25,2 15:30 11,3 06:00 2,4 2,1 0,0 0,4 6,3 15:30 NNW
12 21,1 29,9 16:30 10,7 07:00 1,9 4,6 0,0 0,3 5,4 12:00 NW
13 22,7 33,7 16:30 15,7 07:00 0,6 4,9 16,6 0,6 10,7 20:00 ESE
14 20,7 25,4 15:00 17,6 06:00 0,1 2,5 0,0 0,7 5,8 15:00 WNW
15 20,8 26,3 16:00 15,9 06:30 0,3 2,8 0,0 0,3 4,5 12:30 WNW
16 21,4 29,4 16:00 13,7 07:00 1,1 4,2 0,0 0,2 4,5 15:30 NE
17 21,7 30,1 16:30 13,4 06:00 1,2 4,5 0,0 0,2 4,0 17:00 SE
18 22,6 30,6 16:00 14,3 06:30 0,8 4,9 0,0 0,2 4,0 17:00 WNW
19 23,6 32,7 15:30 15,3 07:00 0,5 5,7 0,0 0,2 3,6 15:00 WNW
20 23,8 31,4 15:30 15,9 06:30 0,4 5,8 0,0 0,3 5,8 16:00 WNW
21 23,7 31,0 16:30 15,9 07:00 0,3 5,6 0,0 0,3 5,4 15:30 NNW
22 24,4 33,1 16:00 15,7 06:30 0,3 6,4 0,0 0,2 4,0 10:30 NE
23 22,3 29,4 17:30 16,2 06:30 0,2 4,2 0,4 0,4 6,3 21:30 S
24 19,9 24,3 13:30 16,7 23:59 0,2 1,8 3,6 0,4 7,2 14:30 WSW
25 15,7 19,7 15:30 12,5 23:30 2,8 0,1 4,8 0,4 5,4 01:30 SW
26 13,9 18,9 14:30 10,5 07:30 4,4 0,0 4,2 0,9 5,4 16:00 SSW
27 15,8 23,8 16:30 6,3 07:00 4,2 1,6 0,0 0,2 4,5 13:00 SSW
28 20,3 26,3 14:30 15,4 07:30 0,7 2,7 0,0 0,2 4,5 15:00 S
29 19,8 28,1 15:00 11,4 07:00 1,9 3,4 0,0 0,1 4,0 10:30 SSW
30 17,7 20,8 01:00 15,1 23:59 1,0 0,3 5,8 0,4 6,7 01:30 S
31 15,4 17,7 12:00 13,5 23:59 2,9 0,0 18,8 0,4 6,3 21:30 NNE
----------------------------------------------------------------------------------
21,8 35,3 1 6,3 27 29,7 138,0 62,6 0,4 10,7 9 W
Max >= 27,0 20
Max <= 0,0 0
Min <= 0,0 0
Min <= -18,0 0
Max Rain: 18,8 on day 31
Days of Rain: 9 (>= 0,2 mm) 8 (>= 2,0 mm) 0 (>= 20,0 mm)
Heat Base: 18,3 Cool Base: 18,3 Method: Integration