V/Λ SELECT: Month and Year
OR > Month
Monthly Climatological Summary for Jul 2018
Name: Das Wetter in Pocking City: Pocking State: Germany
Elevation: 324 m Lat: N 48° 24' 09" Lon: E 013° 18' 30"
Temperature (°C), Rain (mm), Wind Speed (m/s)
Heat Cool Avg
Mean Deg Deg Wind Dom
Day Temp High Time Low Time Days Days Rain Speed High Time Dir
----------------------------------------------------------------------------------
01 17,9 24,4 16:30 10,9 06:00 2,2 1,7 0,0 0,5 5,4 10:30 ENE
02 18,3 25,9 15:30 9,2 06:00 2,6 2,6 0,0 0,4 4,0 12:00 NNW
03 19,9 27,7 16:00 9,8 06:00 2,2 3,8 0,0 0,4 4,5 16:00 SW
04 21,9 30,0 15:30 14,1 06:00 1,0 4,6 0,0 0,4 4,5 14:00 WNW
05 21,4 30,1 17:00 13,8 06:00 0,8 3,9 2,6 0,7 11,6 19:00 SSW
06 18,6 22,3 14:00 16,4 22:30 0,6 0,8 10,4 0,5 4,0 15:00 S
07 20,1 25,3 18:30 15,9 02:00 0,7 2,5 0,0 1,1 8,5 17:00 WNW
08 20,6 27,0 17:30 14,3 05:00 1,1 3,3 0,0 0,6 6,7 14:30 NNE
09 20,9 27,1 15:30 14,3 06:00 0,8 3,4 0,0 0,3 4,0 14:30 SE
10 17,7 23,1 16:30 15,3 12:00 1,2 0,5 5,8 0,4 6,3 17:30 SSW
11 17,1 22,0 17:00 14,1 23:59 1,8 0,6 0,8 0,6 6,3 17:00 NW
12 17,2 24,1 17:30 10,7 06:00 2,7 1,7 0,0 0,6 6,7 16:00 NW
13 20,0 27,7 18:30 11,5 06:00 1,8 3,5 0,0 0,4 4,5 13:00 NW
14 20,1 28,2 15:30 13,2 06:00 1,3 2,9 3,8 0,3 8,5 16:30 W
15 19,6 28,6 14:30 12,9 06:00 1,6 2,8 0,4 0,5 9,4 18:00 WNW
16 18,3 25,9 16:30 12,9 04:30 1,6 1,6 0,2 0,4 5,8 19:30 NNW
17 20,2 28,5 18:00 12,8 05:30 1,5 3,4 0,0 0,7 11,2 20:00 W
18 22,3 28,6 15:00 15,4 05:00 0,5 4,4 0,0 0,8 7,2 13:30 WNW
19 21,8 29,2 16:30 13,3 06:00 1,1 4,5 0,0 0,6 6,7 15:00 NNE
20 22,2 30,8 16:00 12,3 06:00 1,4 5,2 0,0 0,3 4,5 14:00 NNE
21 19,6 24,2 18:30 14,9 06:00 0,6 1,9 0,8 0,4 4,9 16:30 WNW
22 19,0 22,5 17:00 17,2 23:59 0,3 0,9 2,2 0,6 4,5 19:00 SSW
23 19,8 26,4 14:30 16,4 02:00 0,6 2,1 0,0 0,3 5,4 17:30 SSW
24 22,1 30,5 15:00 14,0 06:00 1,1 4,8 0,0 0,3 4,5 14:30 NW
25 21,8 31,7 14:30 15,0 06:30 0,6 4,2 6,8 0,3 7,2 14:30 SSE
26 22,0 29,6 17:00 15,3 05:30 0,5 4,2 1,2 0,3 5,4 17:00 NE
27 23,8 31,1 14:00 16,4 05:30 0,3 5,8 0,0 0,4 5,4 14:30 NW
28 24,6 32,8 15:00 16,4 06:00 0,2 6,5 0,0 0,4 5,4 19:00 SSW
29 25,1 31,1 16:30 20,2 08:00 0,0 6,7 0,0 0,2 5,4 16:00 NW
30 26,1 33,7 16:30 18,1 06:30 0,0 7,8 0,0 0,3 4,5 17:00 ESE
31 26,7 35,4 16:30 18,3 07:00 0,0 8,4 0,0 0,3 4,5 17:30 ENE
----------------------------------------------------------------------------------
20,9 35,4 31 9,2 2 32,7 111,0 35,0 0,5 11,6 5 WNW
Max >= 27,0 20
Max <= 0,0 0
Min <= 0,0 0
Min <= -18,0 0
Max Rain: 10,4 on day 6
Days of Rain: 11 (>= 0,2 mm) 6 (>= 2,0 mm) 0 (>= 20,0 mm)
Heat Base: 18,3 Cool Base: 18,3 Method: Integration