V/Λ SELECT: Month and Year
OR > Month
Monthly Climatological Summary for Mai 2018
Name: Das Wetter in Pocking City: Pocking State: Germany
Elevation: 324 m Lat: N 48° 24' 09" Lon: E 013° 18' 30"
Temperature (°C), Rain (mm), Wind Speed (m/s)
Heat Cool Avg
Mean Deg Deg Wind Dom
Day Temp High Time Low Time Days Days Rain Speed High Time Dir
----------------------------------------------------------------------------------
01 14,2 17,6 12:30 8,8 06:30 4,2 0,0 0,0 0,7 5,4 14:30 NW
02 16,9 26,1 17:30 9,3 06:30 3,1 1,7 0,0 0,3 4,9 15:30 S
03 16,9 23,0 16:00 11,4 06:30 2,6 1,1 2,8 0,6 5,4 20:30 SSW
04 16,4 21,6 16:00 11,3 06:00 2,4 0,5 0,0 0,3 5,4 16:30 NE
05 16,7 22,1 16:00 13,4 03:30 2,1 0,4 0,2 0,3 5,4 13:30 ENE
06 17,2 24,3 15:30 9,7 06:00 2,8 1,6 0,0 0,5 6,7 15:30 ENE
07 18,4 25,9 16:30 9,3 06:00 2,2 2,3 0,0 0,4 5,8 16:30 ENE
08 18,7 25,8 15:30 10,7 06:30 1,8 2,2 0,0 0,7 7,2 12:30 NE
09 17,8 26,1 15:30 10,3 06:30 2,5 1,9 0,0 0,5 6,3 12:00 NW
10 16,6 25,0 17:30 10,1 04:30 2,9 1,3 0,0 0,6 6,3 18:30 WNW
11 17,2 23,8 16:30 11,8 06:30 2,5 1,3 0,0 0,7 6,3 03:00 SE
12 19,6 28,1 15:30 11,3 06:00 1,8 3,1 0,0 0,4 7,6 18:00 ENE
13 20,9 28,4 15:30 12,8 05:30 1,3 3,8 0,0 0,5 7,2 18:00 SW
14 19,7 25,4 13:30 15,4 07:00 0,6 1,9 0,0 0,6 9,4 15:30 NE
15 13,7 17,4 14:30 11,8 23:59 4,6 0,0 6,0 0,5 5,8 16:00 NW
16 11,6 14,7 15:30 10,6 07:30 6,7 0,0 22,2 0,4 4,9 10:00 SSW
17 13,1 17,1 18:00 10,7 05:30 5,2 0,0 0,0 0,6 5,4 16:00 SSW
18 15,8 21,4 15:30 10,7 02:30 3,1 0,6 0,0 0,6 4,9 13:00 S
19 16,7 22,6 13:00 12,3 06:00 2,2 0,6 0,0 0,8 8,9 16:30 ENE
20 18,4 24,6 14:30 14,3 01:30 1,6 1,7 0,0 0,6 6,7 17:00 NE
21 19,2 26,1 15:30 12,5 06:00 1,7 2,5 0,0 0,6 7,6 14:00 NE
22 18,6 27,3 14:30 10,9 05:30 2,1 2,3 0,2 0,4 6,7 18:30 NW
23 19,5 27,3 15:30 12,1 06:00 1,7 2,9 0,2 0,3 3,6 12:00 NE
24 18,5 23,8 15:00 15,2 04:30 0,9 1,1 1,2 0,2 3,6 14:00 SSE
25 17,6 24,4 12:30 14,7 23:59 1,3 0,6 1,8 0,3 7,2 14:30 ENE
26 19,8 27,9 15:30 12,7 02:30 1,7 3,1 0,0 0,4 5,4 13:30 SSE
27 21,6 29,9 15:30 13,6 05:30 1,1 4,2 0,0 0,4 4,5 12:30 NNE
28 23,4 30,6 18:00 15,1 07:00 0,6 5,7 0,0 0,4 4,9 20:30 E
29 24,1 32,7 15:30 17,7 06:00 0,0 5,7 0,4 0,5 8,5 18:00 WNW
30 22,3 29,0 16:00 16,9 03:30 0,2 4,2 0,0 0,3 3,6 01:30 NE
31 23,1 31,5 16:00 16,3 05:30 0,3 5,1 0,0 0,4 5,8 17:00 SSW
----------------------------------------------------------------------------------
18,2 32,7 29 8,8 1 67,8 63,4 35,0 0,5 9,4 14 ENE
Max >= 27,0 10
Max <= 0,0 0
Min <= 0,0 0
Min <= -18,0 0
Max Rain: 22,2 on day 16
Days of Rain: 9 (>= 0,2 mm) 3 (>= 2,0 mm) 1 (>= 20,0 mm)
Heat Base: 18,3 Cool Base: 18,3 Method: Integration