V/Λ SELECT: Month and Year
OR > Month
Monthly Climatological Summary for Mrz 2018
Name: Das Wetter in Pocking City: Pocking State: Germany
Elevation: 324 m Lat: N 48° 24' 09" Lon: E 013° 18' 30"
Temperature (°C), Rain (mm), Wind Speed (m/s)
Heat Cool Avg
Mean Deg Deg Wind Dom
Day Temp High Time Low Time Days Days Rain Speed High Time Dir
----------------------------------------------------------------------------------
01 -6,9 -1,6 15:00 -10,7 07:30 25,3 0,0 0,0 1,1 7,6 11:30 SE
02 -4,3 0,5 15:00 -8,5 05:30 22,7 0,0 0,0 0,9 7,2 10:30 SE
03 -2,3 1,3 15:30 -4,7 05:30 20,6 0,0 1,4 0,5 5,8 14:00 E
04 -0,9 3,8 15:30 -4,7 05:30 19,2 0,0 1,0 0,5 5,4 10:00 E
05 0,5 5,5 16:00 -2,1 07:00 17,8 0,0 0,0 0,6 5,4 10:30 E
06 0,9 2,6 15:30 -0,7 00:30 17,4 0,0 0,6 0,2 3,6 12:00 WSW
07 4,7 10,3 14:00 0,7 03:00 13,3 0,0 2,2 0,4 4,9 12:00 WSW
08 5,8 11,7 15:30 0,3 23:30 12,5 0,0 0,0 0,8 6,7 11:30 NE
09 5,3 11,1 15:30 -0,4 02:30 13,1 0,0 0,0 0,2 2,2 04:30 NE
10 7,2 11,1 15:30 1,9 07:30 11,1 0,0 0,0 0,1 2,7 13:30 ESE
11 9,4 15,3 15:00 4,3 05:00 8,9 0,0 0,0 0,3 6,3 13:30 ESE
12 9,3 13,4 14:00 6,8 03:30 9,0 0,0 10,0 1,0 8,9 14:30 WSW
13 9,4 13,7 13:30 4,9 02:00 8,9 0,0 0,0 2,4 9,4 10:00 W
14 5,3 7,8 00:30 1,8 23:59 13,0 0,0 0,4 1,0 6,3 00:30 E
15 5,7 12,3 14:00 -0,8 05:00 12,7 0,0 0,0 0,9 8,9 15:00 SE
16 7,9 12,7 15:30 4,8 23:59 10,4 0,0 1,2 0,8 7,2 16:00 NNW
17 3,4 5,2 13:00 -0,5 23:59 14,9 0,0 0,0 0,9 6,7 13:00 SE
18 -2,0 -0,4 00:30 -4,2 07:30 20,3 0,0 0,2 1,2 7,2 02:00 ENE
19 -3,6 -2,1 00:30 -4,3 23:59 21,9 0,0 0,0 0,6 4,5 01:00 S
20 -1,6 2,2 14:30 -4,7 02:30 19,9 0,0 1,0 1,0 5,8 14:30 SW
21 0,3 4,6 12:30 -2,1 23:59 18,0 0,0 0,4 0,7 5,4 15:00 SSW
22 0,7 5,8 14:00 -4,5 06:00 17,7 0,0 0,0 0,8 6,7 18:30 SW
23 2,1 4,4 15:30 0,2 06:30 16,2 0,0 0,4 0,7 3,6 12:00 WNW
24 4,3 10,1 15:00 0,1 07:00 14,0 0,0 0,0 0,6 7,2 10:00 NNE
25 5,1 13,0 16:30 -1,6 05:00 12,7 0,0 0,0 0,4 4,0 09:30 SE
26 4,9 10,6 17:00 0,6 06:00 13,4 0,0 0,0 0,5 4,5 17:30 WSW
27 4,8 9,4 17:00 1,6 23:59 13,5 0,0 1,4 0,6 5,4 18:00 ESE
28 5,4 9,9 16:00 1,4 00:30 12,9 0,0 12,6 0,3 4,0 14:30 S
29 7,6 11,1 15:30 4,3 23:59 10,7 0,0 4,0 1,4 8,5 06:00 S
30 8,6 15,6 15:30 0,9 05:00 9,8 0,0 0,0 0,5 6,3 11:30 E
31 7,8 10,2 00:30 6,3 10:30 10,5 0,0 0,4 0,9 5,4 03:30 NW
----------------------------------------------------------------------------------
3,4 15,6 30 -10,7 1 462,3 0,0 37,2 0,7 9,4 13 SSE
Max >= 27,0 0
Max <= 0,0 3
Min <= 0,0 15
Min <= -18,0 0
Max Rain: 12,6 on day 28
Days of Rain: 15 (>= 0,2 mm) 4 (>= 2,0 mm) 0 (>= 20,0 mm)
Heat Base: 18,3 Cool Base: 18,3 Method: Integration