V/Λ SELECT: Month and Year
OR > Month
Monthly Climatological Summary for Feb 2018
Name: Das Wetter in Pocking City: Pocking State: Germany
Elevation: 324 m Lat: N 48° 24' 09" Lon: E 013° 18' 30"
Temperature (°C), Rain (mm), Wind Speed (m/s)
Heat Cool Avg
Mean Deg Deg Wind Dom
Day Temp High Time Low Time Days Days Rain Speed High Time Dir
----------------------------------------------------------------------------------
01 3,7 6,0 12:20 1,4 23:30 14,7 0,0 1,8 0,7 6,7 13:40 S
02 1,9 4,4 15:30 -0,3 22:00 16,4 0,0 0,0 0,4 4,0 14:00 SSW
03 1,5 3,5 14:00 0,4 23:00 16,8 0,0 0,2 0,4 5,4 15:30 WNW
04 0,2 3,0 13:00 -2,5 23:59 18,1 0,0 0,4 0,1 1,8 00:30 WNW
05 -0,8 4,3 13:30 -4,9 07:30 19,2 0,0 0,0 0,2 6,3 12:30 NE
06 -0,9 2,8 15:00 -4,6 08:00 19,2 0,0 0,0 0,4 6,3 12:30 S
07 -1,6 -0,3 11:30 -3,3 07:00 19,9 0,0 0,0 0,1 2,2 03:00 WNW
08 -0,3 0,7 13:30 -1,2 05:00 18,6 0,0 3,8 0,0 1,3 12:00 SW
09 0,2 1,3 14:30 -0,7 07:30 18,2 0,0 0,8 0,1 2,2 17:00 SE
10 0,6 2,0 13:30 -0,6 08:00 17,8 0,0 0,2 0,3 3,1 16:00 WNW
11 2,1 5,6 13:30 -0,1 07:30 16,3 0,0 1,0 0,4 3,6 13:00 SW
12 1,4 3,3 15:00 -0,6 22:00 16,9 0,0 0,6 0,9 6,3 10:00 W
13 -0,3 3,2 16:30 -2,7 23:59 18,7 0,0 0,0 0,5 4,9 01:00 NE
14 -2,1 1,8 15:30 -5,0 05:00 20,4 0,0 0,0 0,2 2,7 13:30 NNE
15 -1,9 1,7 14:00 -6,4 05:30 20,3 0,0 0,4 0,3 4,9 13:00 NE
16 1,7 3,5 13:00 0,1 00:30 16,7 0,0 6,8 0,1 2,2 07:30 ENE
17 0,6 2,6 11:30 -0,7 07:00 17,7 0,0 1,2 0,4 4,0 12:00 ESE
18 0,7 4,0 16:00 -1,4 08:00 17,7 0,0 6,0 0,3 4,9 14:30 NE
19 -0,6 2,8 14:30 -2,7 08:00 18,9 0,0 0,0 0,6 4,9 05:30 NNW
20 -0,7 1,3 13:00 -2,1 08:00 19,1 0,0 0,6 0,2 3,1 13:00 NNE
21 -0,5 3,1 15:30 -3,5 04:00 18,8 0,0 1,4 0,2 4,5 23:00 ENE
22 -1,2 0,4 12:00 -3,1 23:59 19,5 0,0 0,0 0,9 8,5 10:30 SE
23 -1,2 1,8 14:30 -3,3 00:30 19,5 0,0 0,0 0,7 6,3 17:30 SE
24 -2,2 2,4 14:30 -6,1 23:59 20,5 0,0 0,0 1,1 7,2 20:30 SE
25 -6,3 -2,6 16:00 -9,1 07:00 24,7 0,0 0,0 1,0 6,7 01:30 NE
26 -9,2 -6,9 15:00 -12,1 07:30 27,5 0,0 0,0 0,5 4,9 09:30 NE
27 -8,7 -5,6 15:30 -10,8 06:30 27,0 0,0 0,0 0,7 5,8 17:30 SE
28 -9,1 -4,7 15:30 -12,6 05:30 27,4 0,0 0,0 0,7 6,7 15:30 SE
----------------------------------------------------------------------------------
-1,2 6,0 1 -12,6 28 546,5 0,0 25,2 0,5 8,5 22 ESE
Max >= 27,0 0
Max <= 0,0 5
Min <= 0,0 25
Min <= -18,0 0
Max Rain: 6,8 on day 16
Days of Rain: 14 (>= 0,2 mm) 3 (>= 2,0 mm) 0 (>= 20,0 mm)
Heat Base: 18,3 Cool Base: 18,3 Method: Integration