V/Λ SELECT: Month and Year
OR > Month
Monthly Climatological Summary for Jan 2018
Name: Das Wetter in Pocking City: Pocking State: Germany
Elevation: 324 m Lat: N 48° 24' 09" Lon: E 013° 18' 30"
Temperature (°C), Rain (mm), Wind Speed (m/s)
Heat Cool Avg
Mean Deg Deg Wind Dom
Day Temp High Time Low Time Days Days Rain Speed High Time Dir
----------------------------------------------------------------------------------
01 3,3 7,7 13:30 0,3 21:00 15,0 0,0 0,0 0,0 0,0 00:30 N
02 4,2 6,2 04:30 1,7 23:59 14,2 0,0 0,8 0,0 1,3 07:00 WNW
03 3,6 6,6 23:00 0,8 02:30 14,7 0,0 8,2 0,0 1,3 13:30 WNW
04 5,7 7,1 13:00 4,7 09:30 12,6 0,0 22,0 0,0 3,1 00:30 W
05 7,7 14,9 23:00 -3,2 23:00 10,6 0,0 6,4 0,1 8,9 03:30 W
06 6,6 9,8 15:30 3,3 21:30 11,8 0,0 0,0 0,0 1,8 22:00 E
07 5,6 7,6 23:00 3,5 09:30 12,8 0,0 0,0 0,3 5,8 22:30 ESE
08 6,4 7,3 00:30 5,6 23:59 11,9 0,0 0,0 1,0 7,2 10:30 E
09 8,4 12,8 14:00 4,3 04:30 9,9 0,0 0,0 0,8 10,3 10:00 E
10 3,6 6,3 00:30 1,9 08:30 14,8 0,0 0,0 0,0 0,4 07:00 E
11 3,7 4,4 11:00 2,4 21:30 14,7 0,0 0,0 0,0 1,3 12:00 E
12 3,1 4,3 15:00 2,1 23:30 15,3 0,0 0,0 0,0 0,4 10:30 NW
13 2,4 3,4 13:00 1,3 23:30 15,9 0,0 0,0 0,4 5,8 13:30 ESE
14 1,4 2,2 11:30 0,4 23:59 16,9 0,0 0,8 0,0 2,7 15:00 ESE
15 -0,1 1,1 14:00 -1,1 21:30 18,4 0,0 0,0 0,4 4,9 15:00 ESE
16 2,3 7,7 14:30 -1,1 03:30 15,8 0,0 8,6 1,5 13,9 16:10 W
17 1,9 3,3 15:20 0,1 16:30 16,4 0,0 3,4 2,2 12,1 16:10 W
18 4,2 10,2 17:40 0,9 06:30 14,1 0,0 3,8 2,7 12,5 17:00 SW
19 3,2 5,3 11:50 1,3 23:59 15,2 0,0 3,6 1,5 9,4 12:40 SW
20 1,7 3,7 14:20 0,3 23:59 16,7 0,0 1,0 0,7 7,2 10:30 E
21 0,6 1,8 12:00 -1,0 23:10 17,7 0,0 7,0 1,0 8,0 14:10 WSW
22 -0,2 0,6 11:40 -1,2 02:10 18,5 0,0 5,6 0,1 3,1 05:50 W
23 2,9 5,3 15:20 0,4 00:10 15,4 0,0 2,0 0,4 4,0 10:50 S
24 4,2 8,3 14:30 1,9 23:59 14,1 0,0 0,0 0,1 2,7 13:50 ENE
25 1,8 6,1 15:30 -1,5 08:10 16,5 0,0 0,0 0,2 4,0 19:10 SE
26 1,9 3,7 15:20 1,1 23:50 16,4 0,0 0,0 0,4 4,5 07:40 SE
27 1,4 2,4 14:30 0,7 06:10 16,9 0,0 0,0 0,1 2,7 00:10 ENE
28 4,9 7,9 11:20 1,2 08:10 13,4 0,0 0,6 0,5 5,4 11:40 WSW
29 6,9 9,7 13:40 4,1 19:40 11,4 0,0 0,0 0,8 7,2 23:59 W
30 5,9 8,9 01:50 -0,1 23:50 12,4 0,0 0,4 1,4 8,9 01:50 WSW
31 4,8 10,6 14:30 -0,1 00:10 13,6 0,0 0,0 0,3 4,0 13:20 S
----------------------------------------------------------------------------------
3,7 14,9 5 -3,2 5 454,0 0,0 74,2 0,7 13,9 16 SW
Max >= 27,0 0
Max <= 0,0 0
Min <= 0,0 8
Min <= -18,0 0
Max Rain: 22,0 on day 4
Days of Rain: 15 (>= 0,2 mm) 10 (>= 2,0 mm) 1 (>= 20,0 mm)
Heat Base: 18,3 Cool Base: 18,3 Method: Integration