V/Λ SELECT: Month and Year
OR > Month
Monthly Climatological Summary for Dez 2017
Name: Das Wetter in Pocking City: Pocking State: Germany
Elevation: 324 m Lat: N 48° 24' 09" Lon: E 013° 18' 30"
Temperature (°C), Rain (mm), Wind Speed (m/s)
Heat Cool Avg
Mean Deg Deg Wind Dom
Day Temp High Time Low Time Days Days Rain Speed High Time Dir
----------------------------------------------------------------------------------
01 0,6 3,4 14:30 -4,2 08:00 17,8 0,0 0,0 0,0 0,0 00:30 W
02 -1,6 -0,1 23:30 -3,7 08:00 19,9 0,0 0,0 0,0 0,0 00:30 W
03 -0,3 0,4 13:30 -0,8 06:00 18,6 0,0 0,0 0,0 0,0 00:30 W
04 0,6 2,1 23:59 -0,8 01:30 17,8 0,0 8,2 0,0 0,9 15:00 W
05 3,1 4,2 15:30 1,9 01:30 15,3 0,0 3,4 0,0 0,4 13:30 W
06 3,1 3,8 13:00 2,2 23:59 15,2 0,0 0,0 0,0 0,0 00:30 W
07 0,7 2,3 00:30 -2,4 23:59 17,6 0,0 0,0 0,0 0,0 00:30 W
08 0,7 3,7 13:30 -2,6 02:00 17,6 0,0 3,6 0,0 0,4 14:30 W
09 -0,4 0,9 00:30 -1,8 19:00 18,7 0,0 0,0 0,0 0,4 11:00 W
10 -2,1 0,7 23:59 -5,4 08:30 20,4 0,0 2,4 0,0 0,4 12:30 W
11 1,8 3,8 16:00 0,6 07:30 16,5 0,0 1,0 0,0 0,0 00:30 W
12 2,7 4,2 02:00 1,0 23:59 15,6 0,0 6,0 0,0 1,8 10:30 WNW
13 0,4 3,2 15:00 -1,9 08:30 17,9 0,0 0,0 0,0 0,0 00:30 WNW
14 2,5 4,8 13:30 0,3 01:00 15,8 0,0 3,0 0,0 13,0 08:30 WNW
15 2,7 4,6 14:30 0,6 23:59 15,6 0,0 2,6 0,0 0,0 00:30 WNW
16 1,2 3,4 15:00 -0,6 03:00 17,2 0,0 0,4 0,0 0,0 00:30 WNW
17 1,2 2,2 13:00 0,0 23:30 17,2 0,0 0,6 0,0 0,0 00:30 WNW
18 -0,4 1,5 15:30 -31,3 08:00 18,7 0,0 0,0 0,0 0,0 00:30 WNW
19 -2,3 -0,1 23:30 -4,3 07:00 20,6 0,0 0,2 0,0 0,0 00:30 WNW
20 1,0 2,0 15:00 -0,2 00:30 17,3 0,0 0,8 0,0 0,0 00:30 WNW
21 2,1 3,8 23:00 0,8 01:00 16,2 0,0 7,0 0,0 0,0 00:30 WNW
22 5,0 5,9 15:30 3,7 00:30 13,3 0,0 0,4 0,0 0,0 00:30 WNW
23 6,3 7,7 13:30 4,8 04:30 12,1 0,0 0,0 0,0 0,0 00:30 WNW
24 4,7 6,6 02:00 1,6 21:00 13,6 0,0 0,0 0,0 0,0 00:30 WNW
25 2,1 3,2 02:30 0,1 22:30 16,3 0,0 0,0 0,0 0,0 00:30 WNW
26 -0,8 0,8 15:00 -2,1 22:00 19,2 0,0 0,0 0,0 0,0 00:30 WNW
27 -0,1 2,1 17:00 -2,1 01:30 18,4 0,0 0,0 0,0 0,0 00:30 WNW
28 1,3 2,7 12:00 0,1 00:30 17,0 0,0 5,0 0,0 0,0 00:30 WNW
29 0,0 7,3 08:00 -1,8 22:00 18,3 0,0 0,4 0,0 0,0 00:30 WNW
30 1,1 2,8 14:00 -1,6 00:30 17,3 0,0 9,4 0,0 0,0 00:30 WNW
31 8,4 13,1 12:30 1,9 23:59 9,9 0,0 3,4 0,0 0,4 06:00 WNW
----------------------------------------------------------------------------------
1,5 13,1 31 -31,3 18 522,9 0,0 57,8 0,0 13,0 14 WNW
Max >= 27,0 0
Max <= 0,0 2
Min <= 0,0 18
Min <= -18,0 1
Max Rain: 9,4 on day 30
Days of Rain: 18 (>= 0,2 mm) 11 (>= 2,0 mm) 0 (>= 20,0 mm)
Heat Base: 18,3 Cool Base: 18,3 Method: Integration