V/Λ SELECT: Month and Year
OR > Month
Monthly Climatological Summary for Jul 2017
Name: Das Wetter in Pocking City: Pocking State: Germany
Elevation: 324 m Lat: N 48° 24' 09" Lon: E 013° 18' 30"
Temperature (°C), Rain (mm), Wind Speed (m/s)
Heat Cool Avg
Mean Deg Deg Wind Dom
Day Temp High Time Low Time Days Days Rain Speed High Time Dir
----------------------------------------------------------------------------------
01 19,0 24,0 18:00 14,3 06:00 1,1 1,8 0,6 0,7 7,6 14:30 NNW
02 17,2 22,5 15:30 14,6 07:30 1,5 0,4 3,2 0,3 7,2 17:00 W
03 18,9 24,4 19:30 14,6 05:00 1,1 1,6 0,2 0,4 5,4 14:00 WNW
04 20,1 26,9 20:00 14,1 05:30 1,0 2,8 0,0 0,1 3,6 16:30 W
05 22,3 31,2 19:00 13,5 06:00 1,2 5,1 0,0 0,0 3,6 14:00 WNW
06 24,7 32,7 16:30 16,6 06:30 0,2 6,6 0,0 0,0 3,6 13:30 W
07 22,8 29,4 19:00 17,6 06:00 0,1 4,5 0,6 0,1 4,9 16:00 NNW
08 23,7 31,4 15:30 17,6 06:00 0,1 5,4 0,2 0,2 5,8 17:00 SSE
09 22,7 28,9 18:30 18,3 06:00 0,0 4,3 3,8 0,1 7,2 11:30 SSW
10 22,5 29,6 18:00 17,0 06:00 0,2 4,3 3,8 0,2 4,5 22:30 SE
11 21,7 27,0 18:00 17,4 06:00 0,1 3,5 8,0 0,8 6,7 10:00 S
12 20,8 26,9 18:00 17,3 05:30 0,1 2,6 7,8 0,3 6,7 19:30 WNW
13 18,2 23,6 19:00 14,3 23:59 1,3 1,2 0,0 0,9 6,3 00:30 WNW
14 16,1 21,9 15:30 11,3 05:30 2,8 0,6 1,4 0,1 4,0 19:00 WNW
15 16,1 20,0 17:00 13,0 23:59 2,3 0,1 0,4 0,9 7,2 10:00 WNW
16 17,6 25,3 19:30 9,8 06:30 2,8 2,0 0,0 0,2 4,5 12:00 W
17 20,7 27,9 19:30 13,0 06:00 1,2 3,6 0,0 0,2 4,0 14:00 WNW
18 23,1 31,8 19:00 14,1 06:30 0,9 5,7 0,0 0,0 4,5 12:00 E
19 24,9 33,6 19:30 17,4 06:30 0,1 6,6 5,0 0,1 3,6 16:00 ENE
20 22,9 30,8 16:00 17,7 23:30 0,1 4,7 8,4 0,5 9,8 18:30 SW
21 21,8 29,5 17:00 16,0 04:30 0,6 4,1 0,8 0,2 6,7 21:00 ENE
22 22,9 31,2 20:00 16,7 05:30 0,2 4,8 0,0 0,2 3,6 13:30 SSW
23 21,1 25,6 16:30 17,3 23:59 0,1 2,9 9,0 0,3 4,9 05:00 NW
24 17,1 19,0 15:00 13,9 23:59 1,3 0,1 14,4 0,2 7,2 19:00 W
25 15,4 19,8 15:30 12,3 05:30 3,0 0,1 0,6 0,8 8,9 16:30 ESE
26 14,1 15,6 18:00 12,7 06:30 4,3 0,0 17,6 0,8 6,7 12:00 WNW
27 16,5 20,5 11:30 13,3 02:30 2,0 0,2 2,6 0,5 5,8 12:00 SSW
28 18,9 23,1 15:30 15,6 05:30 0,9 1,6 1,6 0,6 6,3 14:00 SSW
29 20,7 28,2 19:00 13,8 06:30 1,2 3,6 0,0 0,1 3,1 15:00 SSE
30 23,0 32,4 19:30 15,6 06:00 0,4 5,1 0,0 0,1 7,2 20:30 WNW
31 24,7 32,8 19:00 18,7 05:00 0,0 6,3 0,0 0,1 3,6 02:00 WNW
----------------------------------------------------------------------------------
20,4 33,6 19 9,8 16 32,2 96,2 90,0 0,3 9,8 20 W
Max >= 27,0 16
Max <= 0,0 0
Min <= 0,0 0
Min <= -18,0 0
Max Rain: 17,6 on day 26
Days of Rain: 20 (>= 0,2 mm) 11 (>= 2,0 mm) 0 (>= 20,0 mm)
Heat Base: 18,3 Cool Base: 18,3 Method: Integration