V/Λ SELECT: Month and Year
OR > Month
Monthly Climatological Summary for Jun 2017
Name: Das Wetter in Pocking City: Pocking State: Germany
Elevation: 324 m Lat: N 48° 24' 09" Lon: E 013° 18' 30"
Temperature (°C), Rain (mm), Wind Speed (m/s)
Heat Cool Avg
Mean Deg Deg Wind Dom
Day Temp High Time Low Time Days Days Rain Speed High Time Dir
----------------------------------------------------------------------------------
01 21,7 27,2 16:30 16,3 06:00 0,3 3,7 0,0 0,2 3,1 11:30 NW
02 21,4 28,7 15:00 14,4 06:00 0,8 3,8 0,0 0,3 4,9 15:30 SSW
03 22,9 29,6 19:00 15,3 06:00 0,4 5,1 0,0 0,1 4,5 15:30 E
04 19,2 22,2 00:30 14,6 23:59 0,2 1,1 0,4 0,7 6,7 11:00 NW
05 18,7 25,7 18:00 11,7 06:00 1,9 2,3 3,6 0,2 5,8 15:30 S
06 16,4 20,3 15:00 11,7 23:59 2,2 0,3 11,6 0,2 6,3 15:30 SSE
07 14,2 18,5 16:30 10,1 04:30 4,1 0,0 0,0 1,0 10,7 17:30 NW
08 16,1 22,9 18:00 8,9 06:00 3,4 1,2 0,0 0,1 3,1 13:30 E
09 19,5 27,8 16:00 10,2 06:00 2,2 3,3 0,2 0,5 7,2 21:30 WNW
10 18,6 24,1 19:00 13,6 06:30 1,3 1,6 2,8 0,7 5,8 14:30 NNW
11 20,2 29,7 19:30 11,6 05:30 1,8 3,7 0,0 0,1 3,6 14:00 ENE
12 22,3 28,6 16:00 16,4 05:00 0,3 4,3 0,0 0,7 7,2 12:00 NW
13 20,8 26,7 16:30 15,1 05:30 0,5 3,0 0,0 0,7 5,8 14:00 NW
14 20,2 27,9 19:30 12,7 06:00 1,3 3,2 0,0 0,2 3,6 14:30 NNE
15 22,1 30,9 19:30 13,2 05:30 1,1 4,8 0,0 0,1 3,6 10:30 E
16 21,7 26,6 15:30 17,3 23:59 0,0 3,4 2,2 1,6 8,5 14:30 WNW
17 17,7 21,6 17:30 14,4 23:59 1,3 0,7 0,0 1,7 8,9 16:30 NW
18 19,0 26,8 19:30 12,5 06:30 1,7 2,4 0,0 0,1 4,0 14:00 ESE
19 21,6 31,4 19:30 12,1 06:00 1,5 4,7 0,0 0,2 5,8 10:30 E
20 23,8 32,7 15:30 14,2 05:30 0,9 6,4 0,0 0,4 5,4 16:00 W
21 25,5 32,2 18:00 18,0 06:00 0,0 7,2 0,0 0,3 3,6 12:30 SE
22 26,0 33,3 17:30 17,9 06:30 0,0 7,7 0,0 0,3 5,8 15:00 WNW
23 25,9 31,7 16:30 20,4 05:30 0,0 7,6 2,2 1,3 8,5 13:00 WNW
24 23,6 29,7 19:00 17,2 06:30 0,1 5,3 0,0 0,8 6,7 16:00 NNE
25 21,4 24,6 19:00 17,5 07:00 0,0 3,2 0,2 0,2 5,8 16:00 SSW
26 24,2 33,4 20:00 17,9 06:00 0,0 5,9 0,0 0,4 4,0 09:30 W
27 21,9 28,3 19:30 17,7 08:30 0,1 3,6 7,8 0,1 3,6 08:00 WNW
28 21,8 26,9 14:30 17,2 23:59 0,1 3,6 9,2 0,6 7,2 20:30 NE
29 18,8 24,1 17:00 15,3 22:30 0,9 1,4 6,6 0,8 10,3 13:30 SSE
30 18,8 24,7 16:30 13,8 04:30 1,6 1,9 2,4 0,3 5,4 13:00 S
----------------------------------------------------------------------------------
20,9 33,4 26 8,9 8 30,0 106,4 49,2 0,5 10,7 7 NW
Max >= 27,0 16
Max <= 0,0 0
Min <= 0,0 0
Min <= -18,0 0
Max Rain: 11,6 on day 6
Days of Rain: 12 (>= 0,2 mm) 9 (>= 2,0 mm) 0 (>= 20,0 mm)
Heat Base: 18,3 Cool Base: 18,3 Method: Integration