V/Λ SELECT: Month and Year
OR > Month
Monthly Climatological Summary for Mai 2017
Name: Das Wetter in Pocking City: Pocking State: Germany
Elevation: 324 m Lat: N 48° 24' 09" Lon: E 013° 18' 30"
Temperature (°C), Rain (mm), Wind Speed (m/s)
Heat Cool Avg
Mean Deg Deg Wind Dom
Day Temp High Time Low Time Days Days Rain Speed High Time Dir
----------------------------------------------------------------------------------
01 12,4 19,8 16:30 7,2 06:00 6,1 0,1 3,0 0,6 6,7 18:30 S
02 11,9 21,2 19:30 6,9 02:00 6,4 0,0 3,2 0,3 5,4 14:00 ENE
03 13,5 19,4 17:00 8,2 06:00 4,9 0,1 0,4 0,0 0,9 10:00 SSW
04 14,1 18,6 17:30 10,2 07:00 4,2 0,0 0,8 0,2 4,0 17:30 SSE
05 13,0 17,3 19:30 11,1 06:30 5,3 0,0 3,0 0,2 4,0 13:30 WNW
06 15,4 24,8 19:30 8,1 06:30 3,9 0,9 0,0 0,6 6,7 10:30 NE
07 14,9 18,9 17:00 12,9 07:30 3,4 0,0 1,4 1,2 8,0 04:30 WNW
08 13,3 18,3 14:00 9,9 23:59 5,0 0,0 12,2 0,6 6,3 22:00 WNW
09 10,4 13,0 17:30 8,8 08:30 7,9 0,0 0,6 1,0 5,4 13:30 NNW
10 12,2 21,9 19:30 6,2 06:00 6,2 0,1 0,0 0,1 3,1 11:00 NNE
11 15,2 22,9 16:30 7,5 06:30 4,1 0,9 0,0 0,0 4,9 14:00 SSE
12 18,1 23,4 17:00 14,1 06:00 1,6 1,4 0,0 0,0 3,1 14:00 ENE
13 17,4 21,4 14:00 14,4 06:00 1,5 0,6 6,8 0,1 4,5 15:30 W
14 17,0 23,0 17:00 12,4 05:00 2,1 0,8 0,2 0,4 4,5 18:00 NW
15 18,2 24,2 14:30 14,3 07:00 1,4 1,2 0,0 0,4 8,0 16:00 NW
16 18,2 26,8 19:30 12,3 07:00 1,9 1,8 0,0 0,0 0,0 00:30 NW
17 20,1 28,2 19:30 13,7 06:00 1,2 2,9 0,0 0,2 6,3 15:00 E
18 21,8 32,1 19:30 14,8 06:00 0,8 4,3 0,0 0,0 2,2 01:00 NW
19 21,6 30,1 17:00 13,8 23:00 0,7 3,9 0,4 0,6 13,0 19:30 WNW
20 15,4 19,7 17:30 11,3 06:30 3,0 0,1 0,0 0,9 4,9 00:30 W
21 17,3 24,0 20:00 13,8 06:30 1,7 0,7 0,0 0,1 2,2 01:00 E
22 18,4 27,2 20:00 11,7 05:30 1,9 2,1 0,0 0,0 3,6 11:30 S
23 19,8 26,2 17:00 13,6 06:30 1,2 2,7 0,0 0,6 6,3 14:30 SSE
24 17,7 20,6 15:30 11,8 23:30 0,9 0,3 4,2 1,6 7,6 14:30 WNW
25 15,0 20,4 19:00 11,0 04:30 3,5 0,2 0,0 0,5 4,9 14:30 NW
26 17,4 25,3 19:00 9,5 05:30 2,8 1,9 0,0 0,3 4,5 14:00 NNW
27 20,3 28,4 19:30 12,2 06:00 1,6 3,5 0,0 0,1 4,0 14:30 ENE
28 21,8 30,8 19:30 13,8 06:00 0,8 4,3 0,0 0,2 4,5 09:30 E
29 22,0 31,7 19:30 12,8 06:00 1,3 5,0 0,0 0,0 2,2 15:30 ESE
30 23,1 31,3 17:30 15,2 05:30 0,5 5,3 8,4 0,2 5,4 21:00 SSE
31 22,2 27,8 19:00 18,3 05:30 0,0 3,9 0,2 0,4 4,9 14:30 WNW
----------------------------------------------------------------------------------
17,1 32,1 18 6,2 10 87,8 49,0 44,8 0,4 13,0 19 WNW
Max >= 27,0 9
Max <= 0,0 0
Min <= 0,0 0
Min <= -18,0 0
Max Rain: 12,2 on day 8
Days of Rain: 14 (>= 0,2 mm) 7 (>= 2,0 mm) 0 (>= 20,0 mm)
Heat Base: 18,3 Cool Base: 18,3 Method: Integration