V/Λ SELECT: Month and Year
OR > Month
Monthly Climatological Summary for Okt 2016
Name: Das Wetter in Pocking City: Pocking State: Germany
Elevation: 324 m Lat: N 48° 24' 09" Lon: E 013° 18' 30"
Temperature (°C), Rain (mm), Wind Speed (m/s)
Heat Cool Avg
Mean Deg Deg Wind Dom
Day Temp High Time Low Time Days Days Rain Speed High Time Dir
----------------------------------------------------------------------------------
01 15,7 20,3 15:00 11,9 07:30 2,9 0,3 0,0 0,0 0,0 00:30 E
02 14,8 15,8 02:00 13,1 23:59 3,5 0,0 10,4 0,0 1,8 18:30 W
03 12,7 15,0 15:00 11,2 23:00 5,7 0,0 3,4 0,3 6,3 18:00 W
04 11,3 12,7 15:30 8,8 23:59 7,1 0,0 1,6 0,5 4,9 17:30 NNW
05 8,4 11,6 16:30 5,7 08:00 9,9 0,0 0,2 0,3 4,0 11:30 W
06 9,0 10,3 15:00 7,7 05:00 9,3 0,0 2,2 0,1 4,0 01:00 WSW
07 10,7 12,4 16:00 9,7 01:30 7,7 0,0 0,2 0,0 0,0 00:30 WSW
08 10,3 12,3 15:00 8,4 23:59 8,0 0,0 0,0 0,0 0,0 00:30 WSW
09 8,6 12,4 16:30 6,2 06:00 9,7 0,0 0,0 0,0 0,0 00:30 WSW
10 7,4 11,5 14:00 4,4 07:00 10,9 0,0 1,8 0,0 0,0 00:30 WSW
11 8,0 10,9 15:00 6,6 05:00 10,3 0,0 1,2 0,0 0,0 00:30 WSW
12 8,3 9,9 14:00 7,1 03:00 10,1 0,0 2,4 0,0 0,0 00:30 WSW
13 8,9 11,9 16:00 6,3 06:00 9,4 0,0 0,0 0,2 6,7 12:30 ENE
14 10,1 13,4 15:00 6,7 05:30 8,3 0,0 0,0 0,3 5,8 12:30 E
15 13,4 17,4 15:30 10,5 08:00 4,9 0,0 0,0 0,1 3,6 14:30 NNW
16 13,4 16,8 15:30 11,0 23:59 4,9 0,0 0,0 0,0 1,8 11:30 E
17 11,1 12,9 16:30 8,4 07:00 7,2 0,0 0,0 0,0 3,1 11:00 ENE
18 12,2 13,5 17:00 11,4 04:00 6,1 0,0 3,0 0,0 0,9 01:30 E
19 11,2 12,2 15:30 10,4 23:00 7,2 0,0 0,2 0,0 4,0 14:00 S
20 10,2 12,6 13:00 7,4 23:59 8,1 0,0 0,0 0,1 2,2 09:30 NNE
21 7,7 10,3 16:00 5,4 06:30 10,6 0,0 0,4 0,0 3,1 13:00 SSE
22 8,4 11,8 15:30 5,8 23:59 9,9 0,0 0,0 0,0 3,6 13:00 NW
23 6,6 9,6 15:30 3,8 08:30 11,8 0,0 0,0 0,1 4,5 12:00 E
24 9,3 12,6 16:00 7,0 01:30 9,1 0,0 0,0 0,1 4,0 11:00 E
25 11,4 14,8 15:30 9,0 05:30 6,9 0,0 5,0 0,0 2,7 01:30 WNW
26 11,2 13,2 15:00 9,3 21:00 7,1 0,0 0,0 0,0 2,2 15:00 E
27 10,4 11,9 16:00 9,3 23:59 7,9 0,0 0,0 0,1 3,6 14:30 NW
28 8,7 11,1 16:00 6,7 09:00 9,7 0,0 0,0 0,0 0,4 11:00 E
29 10,3 12,1 16:00 8,9 22:30 8,0 0,0 1,4 0,0 2,7 13:30 W
30 9,0 10,9 15:30 6,9 23:59 9,3 0,0 0,2 0,1 3,1 13:30 W
31 6,9 10,2 15:30 4,9 07:30 11,4 0,0 0,0 0,0 0,4 06:00 W
----------------------------------------------------------------------------------
10,2 20,3 1 3,8 23 252,9 0,3 33,6 0,1 6,7 13 NNW
Max >= 27,0 0
Max <= 0,0 0
Min <= 0,0 0
Min <= -18,0 0
Max Rain: 10,4 on day 2
Days of Rain: 15 (>= 0,2 mm) 6 (>= 2,0 mm) 0 (>= 20,0 mm)
Heat Base: 18,3 Cool Base: 18,3 Method: Integration