V/Λ SELECT: Month and Year
OR > Month
Monthly Climatological Summary for Sep 2016
Name: Das Wetter in Pocking City: Pocking State: Germany
Elevation: 324 m Lat: N 48° 24' 09" Lon: E 013° 18' 30"
Temperature (°C), Rain (mm), Wind Speed (m/s)
Heat Cool Avg
Mean Deg Deg Wind Dom
Day Temp High Time Low Time Days Days Rain Speed High Time Dir
----------------------------------------------------------------------------------
01 19,2 24,9 14:00 14,7 07:00 1,0 1,8 4,2 0,0 4,5 17:00 N
02 20,3 25,7 15:30 15,9 07:00 0,6 2,5 0,2 0,0 0,0 00:30 N
03 20,4 26,2 16:30 15,5 07:00 0,7 2,7 0,0 0,0 0,0 00:30 N
04 20,8 26,1 15:00 15,9 07:00 0,4 2,9 0,0 0,0 0,0 00:30 N
05 17,9 20,4 14:00 16,1 08:00 0,8 0,3 10,0 0,2 6,7 17:00 W
06 17,5 20,5 14:00 15,7 06:30 1,1 0,3 0,2 0,2 3,6 10:00 S
07 19,7 24,7 16:30 16,1 07:00 0,8 2,2 0,0 0,1 5,4 15:30 E
08 20,8 26,0 16:30 16,2 07:30 0,3 2,8 0,0 0,0 3,6 00:30 WNW
09 20,6 26,1 16:30 15,9 07:00 0,4 2,7 0,0 0,0 0,9 07:30 WNW
10 20,8 26,8 16:30 16,0 06:30 0,5 2,9 0,0 0,0 0,4 03:30 WNW
11 20,8 26,3 16:30 16,0 07:00 0,4 2,9 0,0 0,0 0,0 00:30 WNW
12 21,5 27,1 16:00 16,9 07:30 0,2 3,4 0,0 0,0 4,0 11:00 NE
13 21,4 27,3 16:00 16,7 07:30 0,3 3,3 0,0 0,0 0,4 17:30 NE
14 21,0 27,1 16:30 15,8 07:30 0,4 3,1 0,0 0,0 0,4 18:00 NE
15 20,9 26,7 16:30 16,3 05:00 0,4 3,0 0,0 0,0 5,8 10:00 ENE
16 20,2 23,5 15:30 17,2 07:30 0,2 2,1 0,0 0,0 2,7 13:30 E
17 16,0 19,8 00:30 14,3 23:00 2,4 0,1 84,6 0,1 5,4 23:00 SSW
18 15,4 16,4 14:30 14,4 00:30 2,9 0,0 4,0 0,0 2,7 14:00 S
19 15,1 15,9 14:30 14,1 23:59 3,2 0,0 8,4 0,0 4,5 15:00 WSW
20 14,4 16,7 15:00 13,2 09:30 3,9 0,0 1,0 0,0 2,7 00:30 SSW
21 13,7 17,9 16:30 10,7 06:00 4,7 0,0 0,0 0,1 4,0 15:30 E
22 12,8 17,8 16:00 9,3 06:00 5,6 0,0 0,0 0,0 0,4 10:30 E
23 13,3 18,4 16:00 9,6 06:00 5,1 0,0 0,0 0,0 0,9 10:30 E
24 13,4 19,0 16:00 9,4 08:00 4,9 0,1 0,0 0,0 3,6 15:00 E
25 13,4 18,8 16:00 8,8 07:30 5,0 0,1 0,0 0,0 3,1 13:30 E
26 13,9 18,9 16:00 10,4 05:00 4,4 0,0 0,0 0,0 0,0 00:30 E
27 14,7 19,3 16:00 10,9 07:00 3,8 0,1 0,0 0,0 0,0 00:30 E
28 14,7 19,6 15:30 11,4 06:00 3,7 0,1 0,0 0,0 0,0 00:30 E
29 15,8 20,9 16:00 12,0 08:00 2,9 0,4 0,0 0,0 0,4 06:00 E
30 15,9 21,5 16:30 11,4 07:30 2,9 0,6 0,0 0,0 0,0 00:30 E
----------------------------------------------------------------------------------
17,5 27,3 13 8,8 25 63,9 40,4 112,6 0,0 6,7 5 S
Max >= 27,0 3
Max <= 0,0 0
Min <= 0,0 0
Min <= -18,0 0
Max Rain: 84,6 on day 17
Days of Rain: 8 (>= 0,2 mm) 5 (>= 2,0 mm) 1 (>= 20,0 mm)
Heat Base: 18,3 Cool Base: 18,3 Method: Integration