V/Λ SELECT: Month and Year
OR > Month
Monthly Climatological Summary for Jul 2016
Name: Das Wetter in Pocking City: Pocking State: Germany
Elevation: 324 m Lat: N 48° 24' 09" Lon: E 013° 18' 30"
Temperature (°C), Rain (mm), Wind Speed (m/s)
Heat Cool Avg
Mean Deg Deg Wind Dom
Day Temp High Time Low Time Days Days Rain Speed High Time Dir
----------------------------------------------------------------------------------
01 23,6 29,1 17:00 18,8 06:00 0,0 5,3 0,2 0,0 0,4 02:00 S
02 21,9 26,7 15:00 17,5 23:59 0,0 3,6 11,2 0,3 5,4 15:00 NNW
03 19,0 23,2 14:00 16,4 06:00 0,5 1,1 1,2 0,2 4,5 18:30 NNW
04 20,7 26,3 16:00 16,7 06:00 0,3 2,7 0,0 0,3 4,0 17:00 N
05 22,2 29,0 16:30 15,2 06:00 0,6 4,4 0,0 0,2 4,9 22:00 NNW
06 20,8 24,8 15:30 17,7 23:59 0,0 2,4 0,0 0,6 6,7 17:30 NW
07 19,8 25,5 16:30 13,9 06:30 1,1 2,6 0,0 0,1 4,0 15:00 N
08 21,8 28,9 16:00 14,1 06:30 0,9 4,3 0,0 0,0 3,6 10:30 NW
09 23,6 28,8 16:00 19,6 06:30 0,0 5,2 0,8 0,3 4,5 13:30 NNW
10 24,5 31,9 17:00 17,7 06:00 0,1 6,2 0,0 0,0 4,9 17:30 E
11 26,2 34,1 16:30 20,3 06:00 0,0 7,8 27,8 0,1 11,2 20:30 ENE
12 21,8 23,8 14:30 19,5 23:59 0,0 3,5 11,4 0,1 4,0 18:00 SW
13 18,8 21,8 13:30 15,1 23:59 0,4 0,9 10,0 0,0 3,6 19:30 WNW
14 14,7 15,7 13:30 13,7 23:00 3,7 0,0 13,4 0,2 5,4 17:30 SSW
15 15,6 19,3 16:30 12,6 06:00 2,7 0,1 0,2 0,4 5,8 17:00 W
16 17,4 22,3 16:30 14,0 05:30 1,7 0,8 0,2 0,2 4,9 15:30 W
17 18,1 21,8 17:00 15,1 07:00 1,1 0,9 3,8 0,1 4,5 16:00 S
18 21,6 27,4 16:30 16,8 06:00 0,3 3,6 0,0 0,3 4,0 16:30 NNW
19 22,7 29,3 16:30 16,4 06:30 0,3 4,6 0,0 0,0 0,4 07:30 N
20 23,8 30,6 16:30 17,4 06:00 0,1 5,5 0,0 0,0 0,4 07:30 N
21 22,0 27,1 16:30 18,0 06:00 0,0 3,7 8,0 0,0 4,5 13:00 WNW
22 22,8 28,0 17:00 18,7 06:30 0,0 4,5 0,0 0,0 0,0 00:30 WNW
23 24,4 30,3 15:30 20,4 06:00 0,0 6,1 5,6 0,0 7,6 21:30 N
24 23,9 28,7 14:30 20,5 06:30 0,0 5,6 0,0 0,1 3,6 15:00 N
25 22,1 26,8 12:00 19,9 05:30 0,0 3,8 8,0 0,0 4,5 13:00 ESE
26 22,8 28,0 15:00 19,7 06:00 0,0 4,5 0,0 0,1 3,6 15:30 E
27 22,3 28,4 16:30 19,6 04:00 0,0 3,9 11,6 0,1 6,3 17:30 S
28 21,6 26,8 16:30 18,7 06:30 0,0 3,3 0,2 0,0 0,9 18:00 N
29 21,9 27,1 17:00 17,9 06:00 0,0 3,6 0,0 0,0 1,3 16:30 WSW
30 23,7 29,8 17:00 18,1 06:00 0,0 5,4 0,0 0,0 0,0 00:30 WSW
31 22,1 26,2 11:30 19,7 23:30 0,0 3,8 0,2 0,0 0,9 11:30 SW
----------------------------------------------------------------------------------
21,6 34,1 11 12,6 15 13,8 113,7 113,8 0,1 11,2 11 NNW
Max >= 27,0 17
Max <= 0,0 0
Min <= 0,0 0
Min <= -18,0 0
Max Rain: 27,8 on day 11
Days of Rain: 17 (>= 0,2 mm) 10 (>= 2,0 mm) 1 (>= 20,0 mm)
Heat Base: 18,3 Cool Base: 18,3 Method: Integration