V/Λ SELECT: Month and Year
OR > Month
Monthly Climatological Summary for Jun 2016
Name: Das Wetter in Pocking City: Pocking State: Germany
Elevation: 324 m Lat: N 48° 24' 09" Lon: E 013° 18' 30"
Temperature (°C), Rain (mm), Wind Speed (m/s)
Heat Cool Avg
Mean Deg Deg Wind Dom
Day Temp High Time Low Time Days Days Rain Speed High Time Dir
----------------------------------------------------------------------------------
01 14,9 16,8 17:30 13,6 08:30 3,4 0,0 57,8 0,1 3,6 07:00 SSE
02 16,3 20,5 15:00 14,2 05:30 2,1 0,1 5,8 0,1 3,1 13:30 SE
03 17,1 21,4 16:30 14,1 04:00 1,7 0,5 0,2 0,1 2,7 17:00 N
04 19,0 25,8 16:30 14,7 05:00 1,2 1,9 1,2 0,0 1,3 21:30 W
05 18,4 22,2 17:00 16,1 06:00 0,7 0,8 1,0 0,0 2,7 10:00 ESE
06 20,2 27,3 15:00 14,6 06:00 0,9 2,8 0,6 0,1 6,7 18:30 NNE
07 20,9 27,1 16:00 15,3 05:30 0,7 3,3 0,0 0,0 4,0 09:30 E
08 20,1 26,6 16:00 15,7 06:00 0,5 2,2 1,8 0,1 4,0 17:30 ENE
09 17,7 20,7 15:00 16,3 04:30 1,0 0,3 4,8 0,0 1,8 15:30 SSW
10 19,2 24,6 17:00 14,7 06:30 1,0 1,8 0,0 0,2 4,5 16:30 NW
11 17,4 20,3 12:00 13,6 06:30 1,4 0,4 14,0 0,0 3,1 15:30 NNE
12 17,3 19,7 11:00 15,5 06:00 1,2 0,1 9,4 0,0 4,0 11:30 S
13 18,1 21,8 15:30 15,4 04:30 1,1 0,8 0,6 0,1 4,9 17:00 WNW
14 18,4 23,0 17:00 15,6 05:00 1,0 1,1 5,6 0,1 7,2 20:30 SSW
15 17,8 22,7 16:30 14,9 07:00 1,3 0,8 6,8 0,1 4,5 17:30 S
16 20,7 28,4 17:00 15,6 06:00 0,8 3,1 1,0 0,3 5,4 18:30 W
17 17,8 22,8 17:00 14,6 07:30 1,3 0,8 7,2 0,4 6,3 19:00 S
18 18,7 25,8 16:30 13,4 06:00 1,4 1,8 1,2 0,1 4,9 18:00 S
19 17,7 21,8 17:00 15,6 05:30 1,2 0,6 3,2 0,1 3,1 19:00 W
20 18,2 22,8 15:30 15,8 05:30 1,0 0,8 0,8 0,1 3,1 18:00 SE
21 19,1 23,6 16:00 15,2 05:30 0,9 1,6 0,0 0,1 3,1 15:00 NNE
22 22,7 29,0 16:30 17,9 05:30 0,1 4,4 0,0 0,0 3,1 16:30 E
23 24,9 32,1 16:30 17,8 06:00 0,0 6,6 0,0 0,0 0,0 00:30 E
24 26,4 33,4 17:00 19,8 06:00 0,0 8,1 0,0 0,0 0,0 00:30 E
25 25,2 32,4 16:00 20,6 23:59 0,0 6,9 19,8 0,1 9,8 20:00 SSW
26 20,2 24,1 16:00 17,8 23:59 0,0 1,8 2,4 0,3 3,6 16:00 NNW
27 18,8 23,3 17:00 15,7 06:00 0,7 1,2 8,8 0,1 2,7 05:00 S
28 21,6 27,3 16:30 16,9 05:30 0,2 3,4 0,0 0,0 0,9 05:30 S
29 22,2 28,2 16:00 16,6 05:30 0,3 4,1 0,0 0,0 0,9 21:00 S
30 22,2 25,1 17:00 19,2 06:00 0,0 3,8 0,6 0,1 4,0 11:30 S
----------------------------------------------------------------------------------
19,6 33,4 24 13,4 18 27,1 65,9 154,6 0,1 9,8 25 SW
Max >= 27,0 9
Max <= 0,0 0
Min <= 0,0 0
Min <= -18,0 0
Max Rain: 57,8 on day 1
Days of Rain: 22 (>= 0,2 mm) 12 (>= 2,0 mm) 1 (>= 20,0 mm)
Heat Base: 18,3 Cool Base: 18,3 Method: Integration