V/Λ SELECT: Month and Year
OR > Month
Monthly Climatological Summary for Feb 2016
Name: Das Wetter in Pocking City: Pocking State: Germany
Elevation: 324 m Lat: N 48° 24' 09" Lon: E 013° 18' 30"
Temperature (°C), Rain (mm), Wind Speed (m/s)
Heat Cool Avg
Mean Deg Deg Wind Dom
Day Temp High Time Low Time Days Days Rain Speed High Time Dir
----------------------------------------------------------------------------------
01 9,3 12,9 15:30 4,1 01:00 9,0 0,0 13,4 0,8 8,5 16:30 WSW
02 8,2 11,2 15:00 5,6 06:00 10,1 0,0 0,0 0,1 4,0 13:30 S
03 6,2 8,1 04:00 3,0 23:59 12,2 0,0 3,0 0,4 8,5 22:30 W
04 3,8 5,2 14:30 2,9 01:00 14,6 0,0 2,4 0,8 8,9 11:00 NW
05 4,2 5,8 16:00 2,6 08:00 14,1 0,0 0,2 0,3 4,0 00:30 S
06 4,1 7,7 15:30 1,6 06:00 14,3 0,0 0,0 0,2 4,5 12:30 E
07 4,9 7,8 15:30 1,9 07:30 13,4 0,0 0,0 0,5 6,7 12:30 WSW
08 7,7 10,9 15:30 5,1 08:00 10,6 0,0 1,2 0,4 10,3 21:30 NNW
09 8,3 11,0 15:00 6,2 08:00 10,0 0,0 2,8 0,4 13,4 23:59 W
10 4,8 7,0 01:30 3,3 06:00 13,6 0,0 5,6 1,0 8,5 01:00 SW
11 4,2 7,0 15:00 1,6 23:30 14,2 0,0 0,4 0,7 7,6 02:00 WSW
12 2,2 4,3 15:00 0,8 02:00 16,2 0,0 0,0 0,1 3,6 16:00 E
13 3,6 5,9 15:30 1,6 00:30 14,7 0,0 0,4 0,2 4,5 17:00 E
14 5,4 8,1 14:30 2,8 08:00 12,9 0,0 1,2 0,2 4,5 12:00 W
15 6,4 8,3 15:30 4,8 06:00 11,9 0,0 0,8 0,0 2,7 00:30 NNE
16 5,5 6,5 15:30 4,1 23:00 12,8 0,0 5,2 0,4 6,3 23:30 ESE
17 4,4 6,5 13:30 2,0 23:59 13,9 0,0 0,0 0,9 6,7 04:30 WSW
18 3,4 6,4 15:30 0,6 08:30 14,9 0,0 0,0 0,1 2,7 15:00 E
19 5,1 7,0 13:00 3,8 23:00 13,2 0,0 0,0 0,4 6,7 13:30 WSW
20 4,7 7,8 13:30 1,7 07:30 13,7 0,0 8,4 0,4 6,3 14:00 SW
21 10,6 13,5 15:00 6,4 00:30 7,8 0,0 5,0 1,7 10,3 07:00 W
22 10,2 16,1 15:00 4,7 07:30 8,1 0,0 0,0 0,5 7,6 13:00 SW
23 8,9 11,3 10:00 4,2 23:30 9,4 0,0 2,4 0,9 7,6 19:30 W
24 4,1 6,4 13:00 2,2 23:30 14,2 0,0 1,6 0,2 5,4 13:30 WSW
25 3,7 5,8 14:30 2,3 08:30 14,7 0,0 0,4 0,3 3,6 14:00 W
26 3,6 5,9 14:30 1,6 07:30 14,8 0,0 0,0 0,2 3,6 14:30 E
27 3,2 7,6 16:30 -0,2 07:00 15,2 0,0 0,0 0,4 5,8 13:30 ESE
28 5,0 9,4 16:30 1,1 04:30 13,3 0,0 0,0 0,3 4,9 16:30 NNE
29 5,2 7,3 12:30 3,5 02:00 13,2 0,0 14,0 0,1 3,1 12:30 WSW
----------------------------------------------------------------------------------
5,5 16,1 22 -0,2 27 371,0 0,0 68,4 0,4 13,4 9 WSW
Max >= 27,0 0
Max <= 0,0 0
Min <= 0,0 1
Min <= -18,0 0
Max Rain: 14,0 on day 29
Days of Rain: 18 (>= 0,2 mm) 10 (>= 2,0 mm) 0 (>= 20,0 mm)
Heat Base: 18,3 Cool Base: 18,3 Method: Integration